{"id":39620,"date":"2026-04-19T02:25:45","date_gmt":"2026-04-19T02:25:45","guid":{"rendered":"https:\/\/singuli.wpress.me\/index.php\/proizvod\/wahl-color-pro-combo-sisac\/"},"modified":"2026-04-20T12:33:29","modified_gmt":"2026-04-20T12:33:29","slug":"wahl-color-pro-combo-sisac","status":"publish","type":"product","link":"https:\/\/singuli.wpress.me\/index.php\/proizvod\/wahl-color-pro-combo-sisac\/","title":{"rendered":"WAHL Color Pro Combo, \u0161i\u0161a\u010d"},"content":{"rendered":"<p>&#8211; Wahl precizna o\u0161trica: precizna samoo\u0161trena o\u0161trica za profesionalno podrezivanje<br \/>\n&#8211;  Wahl standardni motor: izdr\u017eljiv, dugotrajan elektromagnetski motor koji pru\u017ea vrhunsku snagu za glatko podrezivanje<br \/>\n&#8211; 8 zamjenskih \u010de\u0161ljeva u boji osiguravaju 8 duljina rezanja od 3 mm do 25 mm<br \/>\n&#8211; Uklju\u010duje be\u017ei\u010dni trimer<\/p>\n","protected":false},"excerpt":{"rendered":"<p>precizno ispolirane o\u0161trice od nehrdajuceg celika s visokim udjelom ugljika.<br \/>\nSamoo\u0161tre\u0107e o\u0161trice za precizno i \u200b\u200b\u010disto \u0161i\u0161anje.<br \/>\nUklju\u010duje be\u017ei\u010dni trimer<\/p>\n","protected":false},"featured_media":39621,"template":"","meta":{"_seopress_robots_primary_cat":"","_seopress_titles_title":"","_seopress_titles_desc":"","_seopress_robots_index":"","iawp_total_views":0},"product_brand":[159],"product_cat":[192,279],"product_tag":[],"class_list":{"0":"post-39620","1":"product","2":"type-product","3":"status-publish","4":"has-post-thumbnail","6":"product_brand-wahl","7":"product_cat-aparati-za-osobnu-njegu","8":"product_cat-brijanje-i-sisanje-192","10":"first","11":"outofstock","12":"shipping-taxable","13":"purchasable","14":"product-type-simple"},"_links":{"self":[{"href":"https:\/\/singuli.wpress.me\/index.php\/wp-json\/wp\/v2\/product\/39620","targetHints":{"allow":["GET"]}}],"collection":[{"href":"https:\/\/singuli.wpress.me\/index.php\/wp-json\/wp\/v2\/product"}],"about":[{"href":"https:\/\/singuli.wpress.me\/index.php\/wp-json\/wp\/v2\/types\/product"}],"version-history":[{"count":0,"href":"https:\/\/singuli.wpress.me\/index.php\/wp-json\/wp\/v2\/product\/39620\/revisions"}],"wp:featuredmedia":[{"embeddable":true,"href":"https:\/\/singuli.wpress.me\/index.php\/wp-json\/wp\/v2\/media\/39621"}],"wp:attachment":[{"href":"https:\/\/singuli.wpress.me\/index.php\/wp-json\/wp\/v2\/media?parent=39620"}],"wp:term":[{"taxonomy":"product_brand","embeddable":true,"href":"https:\/\/singuli.wpress.me\/index.php\/wp-json\/wp\/v2\/product_brand?post=39620"},{"taxonomy":"product_cat","embeddable":true,"href":"https:\/\/singuli.wpress.me\/index.php\/wp-json\/wp\/v2\/product_cat?post=39620"},{"taxonomy":"product_tag","embeddable":true,"href":"https:\/\/singuli.wpress.me\/index.php\/wp-json\/wp\/v2\/product_tag?post=39620"}],"curies":[{"name":"wp","href":"https:\/\/api.w.org\/{rel}","templated":true}]}}