{"id":39634,"date":"2026-04-19T02:25:51","date_gmt":"2026-04-19T02:25:51","guid":{"rendered":"https:\/\/singuli.wpress.me\/index.php\/proizvod\/always-ultra-secure-night-extra-higijenski-ulosci-10-kom\/"},"modified":"2026-04-21T00:27:00","modified_gmt":"2026-04-21T00:27:00","slug":"always-ultra-secure-night-extra-higijenski-ulosci-10-kom","status":"publish","type":"product","link":"https:\/\/singuli.wpress.me\/index.php\/proizvod\/always-ultra-secure-night-extra-higijenski-ulosci-10-kom\/","title":{"rendered":"ALWAYS Ultra Secure Night Extra, higijenski ulo\u0161ci, 10\u00a0kom"},"content":{"rendered":"<p>Ne pristajte na manje od neprekinutog sna uz ulo\u017eak ALWAYS Ultra Secure Night Extra (veli\u010dina 5) s krilcima. Ovaj proizvod ima tri za\u0161titne zna\u010dajke kako se no\u0107u ne biste morali buditi i provjeravati je li ulo\u017eak propustio ili ga mijenjati. 9% du\u017ei prednji dio i 85% du\u017ei stra\u017enji dio u kombinaciji s tehnologijom LeakGuard jam\u010de cjelovitu, pouzdanu cjelono\u0107nu za\u0161titu od propu\u0161tanja za vrijeme mjese\u010dnice. Sustav InstantDry upija teku\u0107inu u nekoliko sekundi i dr\u017ei vla\u017enost podalje od ko\u017ee. Tehnologija OdourLock neutralizira neugodne mirise kako biste se osje\u0107ali svje\u017ee i \u010disto. Mirno spavajte, uz trostruku za\u0161titu ulo\u017eaka ALWAYS Ultra. Dermatolo\u0161ki odobrilo udru\u017eenje Skin Health Alliance.Prona\u0111ite svoju idealnu veli\u010dinu pomo\u0107u sustava Always My Fit koji poma\u017ee u odabiru prikladne veli\u010dine ulo\u0161ka za najbolju Alwaysovu za\u0161titu na temelju obilnosti mjese\u010dnice i veli\u010dine ga\u0107ica.<\/p>\n","protected":false},"excerpt":{"rendered":"<p>Tehnologija za neutralizaciju mirisa<br \/>\nS krilcima koja omogu\u0107uju osje\u0107aj sigurnosti od pomicanja ulo\u0161ka<br \/>\nZa kori\u0161tenje no\u0107u tijekom jakih mjese\u010dnica<\/p>\n","protected":false},"featured_media":39635,"template":"","meta":{"_seopress_robots_primary_cat":"","_seopress_titles_title":"","_seopress_titles_desc":"","_seopress_robots_index":"","iawp_total_views":0},"product_brand":[449],"product_cat":[211,288],"product_tag":[],"class_list":{"0":"post-39634","1":"product","2":"type-product","3":"status-publish","4":"has-post-thumbnail","6":"product_brand-always","7":"product_cat-njega-majke-i-djeteta","8":"product_cat-zenska-higijena-211","10":"first","11":"instock","12":"shipping-taxable","13":"purchasable","14":"product-type-simple"},"_links":{"self":[{"href":"https:\/\/singuli.wpress.me\/index.php\/wp-json\/wp\/v2\/product\/39634","targetHints":{"allow":["GET"]}}],"collection":[{"href":"https:\/\/singuli.wpress.me\/index.php\/wp-json\/wp\/v2\/product"}],"about":[{"href":"https:\/\/singuli.wpress.me\/index.php\/wp-json\/wp\/v2\/types\/product"}],"version-history":[{"count":0,"href":"https:\/\/singuli.wpress.me\/index.php\/wp-json\/wp\/v2\/product\/39634\/revisions"}],"wp:featuredmedia":[{"embeddable":true,"href":"https:\/\/singuli.wpress.me\/index.php\/wp-json\/wp\/v2\/media\/39635"}],"wp:attachment":[{"href":"https:\/\/singuli.wpress.me\/index.php\/wp-json\/wp\/v2\/media?parent=39634"}],"wp:term":[{"taxonomy":"product_brand","embeddable":true,"href":"https:\/\/singuli.wpress.me\/index.php\/wp-json\/wp\/v2\/product_brand?post=39634"},{"taxonomy":"product_cat","embeddable":true,"href":"https:\/\/singuli.wpress.me\/index.php\/wp-json\/wp\/v2\/product_cat?post=39634"},{"taxonomy":"product_tag","embeddable":true,"href":"https:\/\/singuli.wpress.me\/index.php\/wp-json\/wp\/v2\/product_tag?post=39634"}],"curies":[{"name":"wp","href":"https:\/\/api.w.org\/{rel}","templated":true}]}}