{"id":39749,"date":"2026-04-19T02:26:47","date_gmt":"2026-04-19T02:26:47","guid":{"rendered":"https:\/\/singuli.wpress.me\/index.php\/proizvod\/bison-poly-max-original-ljepilo-465-g\/"},"modified":"2026-04-20T12:33:29","modified_gmt":"2026-04-20T12:33:29","slug":"bison-poly-max-original-ljepilo-465-g","status":"publish","type":"product","link":"https:\/\/singuli.wpress.me\/index.php\/proizvod\/bison-poly-max-original-ljepilo-465-g\/","title":{"rendered":"BISON Poly Max Original, ljepilo, 465\u00a0g"},"content":{"rendered":"<p>Univerzalno monta\u017eno ljepilo i brtvilo na bazi jedinstvenog SMP tehnologija. Za lijepljenje, pri\u010dvr\u0161\u0107ivanje i brtvljenje gotovo svih (gra\u0111evinski) materijali na gotovo svim povr\u0161inama (i glatke, porozne i neporozne povr\u0161ine).<\/p>\n<p>Mo\u017ee se koristiti u zatvorenom i otvorenom prostoru.<\/p>\n<p>Lijepljenje: npr. staklo, kamen, prirodni kamen, beton, gips, mnogo sinteti\u010dkih materijala, drvo, iverica, Trespa\u00ae, \u017eeljezo, aluminij, cink, \u010delik, nehr\u0111aju\u0107i \u010delik i drugi metali, keramika plo\u010dice, pluto i ogledala. U\u010dvr\u0161\u0107ivanje: npr. lajsne, letvice, prozorske klupice, pragovi, rubovi krovova, gra\u0111evinske plo\u010de, izolacijski materijali, gipsane plo\u010de, polistirenski ukrasi i ukrasni okviri. <br \/>\nBrtvljenje: npr. lajsne (sintetika), okviri prozora, stepenice, prozorske klupice, pragovi i suhozidi.<\/p>\n<p>Prikladan i za brtvljenje pukotina u zidovima i stropovima.<\/p>\n<p>Nije prikladno za PE, PP, PTFE i bitumen. <\/p>\n","protected":false},"excerpt":{"rendered":"<p>Univerzalno monta\u017eno ljepilo<br \/>\nNa bazi SMP tehnologije<br \/>\nEkstra jako<\/p>\n","protected":false},"featured_media":39750,"template":"","meta":{"_seopress_robots_primary_cat":"","_seopress_titles_title":"","_seopress_titles_desc":"","_seopress_robots_index":"","iawp_total_views":0},"product_brand":[494],"product_cat":[264,238],"product_tag":[],"class_list":{"0":"post-39749","1":"product","2":"type-product","3":"status-publish","4":"has-post-thumbnail","6":"product_brand-bison","7":"product_cat-ljepila-i-brtvila-238","8":"product_cat-sve-za-dom","10":"first","11":"outofstock","12":"shipping-taxable","13":"purchasable","14":"product-type-simple"},"_links":{"self":[{"href":"https:\/\/singuli.wpress.me\/index.php\/wp-json\/wp\/v2\/product\/39749","targetHints":{"allow":["GET"]}}],"collection":[{"href":"https:\/\/singuli.wpress.me\/index.php\/wp-json\/wp\/v2\/product"}],"about":[{"href":"https:\/\/singuli.wpress.me\/index.php\/wp-json\/wp\/v2\/types\/product"}],"version-history":[{"count":0,"href":"https:\/\/singuli.wpress.me\/index.php\/wp-json\/wp\/v2\/product\/39749\/revisions"}],"wp:featuredmedia":[{"embeddable":true,"href":"https:\/\/singuli.wpress.me\/index.php\/wp-json\/wp\/v2\/media\/39750"}],"wp:attachment":[{"href":"https:\/\/singuli.wpress.me\/index.php\/wp-json\/wp\/v2\/media?parent=39749"}],"wp:term":[{"taxonomy":"product_brand","embeddable":true,"href":"https:\/\/singuli.wpress.me\/index.php\/wp-json\/wp\/v2\/product_brand?post=39749"},{"taxonomy":"product_cat","embeddable":true,"href":"https:\/\/singuli.wpress.me\/index.php\/wp-json\/wp\/v2\/product_cat?post=39749"},{"taxonomy":"product_tag","embeddable":true,"href":"https:\/\/singuli.wpress.me\/index.php\/wp-json\/wp\/v2\/product_tag?post=39749"}],"curies":[{"name":"wp","href":"https:\/\/api.w.org\/{rel}","templated":true}]}}