{"id":39813,"date":"2026-04-19T02:27:16","date_gmt":"2026-04-19T02:27:16","guid":{"rendered":"https:\/\/singuli.wpress.me\/index.php\/proizvod\/mr-proper-sredstvo-za-ciscenje-kupaonice-800-ml\/"},"modified":"2026-04-20T12:33:29","modified_gmt":"2026-04-20T12:33:29","slug":"mr-proper-sredstvo-za-ciscenje-kupaonice-800-ml","status":"publish","type":"product","link":"https:\/\/singuli.wpress.me\/index.php\/proizvod\/mr-proper-sredstvo-za-ciscenje-kupaonice-800-ml\/","title":{"rendered":"MR. PROPER, sredstvo za \u010di\u0161\u0107enje, kupaonice, 800\u00a0ml"},"content":{"rendered":"<p>Sredstvo za \u010di\u0161\u0107enje kupaonice, Mr. Proper Wipe Done sprej promijenit \u0107e na\u010din na koji \u010distite povr\u0161ine. <\/p>\n<p>Samo ga poprskajte posvuda, obri\u0161ite i gotovi ste. Tako je jednostavno. <\/p>\n<p>Trenuta\u010dno uklanja mrlje od vode i ostatke sapuna sa svih kupaonskih povr\u0161ina bez ribanja ili mrlja. <\/p>\n<p>Iza sebe ne ostavlja ni\u0161ta osim blistave \u010disto\u0107e i blistavog sjaja zahvaljuju\u0107i biljnoj komponenti (83% svih surfaktanata koji se podvrgavaju obradi). <\/p>\n<p>Dostupan s nevjerojatnim Alpine Fresh mirisom.<\/p>\n","protected":false},"excerpt":{"rendered":"<p>Sredstvo za \u010di\u0161\u0107enje kupaonice, Mr. Proper Wipe Done sprej promijenit \u0107e na\u010din na koji \u010distite povr\u0161ine. Samo ga poprskajte posvuda,<\/p>\n","protected":false},"featured_media":39814,"template":"","meta":{"_seopress_robots_primary_cat":"","_seopress_titles_title":"","_seopress_titles_desc":"","_seopress_robots_index":"","iawp_total_views":0},"product_brand":[521],"product_cat":[284,238],"product_tag":[],"class_list":{"0":"post-39813","1":"product","2":"type-product","3":"status-publish","4":"has-post-thumbnail","6":"product_brand-mr-proper","7":"product_cat-sredstva-za-ciscenje-238","8":"product_cat-sve-za-dom","10":"first","11":"outofstock","12":"shipping-taxable","13":"purchasable","14":"product-type-simple"},"_links":{"self":[{"href":"https:\/\/singuli.wpress.me\/index.php\/wp-json\/wp\/v2\/product\/39813","targetHints":{"allow":["GET"]}}],"collection":[{"href":"https:\/\/singuli.wpress.me\/index.php\/wp-json\/wp\/v2\/product"}],"about":[{"href":"https:\/\/singuli.wpress.me\/index.php\/wp-json\/wp\/v2\/types\/product"}],"version-history":[{"count":0,"href":"https:\/\/singuli.wpress.me\/index.php\/wp-json\/wp\/v2\/product\/39813\/revisions"}],"wp:featuredmedia":[{"embeddable":true,"href":"https:\/\/singuli.wpress.me\/index.php\/wp-json\/wp\/v2\/media\/39814"}],"wp:attachment":[{"href":"https:\/\/singuli.wpress.me\/index.php\/wp-json\/wp\/v2\/media?parent=39813"}],"wp:term":[{"taxonomy":"product_brand","embeddable":true,"href":"https:\/\/singuli.wpress.me\/index.php\/wp-json\/wp\/v2\/product_brand?post=39813"},{"taxonomy":"product_cat","embeddable":true,"href":"https:\/\/singuli.wpress.me\/index.php\/wp-json\/wp\/v2\/product_cat?post=39813"},{"taxonomy":"product_tag","embeddable":true,"href":"https:\/\/singuli.wpress.me\/index.php\/wp-json\/wp\/v2\/product_tag?post=39813"}],"curies":[{"name":"wp","href":"https:\/\/api.w.org\/{rel}","templated":true}]}}