{"id":39827,"date":"2026-04-19T02:27:22","date_gmt":"2026-04-19T02:27:22","guid":{"rendered":"https:\/\/singuli.wpress.me\/index.php\/proizvod\/bison-neutral-transparentno-silikonsko-brtvilo-280-ml\/"},"modified":"2026-04-21T00:27:01","modified_gmt":"2026-04-21T00:27:01","slug":"bison-neutral-transparentno-silikonsko-brtvilo-280-ml","status":"publish","type":"product","link":"https:\/\/singuli.wpress.me\/index.php\/proizvod\/bison-neutral-transparentno-silikonsko-brtvilo-280-ml\/","title":{"rendered":"BISON Neutral transparentno, silikonsko brtvilo, 280\u00a0ml"},"content":{"rendered":"<p>Neutralno silikonsko brtvilo za brtvljenje svih konstrukcija. <\/p>\n<p>Naro\u010dito prikladno za brtvljenje akrilnih kada i plasti\u010dnih tu\u0161 kabina. Izvrsno prianja na sve konstrukcijske materijale bez temeljnog premaza. <\/p>\n<p>Otporno na (morsku) vodu, UV zracenje i vremenske prilike kao i na plijesan.<\/p>\n<p>Ne sadr\u017ei kiseline. Trajno elasti\u010dno i postojane boje. <\/p>\n","protected":false},"excerpt":{"rendered":"<p>Prikladno za sve konstrukcije<br \/>\nNe sadr\u017ei kiseline<br \/>\nOtporno na plijesan<\/p>\n","protected":false},"featured_media":39828,"template":"","meta":{"_seopress_robots_primary_cat":"","_seopress_titles_title":"","_seopress_titles_desc":"","_seopress_robots_index":"","iawp_total_views":0},"product_brand":[494],"product_cat":[264,238],"product_tag":[],"class_list":{"0":"post-39827","1":"product","2":"type-product","3":"status-publish","4":"has-post-thumbnail","6":"product_brand-bison","7":"product_cat-ljepila-i-brtvila-238","8":"product_cat-sve-za-dom","10":"first","11":"instock","12":"shipping-taxable","13":"purchasable","14":"product-type-simple"},"_links":{"self":[{"href":"https:\/\/singuli.wpress.me\/index.php\/wp-json\/wp\/v2\/product\/39827","targetHints":{"allow":["GET"]}}],"collection":[{"href":"https:\/\/singuli.wpress.me\/index.php\/wp-json\/wp\/v2\/product"}],"about":[{"href":"https:\/\/singuli.wpress.me\/index.php\/wp-json\/wp\/v2\/types\/product"}],"version-history":[{"count":0,"href":"https:\/\/singuli.wpress.me\/index.php\/wp-json\/wp\/v2\/product\/39827\/revisions"}],"wp:featuredmedia":[{"embeddable":true,"href":"https:\/\/singuli.wpress.me\/index.php\/wp-json\/wp\/v2\/media\/39828"}],"wp:attachment":[{"href":"https:\/\/singuli.wpress.me\/index.php\/wp-json\/wp\/v2\/media?parent=39827"}],"wp:term":[{"taxonomy":"product_brand","embeddable":true,"href":"https:\/\/singuli.wpress.me\/index.php\/wp-json\/wp\/v2\/product_brand?post=39827"},{"taxonomy":"product_cat","embeddable":true,"href":"https:\/\/singuli.wpress.me\/index.php\/wp-json\/wp\/v2\/product_cat?post=39827"},{"taxonomy":"product_tag","embeddable":true,"href":"https:\/\/singuli.wpress.me\/index.php\/wp-json\/wp\/v2\/product_tag?post=39827"}],"curies":[{"name":"wp","href":"https:\/\/api.w.org\/{rel}","templated":true}]}}