{"id":39831,"date":"2026-04-19T02:27:23","date_gmt":"2026-04-19T02:27:23","guid":{"rendered":"https:\/\/singuli.wpress.me\/index.php\/proizvod\/bissell-wood-floor-sredstvo-za-ciscenje-1-l\/"},"modified":"2026-04-20T12:33:29","modified_gmt":"2026-04-20T12:33:29","slug":"bissell-wood-floor-sredstvo-za-ciscenje-1-l","status":"publish","type":"product","link":"https:\/\/singuli.wpress.me\/index.php\/proizvod\/bissell-wood-floor-sredstvo-za-ciscenje-1-l\/","title":{"rendered":"BISSELL Wood Floor, sredstvo za \u010di\u0161\u0107enje, 1\u00a0l"},"content":{"rendered":"<p>Vra\u0107a prirodni sjaj i sjaj va\u0161im drvenim podovima sa svje\u017eim mirisom citrusa.<\/p>\n<p>Nje\u017ean i siguran za zabrtvljene drvene podove i druge tvrde povr\u0161ine. Formula za podove od tvrdog drveta koristi se u Bissell CrossWave sredstvima za \u010di\u0161\u0107enje podova i svim ostalim sredstvima za \u010di\u0161\u0107enje tvrdih podova. Izvrstan za \u010di\u0161\u0107enje svih zabrtvljenih tvrdih podova i vra\u0107a drvenim podovima njihov &quot;prirodni sjaj&quot;. Nje\u017ena formula s osvje\u017eavaju\u0107im mirisom limuna. Sve Bissell formule proizvedene su u SAD-u.<\/p>\n","protected":false},"excerpt":{"rendered":"<p>Va\u0161im drvenim podovima vra\u0107a prirodni sjaj i sjaj<br \/>\nSa svje\u017eim citrusnim mirisom<br \/>\nKoristi se u Bissell CrossWave \u010dista\u010dima podova i svim ostalim ure\u0111ajima za \u010di\u0161\u0107enje tvrdih podova<\/p>\n","protected":false},"featured_media":39832,"template":"","meta":{"_seopress_robots_primary_cat":"","_seopress_titles_title":"","_seopress_titles_desc":"","_seopress_robots_index":"","iawp_total_views":0},"product_brand":[819],"product_cat":[160,271],"product_tag":[],"class_list":{"0":"post-39831","1":"product","2":"type-product","3":"status-publish","4":"has-post-thumbnail","6":"product_brand-bissell","7":"product_cat-mali-kucanski-aparati","8":"product_cat-usisavaci-i-ciscenje-160","10":"first","11":"outofstock","12":"shipping-taxable","13":"purchasable","14":"product-type-simple"},"_links":{"self":[{"href":"https:\/\/singuli.wpress.me\/index.php\/wp-json\/wp\/v2\/product\/39831","targetHints":{"allow":["GET"]}}],"collection":[{"href":"https:\/\/singuli.wpress.me\/index.php\/wp-json\/wp\/v2\/product"}],"about":[{"href":"https:\/\/singuli.wpress.me\/index.php\/wp-json\/wp\/v2\/types\/product"}],"version-history":[{"count":0,"href":"https:\/\/singuli.wpress.me\/index.php\/wp-json\/wp\/v2\/product\/39831\/revisions"}],"wp:featuredmedia":[{"embeddable":true,"href":"https:\/\/singuli.wpress.me\/index.php\/wp-json\/wp\/v2\/media\/39832"}],"wp:attachment":[{"href":"https:\/\/singuli.wpress.me\/index.php\/wp-json\/wp\/v2\/media?parent=39831"}],"wp:term":[{"taxonomy":"product_brand","embeddable":true,"href":"https:\/\/singuli.wpress.me\/index.php\/wp-json\/wp\/v2\/product_brand?post=39831"},{"taxonomy":"product_cat","embeddable":true,"href":"https:\/\/singuli.wpress.me\/index.php\/wp-json\/wp\/v2\/product_cat?post=39831"},{"taxonomy":"product_tag","embeddable":true,"href":"https:\/\/singuli.wpress.me\/index.php\/wp-json\/wp\/v2\/product_tag?post=39831"}],"curies":[{"name":"wp","href":"https:\/\/api.w.org\/{rel}","templated":true}]}}