{"id":39877,"date":"2026-04-19T02:27:38","date_gmt":"2026-04-19T02:27:38","guid":{"rendered":"https:\/\/singuli.wpress.me\/index.php\/proizvod\/pantene-pro-v-lively-color-regenerator-za-kosu-obojana-200-ml\/"},"modified":"2026-04-20T12:33:29","modified_gmt":"2026-04-20T12:33:29","slug":"pantene-pro-v-lively-color-regenerator-za-kosu-obojana-200-ml","status":"publish","type":"product","link":"https:\/\/singuli.wpress.me\/index.php\/proizvod\/pantene-pro-v-lively-color-regenerator-za-kosu-obojana-200-ml\/","title":{"rendered":"PANTENE Pro-V Lively Color, regenerator za kosu, obojana, 200\u00a0ml"},"content":{"rendered":"<p>Va\u0161a dnevna doza hranjivih tvari za kosu. Nahranite kosu jedinstvenom mje\u0161avinom Pantene Pro-V s osna\u017euju\u0107im lipidima i za\u0161titnim antioksidansima.<\/p>\n<p>Regenerator za kosu Pantene Pro-V Lively Colour oboga\u0107en s dvostruko vi\u0161e hranjivih tvari* duboko prodire u kosu kako bi je obnovio iznutra. Za\u0161titite svoju obojenu kosu ili pramenove od o\u0161te\u0107enja zbog oblikovanja i podarite joj zdrav sjaj.<\/p>\n<p>* u odnosu na na\u0161e \u0161ampone s regeneratorom<\/p>\n","protected":false},"excerpt":{"rendered":"<p>\u010cuva boju i sjaj obojene kose<br \/>\nNutrijenti Pro-V za kosu otporniju na o\u0161te\u0107enja uzrokovana oblikovanjem<br \/>\nZa prekrasan sjaj obojene kose<\/p>\n","protected":false},"featured_media":39878,"template":"","meta":{"_seopress_robots_primary_cat":"","_seopress_titles_title":"","_seopress_titles_desc":"","_seopress_robots_index":"","iawp_total_views":0},"product_brand":[411],"product_cat":[268,300],"product_tag":[],"class_list":{"0":"post-39877","1":"product","2":"type-product","3":"status-publish","4":"has-post-thumbnail","6":"product_brand-pantene","7":"product_cat-kozmetika-2","8":"product_cat-njega-kose-268","10":"first","11":"outofstock","12":"shipping-taxable","13":"purchasable","14":"product-type-simple"},"_links":{"self":[{"href":"https:\/\/singuli.wpress.me\/index.php\/wp-json\/wp\/v2\/product\/39877","targetHints":{"allow":["GET"]}}],"collection":[{"href":"https:\/\/singuli.wpress.me\/index.php\/wp-json\/wp\/v2\/product"}],"about":[{"href":"https:\/\/singuli.wpress.me\/index.php\/wp-json\/wp\/v2\/types\/product"}],"version-history":[{"count":0,"href":"https:\/\/singuli.wpress.me\/index.php\/wp-json\/wp\/v2\/product\/39877\/revisions"}],"wp:featuredmedia":[{"embeddable":true,"href":"https:\/\/singuli.wpress.me\/index.php\/wp-json\/wp\/v2\/media\/39878"}],"wp:attachment":[{"href":"https:\/\/singuli.wpress.me\/index.php\/wp-json\/wp\/v2\/media?parent=39877"}],"wp:term":[{"taxonomy":"product_brand","embeddable":true,"href":"https:\/\/singuli.wpress.me\/index.php\/wp-json\/wp\/v2\/product_brand?post=39877"},{"taxonomy":"product_cat","embeddable":true,"href":"https:\/\/singuli.wpress.me\/index.php\/wp-json\/wp\/v2\/product_cat?post=39877"},{"taxonomy":"product_tag","embeddable":true,"href":"https:\/\/singuli.wpress.me\/index.php\/wp-json\/wp\/v2\/product_tag?post=39877"}],"curies":[{"name":"wp","href":"https:\/\/api.w.org\/{rel}","templated":true}]}}