{"id":39914,"date":"2026-04-19T02:27:50","date_gmt":"2026-04-19T02:27:50","guid":{"rendered":"https:\/\/singuli.wpress.me\/index.php\/proizvod\/ariel-color-kapsule-za-pranje-rublja-36-pranja\/"},"modified":"2026-04-21T00:27:01","modified_gmt":"2026-04-21T00:27:01","slug":"ariel-color-kapsule-za-pranje-rublja-36-pranja","status":"publish","type":"product","link":"https:\/\/singuli.wpress.me\/index.php\/proizvod\/ariel-color-kapsule-za-pranje-rublja-36-pranja\/","title":{"rendered":"ARIEL Color+, kapsule za pranje rublja, 36 pranja"},"content":{"rendered":"<p>Kapsule za pranje rublja Ariel All-in-1 PODS Color+ pru\u017eaju iznimnu snagu uklanjanja mrlja ve\u0107 od 1. pranja, \u010dak i na ni\u017eim temperaturama. <\/p>\n<p>Pru\u017eaju vrhunsku \u010disto\u0107u s jednom kapsulom deterd\u017eenta: <br \/>\n1. uklanjanje mrlja <br \/>\n2. za\u0161tita boja <br \/>\n3. osvje\u017eavaju\u0107i miris <br \/>\n4. njega tkanina <br \/>\n5. U\u010dinkovite ve\u0107 pri 20 \u00b0C. <\/p>\n<p>Arielove kapsule imaju vi\u0161e odjeljaka u kojima sastojci ostaju odvojeni sve dok ne zapo\u010dne pranje. U dodiru s vodom omot se rastapa i osloba\u0111a sna\u017ene tehnologije za uklanjanje mrlja, za dubinsko i sna\u017eno \u010di\u0161\u0107enje kapsulama All-in-1 PODS Color+. <\/p>\n<p>Kapsule deterd\u017eenta Ariel All-in-1 PODS dolaze u pakiranju koje se mo\u017ee 100% reciklirati.<\/p>\n","protected":false},"excerpt":{"rendered":"<p>Jedinstvena tehnologija Cool Clean za pranje na ni\u017eim temperaturama<br \/>\nU dodiru s vodom, omot se rastapa<br \/>\nPakiranje se mo\u017ee reciklirati<\/p>\n","protected":false},"featured_media":39915,"template":"","meta":{"_seopress_robots_primary_cat":"","_seopress_titles_title":"","_seopress_titles_desc":"","_seopress_robots_index":"","iawp_total_views":0},"product_brand":[427],"product_cat":[283,238],"product_tag":[],"class_list":{"0":"post-39914","1":"product","2":"type-product","3":"status-publish","4":"has-post-thumbnail","6":"product_brand-ariel","7":"product_cat-pranje-rublja-238","8":"product_cat-sve-za-dom","10":"first","11":"outofstock","12":"shipping-taxable","13":"purchasable","14":"product-type-simple"},"_links":{"self":[{"href":"https:\/\/singuli.wpress.me\/index.php\/wp-json\/wp\/v2\/product\/39914","targetHints":{"allow":["GET"]}}],"collection":[{"href":"https:\/\/singuli.wpress.me\/index.php\/wp-json\/wp\/v2\/product"}],"about":[{"href":"https:\/\/singuli.wpress.me\/index.php\/wp-json\/wp\/v2\/types\/product"}],"version-history":[{"count":0,"href":"https:\/\/singuli.wpress.me\/index.php\/wp-json\/wp\/v2\/product\/39914\/revisions"}],"wp:featuredmedia":[{"embeddable":true,"href":"https:\/\/singuli.wpress.me\/index.php\/wp-json\/wp\/v2\/media\/39915"}],"wp:attachment":[{"href":"https:\/\/singuli.wpress.me\/index.php\/wp-json\/wp\/v2\/media?parent=39914"}],"wp:term":[{"taxonomy":"product_brand","embeddable":true,"href":"https:\/\/singuli.wpress.me\/index.php\/wp-json\/wp\/v2\/product_brand?post=39914"},{"taxonomy":"product_cat","embeddable":true,"href":"https:\/\/singuli.wpress.me\/index.php\/wp-json\/wp\/v2\/product_cat?post=39914"},{"taxonomy":"product_tag","embeddable":true,"href":"https:\/\/singuli.wpress.me\/index.php\/wp-json\/wp\/v2\/product_tag?post=39914"}],"curies":[{"name":"wp","href":"https:\/\/api.w.org\/{rel}","templated":true}]}}