{"id":39925,"date":"2026-04-19T02:27:59","date_gmt":"2026-04-19T02:27:59","guid":{"rendered":"https:\/\/singuli.wpress.me\/index.php\/proizvod\/domo-do9255wk-kuhalo-za-vodu\/"},"modified":"2026-04-20T12:33:30","modified_gmt":"2026-04-20T12:33:30","slug":"domo-do9255wk-kuhalo-za-vodu","status":"publish","type":"product","link":"https:\/\/singuli.wpress.me\/index.php\/proizvod\/domo-do9255wk-kuhalo-za-vodu\/","title":{"rendered":"DOMO DO9255WK, kuhalo za vodu"},"content":{"rendered":"<p>Domo DO9255WK je visokokvalitetni be\u017ei\u010dno kuhalo kapaciteta 1,7 litara. Elegantnog je bijelog dizajna koji se uklapa u svaki kuhinjski stil. Kuhalo ima snagu 2200 W \u0161to vam omogu\u0107uje brzo zagrijavanje vode za svoju jutarnju kavu ili \u010daj.<br \/>\nDomo DO9255WK ima LED indikator koji pokazuje radni status kuhala i temperaturu vode. Kada voda postigne \u017eeljenu temperaturu, kuhalo se automatski isklju\u010duje, \u010dime se \u0161tedi energija i sprje\u010dava pregrijavanje vode.<br \/>\nZbog be\u017ei\u010dnog rada, kuhalo je prakti\u010dno za kori\u0161tenje jer ga mo\u017eete lako nositi po kuhinji ili staviti na stol za goste. Kuhalo tako\u0111er ima ugra\u0111enu za\u0161titu od pregrijavanja i rada na suho \u0161to osigurava dug \u017eivot i sigurnost.<br \/>\nDomo DO9255WK izvrstan je izbor za sve koji tra\u017ee visokokvalitetno i funkcionalno kuhalo za svoju kuhinju ili ured.<\/p>\n","protected":false},"excerpt":{"rendered":"<p>Elegantna i prakti\u010dna be\u017ei\u010dna grijalica zapremnine 1,7 l i snage 2200 W<br \/>\nS rotacijom od 360 stupnjeva i uklonjivim filtrom<br \/>\nSigurnosne zna\u010dajke uklju\u010duju automatsko isklju\u010divanje, za\u0161titu od pregrijavanja i skriveni grija\u0107i element<\/p>\n","protected":false},"featured_media":39926,"template":"","meta":{"_seopress_robots_primary_cat":"","_seopress_titles_title":"","_seopress_titles_desc":"","_seopress_robots_index":"","iawp_total_views":0},"product_brand":[255],"product_cat":[192,267],"product_tag":[],"class_list":{"0":"post-39925","1":"product","2":"type-product","3":"status-publish","4":"has-post-thumbnail","6":"product_brand-domo","7":"product_cat-aparati-za-osobnu-njegu","8":"product_cat-zdravstveni-uredaji-192","10":"first","11":"instock","12":"shipping-taxable","13":"purchasable","14":"product-type-simple"},"_links":{"self":[{"href":"https:\/\/singuli.wpress.me\/index.php\/wp-json\/wp\/v2\/product\/39925","targetHints":{"allow":["GET"]}}],"collection":[{"href":"https:\/\/singuli.wpress.me\/index.php\/wp-json\/wp\/v2\/product"}],"about":[{"href":"https:\/\/singuli.wpress.me\/index.php\/wp-json\/wp\/v2\/types\/product"}],"version-history":[{"count":0,"href":"https:\/\/singuli.wpress.me\/index.php\/wp-json\/wp\/v2\/product\/39925\/revisions"}],"wp:featuredmedia":[{"embeddable":true,"href":"https:\/\/singuli.wpress.me\/index.php\/wp-json\/wp\/v2\/media\/39926"}],"wp:attachment":[{"href":"https:\/\/singuli.wpress.me\/index.php\/wp-json\/wp\/v2\/media?parent=39925"}],"wp:term":[{"taxonomy":"product_brand","embeddable":true,"href":"https:\/\/singuli.wpress.me\/index.php\/wp-json\/wp\/v2\/product_brand?post=39925"},{"taxonomy":"product_cat","embeddable":true,"href":"https:\/\/singuli.wpress.me\/index.php\/wp-json\/wp\/v2\/product_cat?post=39925"},{"taxonomy":"product_tag","embeddable":true,"href":"https:\/\/singuli.wpress.me\/index.php\/wp-json\/wp\/v2\/product_tag?post=39925"}],"curies":[{"name":"wp","href":"https:\/\/api.w.org\/{rel}","templated":true}]}}