{"id":39958,"date":"2026-04-19T02:28:08","date_gmt":"2026-04-19T02:28:08","guid":{"rendered":"https:\/\/singuli.wpress.me\/index.php\/proizvod\/laica-svc107-sous-vide-kuhalo-za-pripremu-hrane\/"},"modified":"2026-04-20T12:33:30","modified_gmt":"2026-04-20T12:33:30","slug":"laica-svc107-sous-vide-kuhalo-za-pripremu-hrane","status":"publish","type":"product","link":"https:\/\/singuli.wpress.me\/index.php\/proizvod\/laica-svc107-sous-vide-kuhalo-za-pripremu-hrane\/","title":{"rendered":"LAICA SVC107 Sous Vide, kuhalo za pripremu hrane"},"content":{"rendered":"<p>Potopni termalni cirkulator Laica SVC200 je kuhalo za pripremu hrane Sous Vide metodom. Sous Vide kuhanje omogu\u0107uje kuhanje bez dodavanja masno\u0107e. Vi\u0161e nije potrebno provjeravati hranu tijekom kuhanja. Termostat u Sous Vide ure\u0111ajima za kuhanje osigurava stalnu kontrolu zadane temperature. Omogu\u0107uje mogu\u0107nost optimizacije vremena kuhanja, \u010dime je lak\u0161e predvidjeti pripremu jela. Hrana kuhana u vakuumu mo\u017ee se \u010duvati u hladnjaku ili zamrziva\u010d Vakuum omogu\u0107uje dugotrajno o\u010duvanje okusa hrane: pripravci se mogu \u010duvati do 15 dana u hladnjaku.<\/p>\n","protected":false},"excerpt":{"rendered":"<p>Kuhalo za pripremu hrane Sous Vide metodom<br \/>\nVi\u0161e mirisa, nje\u017enija i ukusnija hrana<br \/>\nOmogu\u0107uje optimizaciju vremena kuhanja, lak\u0161e predvi\u0111anje pripreme hrane<\/p>\n","protected":false},"featured_media":39959,"template":"","meta":{"_seopress_robots_primary_cat":"","_seopress_titles_title":"","_seopress_titles_desc":"","_seopress_robots_index":"","iawp_total_views":0},"product_brand":[148],"product_cat":[266,265,160],"product_tag":[],"class_list":{"0":"post-39958","1":"product","2":"type-product","3":"status-publish","4":"has-post-thumbnail","6":"product_brand-laica","7":"product_cat-aparati-za-kuhanje-265","8":"product_cat-kuhinjski-aparati-160","9":"product_cat-mali-kucanski-aparati","11":"first","12":"instock","13":"shipping-taxable","14":"purchasable","15":"product-type-simple"},"_links":{"self":[{"href":"https:\/\/singuli.wpress.me\/index.php\/wp-json\/wp\/v2\/product\/39958","targetHints":{"allow":["GET"]}}],"collection":[{"href":"https:\/\/singuli.wpress.me\/index.php\/wp-json\/wp\/v2\/product"}],"about":[{"href":"https:\/\/singuli.wpress.me\/index.php\/wp-json\/wp\/v2\/types\/product"}],"version-history":[{"count":0,"href":"https:\/\/singuli.wpress.me\/index.php\/wp-json\/wp\/v2\/product\/39958\/revisions"}],"wp:featuredmedia":[{"embeddable":true,"href":"https:\/\/singuli.wpress.me\/index.php\/wp-json\/wp\/v2\/media\/39959"}],"wp:attachment":[{"href":"https:\/\/singuli.wpress.me\/index.php\/wp-json\/wp\/v2\/media?parent=39958"}],"wp:term":[{"taxonomy":"product_brand","embeddable":true,"href":"https:\/\/singuli.wpress.me\/index.php\/wp-json\/wp\/v2\/product_brand?post=39958"},{"taxonomy":"product_cat","embeddable":true,"href":"https:\/\/singuli.wpress.me\/index.php\/wp-json\/wp\/v2\/product_cat?post=39958"},{"taxonomy":"product_tag","embeddable":true,"href":"https:\/\/singuli.wpress.me\/index.php\/wp-json\/wp\/v2\/product_tag?post=39958"}],"curies":[{"name":"wp","href":"https:\/\/api.w.org\/{rel}","templated":true}]}}