{"id":40014,"date":"2026-04-19T02:28:32","date_gmt":"2026-04-19T02:28:32","guid":{"rendered":"https:\/\/singuli.wpress.me\/index.php\/proizvod\/old-spice-night-panther-gel-za-tusiranje-i-sampon-400-ml\/"},"modified":"2026-04-20T12:33:30","modified_gmt":"2026-04-20T12:33:30","slug":"old-spice-night-panther-gel-za-tusiranje-i-sampon-400-ml","status":"publish","type":"product","link":"https:\/\/singuli.wpress.me\/index.php\/proizvod\/old-spice-night-panther-gel-za-tusiranje-i-sampon-400-ml\/","title":{"rendered":"OLD SPICE Night Panther, gel za tu\u0161iranje i \u0161ampon, 400\u00a0ml"},"content":{"rendered":"<p>Old Spice Night Panther ima sna\u017ean miris koji \u0107e sigurno zaokupiti pa\u017enju razuzdane gomile i prelijepih dama. Ovaj dezodorans Old Spice nagla\u0161ava tvoju mu\u017eevnu mo\u0107. <\/p>\n<p>Ovo je dezodorans za mu\u0161karce koji znaju kako dobro mirisati i puni su samopouzdanja u novim situacijama. <\/p>\n<p>Old Spice donosi \u0161iroku ponudu mirisa za mu\u0161karce koji \u017eive dinami\u010dnim i nekonvencionalnim \u017eivotom. <\/p>\n<p>Doznaj kako se jednom zauvijek rije\u0161iti neugodnih tjelesnih mirisa. Odaberi izuzetno mu\u017eevan miris koji ti daje energiju i osvje\u017eava.<\/p>\n","protected":false},"excerpt":{"rendered":"<p>2u1: gel za tu\u0161iranje i \u0161ampon<br \/>\nMo\u0107an mu\u017eevan miris<br \/>\nHidratantna formula<\/p>\n","protected":false},"featured_media":40015,"template":"","meta":{"_seopress_robots_primary_cat":"","_seopress_titles_title":"","_seopress_titles_desc":"","_seopress_robots_index":"","iawp_total_views":0},"product_brand":[448],"product_cat":[268,278],"product_tag":[],"class_list":{"0":"post-40014","1":"product","2":"type-product","3":"status-publish","4":"has-post-thumbnail","6":"product_brand-old-spice","7":"product_cat-kozmetika-2","8":"product_cat-njega-tijela-268","10":"first","11":"outofstock","12":"shipping-taxable","13":"purchasable","14":"product-type-simple"},"_links":{"self":[{"href":"https:\/\/singuli.wpress.me\/index.php\/wp-json\/wp\/v2\/product\/40014","targetHints":{"allow":["GET"]}}],"collection":[{"href":"https:\/\/singuli.wpress.me\/index.php\/wp-json\/wp\/v2\/product"}],"about":[{"href":"https:\/\/singuli.wpress.me\/index.php\/wp-json\/wp\/v2\/types\/product"}],"version-history":[{"count":0,"href":"https:\/\/singuli.wpress.me\/index.php\/wp-json\/wp\/v2\/product\/40014\/revisions"}],"wp:featuredmedia":[{"embeddable":true,"href":"https:\/\/singuli.wpress.me\/index.php\/wp-json\/wp\/v2\/media\/40015"}],"wp:attachment":[{"href":"https:\/\/singuli.wpress.me\/index.php\/wp-json\/wp\/v2\/media?parent=40014"}],"wp:term":[{"taxonomy":"product_brand","embeddable":true,"href":"https:\/\/singuli.wpress.me\/index.php\/wp-json\/wp\/v2\/product_brand?post=40014"},{"taxonomy":"product_cat","embeddable":true,"href":"https:\/\/singuli.wpress.me\/index.php\/wp-json\/wp\/v2\/product_cat?post=40014"},{"taxonomy":"product_tag","embeddable":true,"href":"https:\/\/singuli.wpress.me\/index.php\/wp-json\/wp\/v2\/product_tag?post=40014"}],"curies":[{"name":"wp","href":"https:\/\/api.w.org\/{rel}","templated":true}]}}