{"id":40024,"date":"2026-04-19T02:28:36","date_gmt":"2026-04-19T02:28:36","guid":{"rendered":"https:\/\/singuli.wpress.me\/index.php\/proizvod\/old-spice-deep-sea-dezodorans-u-spreju-150-ml\/"},"modified":"2026-04-20T12:33:30","modified_gmt":"2026-04-20T12:33:30","slug":"old-spice-deep-sea-dezodorans-u-spreju-150-ml","status":"publish","type":"product","link":"https:\/\/singuli.wpress.me\/index.php\/proizvod\/old-spice-deep-sea-dezodorans-u-spreju-150-ml\/","title":{"rendered":"OLD SPICE Deep Sea, dezodorans u spreju, 150\u00a0ml"},"content":{"rendered":"<p>Dogodi se svaki put. Pritisak je sna\u017ean. Poku\u0161ava\u0161 se sjetiti treba li prerezati plavu ili crvenu \u017eicu da bi spasio svijet, a netko uvijek do\u0111e i ka\u017ee ti da smrdi\u0161. Nemoj biti taj tip. Spasi svijet, bez smrada. <\/p>\n<p>Spasi ga uz mu\u0161ki dezodorans i sprej za tijelo Old Spice. Pridru\u017ei se vrhunskoj pustolovini bez neugodnih mirisa.<\/p>\n","protected":false},"excerpt":{"rendered":"<p>Osvje\u017eavaju\u0107i, mu\u017eevan miris<br \/>\nTehnologija cjelodnevnog mirisa<br \/>\nMo\u0107no nadja\u010dava neugodne mirise<\/p>\n","protected":false},"featured_media":40025,"template":"","meta":{"_seopress_robots_primary_cat":"","_seopress_titles_title":"","_seopress_titles_desc":"","_seopress_robots_index":"","iawp_total_views":0},"product_brand":[448],"product_cat":[285,268],"product_tag":[],"class_list":{"0":"post-40024","1":"product","2":"type-product","3":"status-publish","4":"has-post-thumbnail","6":"product_brand-old-spice","7":"product_cat-dezodoransi-268","8":"product_cat-kozmetika-2","10":"first","11":"instock","12":"shipping-taxable","13":"purchasable","14":"product-type-simple"},"_links":{"self":[{"href":"https:\/\/singuli.wpress.me\/index.php\/wp-json\/wp\/v2\/product\/40024","targetHints":{"allow":["GET"]}}],"collection":[{"href":"https:\/\/singuli.wpress.me\/index.php\/wp-json\/wp\/v2\/product"}],"about":[{"href":"https:\/\/singuli.wpress.me\/index.php\/wp-json\/wp\/v2\/types\/product"}],"version-history":[{"count":0,"href":"https:\/\/singuli.wpress.me\/index.php\/wp-json\/wp\/v2\/product\/40024\/revisions"}],"wp:featuredmedia":[{"embeddable":true,"href":"https:\/\/singuli.wpress.me\/index.php\/wp-json\/wp\/v2\/media\/40025"}],"wp:attachment":[{"href":"https:\/\/singuli.wpress.me\/index.php\/wp-json\/wp\/v2\/media?parent=40024"}],"wp:term":[{"taxonomy":"product_brand","embeddable":true,"href":"https:\/\/singuli.wpress.me\/index.php\/wp-json\/wp\/v2\/product_brand?post=40024"},{"taxonomy":"product_cat","embeddable":true,"href":"https:\/\/singuli.wpress.me\/index.php\/wp-json\/wp\/v2\/product_cat?post=40024"},{"taxonomy":"product_tag","embeddable":true,"href":"https:\/\/singuli.wpress.me\/index.php\/wp-json\/wp\/v2\/product_tag?post=40024"}],"curies":[{"name":"wp","href":"https:\/\/api.w.org\/{rel}","templated":true}]}}