{"id":40044,"date":"2026-04-19T02:28:45","date_gmt":"2026-04-19T02:28:45","guid":{"rendered":"https:\/\/singuli.wpress.me\/index.php\/proizvod\/glade-elektricni-osvjezivac-zraka-lavanda-komplet-20-ml\/"},"modified":"2026-04-20T12:33:30","modified_gmt":"2026-04-20T12:33:30","slug":"glade-elektricni-osvjezivac-zraka-lavanda-komplet-20-ml","status":"publish","type":"product","link":"https:\/\/singuli.wpress.me\/index.php\/proizvod\/glade-elektricni-osvjezivac-zraka-lavanda-komplet-20-ml\/","title":{"rendered":"GLADE, elektri\u010dni osvje\u017eiva\u010d zraka, lavanda, komplet, 20\u00a0ml"},"content":{"rendered":"<p>Glade\u00ae Elektri\u010dni osvje\u017eiva\u010d zraka pru\u017ea do 100 dana svje\u017eine, pri niskom intenzitetu mirisa ukoliko se koristi 12 sati dnevno. <\/p>\n<p>Odaberite \u017eeljeni intenzitet mirisa te stvorite savr\u0161en ambijent u svakoj prostoriji. <\/p>\n<p>Upute za kori\u0161tenje:<br \/>\n1. Ako je potrebno, uvrnite elektri\u010dni utika\u010d ure\u0111aja.<br \/>\n2. Odvijte \u010dep i umetnite bo\u010dicu u ure\u0111aj.<br \/>\n3. Umetnite ure\u0111aj u elektri\u010dnu uti\u010dnicu u okomitom polo\u017eaju. Pro\u010ditajte va\u017ene sigurnosne upute.<br \/>\n4. Tipkom odaberite \u017eeljeni intenzitet mirisa. Operite ruke nakon upotrebe.<\/p>\n","protected":false},"excerpt":{"rendered":"<p>Miris oboga\u0107en eteri\u010dnim uljima<br \/>\nDo 100 dana svje\u017eine<br \/>\nRegulator omogu\u0107uje odabir \u017eeljenog intenziteta mirisa.<\/p>\n","protected":false},"featured_media":40045,"template":"","meta":{"_seopress_robots_primary_cat":"","_seopress_titles_title":"","_seopress_titles_desc":"","_seopress_robots_index":"","iawp_total_views":0},"product_brand":[405],"product_cat":[243,272],"product_tag":[],"class_list":{"0":"post-40044","1":"product","2":"type-product","3":"status-publish","4":"has-post-thumbnail","6":"product_brand-glade","7":"product_cat-automobili-i-motori","8":"product_cat-motorna-ulja-243","10":"first","11":"outofstock","12":"shipping-taxable","13":"purchasable","14":"product-type-simple"},"_links":{"self":[{"href":"https:\/\/singuli.wpress.me\/index.php\/wp-json\/wp\/v2\/product\/40044","targetHints":{"allow":["GET"]}}],"collection":[{"href":"https:\/\/singuli.wpress.me\/index.php\/wp-json\/wp\/v2\/product"}],"about":[{"href":"https:\/\/singuli.wpress.me\/index.php\/wp-json\/wp\/v2\/types\/product"}],"version-history":[{"count":0,"href":"https:\/\/singuli.wpress.me\/index.php\/wp-json\/wp\/v2\/product\/40044\/revisions"}],"wp:featuredmedia":[{"embeddable":true,"href":"https:\/\/singuli.wpress.me\/index.php\/wp-json\/wp\/v2\/media\/40045"}],"wp:attachment":[{"href":"https:\/\/singuli.wpress.me\/index.php\/wp-json\/wp\/v2\/media?parent=40044"}],"wp:term":[{"taxonomy":"product_brand","embeddable":true,"href":"https:\/\/singuli.wpress.me\/index.php\/wp-json\/wp\/v2\/product_brand?post=40044"},{"taxonomy":"product_cat","embeddable":true,"href":"https:\/\/singuli.wpress.me\/index.php\/wp-json\/wp\/v2\/product_cat?post=40044"},{"taxonomy":"product_tag","embeddable":true,"href":"https:\/\/singuli.wpress.me\/index.php\/wp-json\/wp\/v2\/product_tag?post=40044"}],"curies":[{"name":"wp","href":"https:\/\/api.w.org\/{rel}","templated":true}]}}