{"id":40065,"date":"2026-04-19T02:28:52","date_gmt":"2026-04-19T02:28:52","guid":{"rendered":"https:\/\/singuli.wpress.me\/index.php\/proizvod\/uhu-plus-5-min-ljepilo-35-g\/"},"modified":"2026-04-20T12:33:30","modified_gmt":"2026-04-20T12:33:30","slug":"uhu-plus-5-min-ljepilo-35-g","status":"publish","type":"product","link":"https:\/\/singuli.wpress.me\/index.php\/proizvod\/uhu-plus-5-min-ljepilo-35-g\/","title":{"rendered":"UHU Plus 5 min, ljepilo, 35\u00a0g"},"content":{"rendered":"<p>Kristalno prozirno brzo dvokomponentno epoksidno ljepilo.<\/p>\n<p>Pogodan za brzu, jaku i nevidljivu popravku mnogih materijala kao \u0161to su keramika, porculan, staklo, ko\u017ea, drvo, kamen, metal, keramika. Lijepi iste materijale kao i razli\u010dite materijale. <\/p>\n<p>Nije prikladno za polietilen (PE), polipropilen (PP), PTFE i silikonsku gumu.<\/p>\n","protected":false},"excerpt":{"rendered":"<p>Otporan na temperature izme\u0111u -40 \u00b0C i +100 \u00b0C<br \/>\nVodootporno ljepilo<br \/>\nOtporan na kemikalije<\/p>\n","protected":false},"featured_media":40066,"template":"","meta":{"_seopress_robots_primary_cat":"","_seopress_titles_title":"","_seopress_titles_desc":"","_seopress_robots_index":"","iawp_total_views":0},"product_brand":[445],"product_cat":[264,238],"product_tag":[],"class_list":{"0":"post-40065","1":"product","2":"type-product","3":"status-publish","4":"has-post-thumbnail","6":"product_brand-uhu","7":"product_cat-ljepila-i-brtvila-238","8":"product_cat-sve-za-dom","10":"first","11":"instock","12":"shipping-taxable","13":"purchasable","14":"product-type-simple"},"_links":{"self":[{"href":"https:\/\/singuli.wpress.me\/index.php\/wp-json\/wp\/v2\/product\/40065","targetHints":{"allow":["GET"]}}],"collection":[{"href":"https:\/\/singuli.wpress.me\/index.php\/wp-json\/wp\/v2\/product"}],"about":[{"href":"https:\/\/singuli.wpress.me\/index.php\/wp-json\/wp\/v2\/types\/product"}],"version-history":[{"count":0,"href":"https:\/\/singuli.wpress.me\/index.php\/wp-json\/wp\/v2\/product\/40065\/revisions"}],"wp:featuredmedia":[{"embeddable":true,"href":"https:\/\/singuli.wpress.me\/index.php\/wp-json\/wp\/v2\/media\/40066"}],"wp:attachment":[{"href":"https:\/\/singuli.wpress.me\/index.php\/wp-json\/wp\/v2\/media?parent=40065"}],"wp:term":[{"taxonomy":"product_brand","embeddable":true,"href":"https:\/\/singuli.wpress.me\/index.php\/wp-json\/wp\/v2\/product_brand?post=40065"},{"taxonomy":"product_cat","embeddable":true,"href":"https:\/\/singuli.wpress.me\/index.php\/wp-json\/wp\/v2\/product_cat?post=40065"},{"taxonomy":"product_tag","embeddable":true,"href":"https:\/\/singuli.wpress.me\/index.php\/wp-json\/wp\/v2\/product_tag?post=40065"}],"curies":[{"name":"wp","href":"https:\/\/api.w.org\/{rel}","templated":true}]}}