{"id":40140,"date":"2026-04-19T02:29:19","date_gmt":"2026-04-19T02:29:19","guid":{"rendered":"https:\/\/singuli.wpress.me\/index.php\/proizvod\/ariel-color-praskasti-deterdzent-3-25kg-50-pranja\/"},"modified":"2026-04-20T12:33:30","modified_gmt":"2026-04-20T12:33:30","slug":"ariel-color-praskasti-deterdzent-3-25kg-50-pranja","status":"publish","type":"product","link":"https:\/\/singuli.wpress.me\/index.php\/proizvod\/ariel-color-praskasti-deterdzent-3-25kg-50-pranja\/","title":{"rendered":"ARIEL Color+, pra\u0161kasti deterd\u017eent, 3.25kg, 50\u00a0pranja"},"content":{"rendered":"<p>Ariel Color+, pra\u0161kasti deterd\u017eent, s tehnologijom protiv tragova deterd\u017eenta donosi blistavu Arielovu \u010disto\u0107u pri ni\u017eim temperaturama pranja dok boje odr\u017eava postojanima. <\/p>\n<p>Njegova inovativna formula brzo se otapa u dodiru s vodom, trenuta\u010dno aktivira i prodire duboko u vlakna donose\u0107i izvanredno \u010di\u0161\u0107enje te otkriva sjaj boja \u010dak i pri hladnijim temperaturama. Pra\u0161kasti deterd\u017eent Ariel uklanja tvrdokorne mrlje, \u010dak i one od znoja i tjelesnih mirisa koje uzrokuju neugodne mirise.  Njegova jedinstvena tehnologija protiv tragova deterd\u017eenta poma\u017ee sprije\u010diti zadr\u017eavanje tragova pra\u0161ka.<\/p>\n<p>Ariel  Color+ dostupan je i u obliku kapsula i kao teku\u0107i deterd\u017eent.<\/p>\n","protected":false},"excerpt":{"rendered":"<p>Blistavo \u010di\u0161\u0107enje i na ni\u017eim temperaturama pranja<br \/>\nDubinsko, higijensko \u010di\u0161\u0107enje i za\u0161tita boja<br \/>\nJedinstvena tehnologija za brzo otapanje u vodi<\/p>\n","protected":false},"featured_media":40141,"template":"","meta":{"_seopress_robots_primary_cat":"","_seopress_titles_title":"","_seopress_titles_desc":"","_seopress_robots_index":"","iawp_total_views":0},"product_brand":[427],"product_cat":[283,238],"product_tag":[],"class_list":{"0":"post-40140","1":"product","2":"type-product","3":"status-publish","4":"has-post-thumbnail","6":"product_brand-ariel","7":"product_cat-pranje-rublja-238","8":"product_cat-sve-za-dom","10":"first","11":"outofstock","12":"shipping-taxable","13":"purchasable","14":"product-type-simple"},"_links":{"self":[{"href":"https:\/\/singuli.wpress.me\/index.php\/wp-json\/wp\/v2\/product\/40140","targetHints":{"allow":["GET"]}}],"collection":[{"href":"https:\/\/singuli.wpress.me\/index.php\/wp-json\/wp\/v2\/product"}],"about":[{"href":"https:\/\/singuli.wpress.me\/index.php\/wp-json\/wp\/v2\/types\/product"}],"version-history":[{"count":0,"href":"https:\/\/singuli.wpress.me\/index.php\/wp-json\/wp\/v2\/product\/40140\/revisions"}],"wp:featuredmedia":[{"embeddable":true,"href":"https:\/\/singuli.wpress.me\/index.php\/wp-json\/wp\/v2\/media\/40141"}],"wp:attachment":[{"href":"https:\/\/singuli.wpress.me\/index.php\/wp-json\/wp\/v2\/media?parent=40140"}],"wp:term":[{"taxonomy":"product_brand","embeddable":true,"href":"https:\/\/singuli.wpress.me\/index.php\/wp-json\/wp\/v2\/product_brand?post=40140"},{"taxonomy":"product_cat","embeddable":true,"href":"https:\/\/singuli.wpress.me\/index.php\/wp-json\/wp\/v2\/product_cat?post=40140"},{"taxonomy":"product_tag","embeddable":true,"href":"https:\/\/singuli.wpress.me\/index.php\/wp-json\/wp\/v2\/product_tag?post=40140"}],"curies":[{"name":"wp","href":"https:\/\/api.w.org\/{rel}","templated":true}]}}