{"id":40185,"date":"2026-04-19T02:29:44","date_gmt":"2026-04-19T02:29:44","guid":{"rendered":"https:\/\/singuli.wpress.me\/index.php\/proizvod\/rimula-r6-lm-10w40-motorno-ulje-za-gospodarska-vozila-20-l\/"},"modified":"2026-04-21T00:27:02","modified_gmt":"2026-04-21T00:27:02","slug":"rimula-r6-lm-10w40-motorno-ulje-za-gospodarska-vozila-20-l","status":"publish","type":"product","link":"https:\/\/singuli.wpress.me\/index.php\/proizvod\/rimula-r6-lm-10w40-motorno-ulje-za-gospodarska-vozila-20-l\/","title":{"rendered":"RIMULA R6 LM 10W40, motorno ulje za gospodarska vozila, 20\u00a0l"},"content":{"rendered":"<p>Shell Rimula R6 LM 10W40 je potpuno sinteti\u010dko ulje za dizelske motore gospodarskih vozila. <\/p>\n<p>Zahvaljuju\u0107i aktivnoj za\u0161titi s formulacijom aditiva s niskim sadr\u017eajem pepela, sumpora i fosfora (Low-SAPS) omogu\u0107ava u\u0161tedu u odr\u017eavanju, kompatibilnost sa sustavima ispu\u0161nih plinova, smanjeno tro\u0161enje i nastajanje taloga, u\u0161teda pri potro\u0161nji goriva. <\/p>\n<p>Glavne primjene su za cestovna gospodarska vozila, za motore s niskom emisijom \u0161tetnih plinova, za vozila koja koriste prirodni plin (CNG).<\/p>\n<p>Specifikacija: ACEA E6, E9, API CK-4, CJ-4, CI-4, CH-4, Caterpillar ECF-3, Cummins CES 20086\/20081, DAF udovoljava ACEA E6, Deutz DQC IV-18LA, JASO DH-2, Mack EO-S 4.5\/Mack EO-O Premium Plus, DFS 93K222 and 93K218, MAN M3477, M3271-1, MB odobrenje 228.51, MTU kategorija 3.1, Volvo VDS-4.5, VDS-4, Renault RLD3, Scania Low Ash.<\/p>\n","protected":false},"excerpt":{"rendered":"<p>Potpuno sinteti\u010dko ulje<br \/>\nSinteti\u010dka osnova<br \/>\nTehnologija aktivne za\u0161tite<\/p>\n","protected":false},"featured_media":40186,"template":"","meta":{"_seopress_robots_primary_cat":"","_seopress_titles_title":"","_seopress_titles_desc":"","_seopress_robots_index":"","iawp_total_views":0},"product_brand":[469],"product_cat":[243,276,272],"product_tag":[],"class_list":{"0":"post-40185","1":"product","2":"type-product","3":"status-publish","4":"has-post-thumbnail","6":"product_brand-rimula","7":"product_cat-automobili-i-motori","8":"product_cat-industrijska-i-specijalna-ulja-243","9":"product_cat-motorna-ulja-243","11":"first","12":"instock","13":"shipping-taxable","14":"purchasable","15":"product-type-simple"},"_links":{"self":[{"href":"https:\/\/singuli.wpress.me\/index.php\/wp-json\/wp\/v2\/product\/40185","targetHints":{"allow":["GET"]}}],"collection":[{"href":"https:\/\/singuli.wpress.me\/index.php\/wp-json\/wp\/v2\/product"}],"about":[{"href":"https:\/\/singuli.wpress.me\/index.php\/wp-json\/wp\/v2\/types\/product"}],"version-history":[{"count":0,"href":"https:\/\/singuli.wpress.me\/index.php\/wp-json\/wp\/v2\/product\/40185\/revisions"}],"wp:featuredmedia":[{"embeddable":true,"href":"https:\/\/singuli.wpress.me\/index.php\/wp-json\/wp\/v2\/media\/40186"}],"wp:attachment":[{"href":"https:\/\/singuli.wpress.me\/index.php\/wp-json\/wp\/v2\/media?parent=40185"}],"wp:term":[{"taxonomy":"product_brand","embeddable":true,"href":"https:\/\/singuli.wpress.me\/index.php\/wp-json\/wp\/v2\/product_brand?post=40185"},{"taxonomy":"product_cat","embeddable":true,"href":"https:\/\/singuli.wpress.me\/index.php\/wp-json\/wp\/v2\/product_cat?post=40185"},{"taxonomy":"product_tag","embeddable":true,"href":"https:\/\/singuli.wpress.me\/index.php\/wp-json\/wp\/v2\/product_tag?post=40185"}],"curies":[{"name":"wp","href":"https:\/\/api.w.org\/{rel}","templated":true}]}}