{"id":40198,"date":"2026-04-19T02:29:48","date_gmt":"2026-04-19T02:29:48","guid":{"rendered":"https:\/\/singuli.wpress.me\/index.php\/proizvod\/twistshake-set-pribora-za-jelo-pastel-plavi\/"},"modified":"2026-04-20T12:33:31","modified_gmt":"2026-04-20T12:33:31","slug":"twistshake-set-pribora-za-jelo-pastel-plavi","status":"publish","type":"product","link":"https:\/\/singuli.wpress.me\/index.php\/proizvod\/twistshake-set-pribora-za-jelo-pastel-plavi\/","title":{"rendered":"TWISTSHAKE, set pribora za jelo, pastel plavi"},"content":{"rendered":"<p>Twistshake set pribora za jelo u plavoj boji sadr\u017ei:<br \/>\n1x click-mat podloga (plava)<br \/>\n1x tanjuri\u0107 (plavi)<br \/>\n6x punjive vre\u0107ice za hranu 220 ml<br \/>\n1x bo\u010dica 300 ml (pastel siva)<br \/>\n1x po\u010detni probor za jelo (pastel sivi)<br \/>\n2x podbradak (pastel plavi i zeleni)<\/p>\n","protected":false},"excerpt":{"rendered":"<p>Vrlo lagan i jednostavan za \u010di\u0161\u0107enje<br \/>\nDubok d\u017eepi\u0107 za hvatanje hrane<br \/>\nDodatna traka \u2013 koja se mo\u017ee prilagoditi djetetu<\/p>\n","protected":false},"featured_media":40199,"template":"","meta":{"_seopress_robots_primary_cat":"","_seopress_titles_title":"","_seopress_titles_desc":"","_seopress_robots_index":"","iawp_total_views":0},"product_brand":[433],"product_cat":[274,238],"product_tag":[],"class_list":{"0":"post-40198","1":"product","2":"type-product","3":"status-publish","4":"has-post-thumbnail","6":"product_brand-twistshake","7":"product_cat-kucanski-pribor-238","8":"product_cat-sve-za-dom","10":"first","11":"outofstock","12":"shipping-taxable","13":"purchasable","14":"product-type-simple"},"_links":{"self":[{"href":"https:\/\/singuli.wpress.me\/index.php\/wp-json\/wp\/v2\/product\/40198","targetHints":{"allow":["GET"]}}],"collection":[{"href":"https:\/\/singuli.wpress.me\/index.php\/wp-json\/wp\/v2\/product"}],"about":[{"href":"https:\/\/singuli.wpress.me\/index.php\/wp-json\/wp\/v2\/types\/product"}],"version-history":[{"count":0,"href":"https:\/\/singuli.wpress.me\/index.php\/wp-json\/wp\/v2\/product\/40198\/revisions"}],"wp:featuredmedia":[{"embeddable":true,"href":"https:\/\/singuli.wpress.me\/index.php\/wp-json\/wp\/v2\/media\/40199"}],"wp:attachment":[{"href":"https:\/\/singuli.wpress.me\/index.php\/wp-json\/wp\/v2\/media?parent=40198"}],"wp:term":[{"taxonomy":"product_brand","embeddable":true,"href":"https:\/\/singuli.wpress.me\/index.php\/wp-json\/wp\/v2\/product_brand?post=40198"},{"taxonomy":"product_cat","embeddable":true,"href":"https:\/\/singuli.wpress.me\/index.php\/wp-json\/wp\/v2\/product_cat?post=40198"},{"taxonomy":"product_tag","embeddable":true,"href":"https:\/\/singuli.wpress.me\/index.php\/wp-json\/wp\/v2\/product_tag?post=40198"}],"curies":[{"name":"wp","href":"https:\/\/api.w.org\/{rel}","templated":true}]}}