{"id":40324,"date":"2026-04-19T02:30:36","date_gmt":"2026-04-19T02:30:36","guid":{"rendered":"https:\/\/singuli.wpress.me\/index.php\/proizvod\/braun-serija-7-71-s4200cs-brijac\/"},"modified":"2026-04-21T00:27:02","modified_gmt":"2026-04-21T00:27:02","slug":"braun-serija-7-71-s4200cs-brijac","status":"publish","type":"product","link":"https:\/\/singuli.wpress.me\/index.php\/proizvod\/braun-serija-7-71-s4200cs-brijac\/","title":{"rendered":"BRAUN serija 7 71-S4200CS, brija\u010d"},"content":{"rendered":"<p>Istaknute zna\u010dajke:<\/p>\n<p>&#8211; Elektri\u010dni brija\u0107i aparat s 360-stupanjskom prilagodbom za glatko brijanje, \u010dak i na problemati\u010dnim podru\u010djima.<br \/>\n&#8211; U\u010dinkovit i kod zahtjevnijih brada: tehnologija AutoSense o\u010ditava zna\u010dajke va\u0161e brade i prilago\u0111ava rad motora njezinoj gusto\u0107i, hvataju\u0107i i podrezuju\u0107i vi\u0161e dla\u010dica pri svakom brijanju.<br \/>\n&#8211; Litij-ionska baterija za do 3 tjedna brijanja  (do 50 minuta rada). 5-minutno brzo punjenje dostatno je za jedno brijanje.<br \/>\n&#8211; 100% vodootporni elektri\u010dni brija\u0107i aparat za mokru i suhu upotrebu.<br \/>\n&#8211; S ovim brija\u0107im aparatom dobivate i nastavak s preciznim trimerom te postolje za punjenje.<\/p>\n<p>Braun Series 7 71-S4500cs &#8211; Novi Series 7<br \/>\n360-stupanjska prilagodba za glatko brijanje, \u010dak i na problemati\u010dnim podru\u010djima.<\/p>\n<p>Glatko brijanje, \u010dak i na problemati\u010dnim podru\u010djima.<br \/>\nGlava 360\u00b0 Flex prilago\u0111ava se konturama lica kako bi pru\u017eila maksimalan kontakt za glatko brijanje, \u010dak i na problemati\u010dnim podru\u010djima.<\/p>\n<p>Obe\u0107anje tehnologije na kojoj po\u010diva Series 7:<br \/>\n&#8211; Elektri\u010dni brija\u0107i aparat s 360-stupanjskom prilagodbom za glatko brijanje, \u010dak i na problemati\u010dnim podru\u010djima.<br \/>\n&#8211; U\u010dinkovitost i kod zahtjevnijih brada: tehnologija AutoSense o\u010ditava zna\u010dajke va\u0161e brade i prilago\u0111ava rad motora njezinoj gusto\u0107i, hvataju\u0107i i podrezuju\u0107i vi\u0161e dla\u010dica pri svakom brijanju.<br \/>\n&#8211; Litij-ionska baterija pru\u017ea do 3 tjedna brijanja. 5-minutno brzo punjenje dostatno je za 1 brijanje.<br \/>\n&#8211; 100% vodootporni elektri\u010dni brija\u0107i aparat za mokru i suhu upotrebu.<br \/>\n&#8211; S brija\u0107im aparatom dobivate nastavak s preciznim trimerom za podrezivanje brkova i zalizaka.<\/p>\n<p>Tehnologija AutoSense<br \/>\nOvaj je brija\u0107i aparat stvoren za u\u010dinkovitost. Tehnologija AutoSense o\u010ditava gusto\u0107u va\u0161e brade i prilago\u0111ava joj svoj rad, uklanjaju\u0107i vi\u0161e dla\u010dica pri svakom brijanju.<\/p>\n<p>Sustav nastavaka EasyClick<br \/>\nVa\u0161 brija\u0107i aparat mo\u017ee pru\u017eiti vi\u0161e od samog brijanja. S njim ve\u0107 dobivate nastavak s preciznim trimerom za podrezivanje brkova i zalizaka, a kompatibilan je i s drugim nastavcima EasyClick.<\/p>\n<p>Lako rukovanje<br \/>\nNova ergonomska dr\u0161ka omogu\u0107uje lako brijanje jednostavnim potezima u jednom smjeru.<\/p>\n<p>Dugotrajnija litij-ionska baterija<br \/>\n&#8211; 1 potpuno punjenje omogu\u0107uje do 3 tjedna brijanja.<br \/>\n&#8211; 5-minutno brzo punjenje dostatno je za 1 kompletno brijanje.<\/p>\n<p>100% vodootporan za mokru i suhu upotrebu<br \/>\nOsmi\u0161ljen tako da se mo\u017eete brijati kako god po\u017eelite: na suho, s pjenom ili gelom, ili pak pod tu\u0161em.<\/p>\n<p>Projektiran u Njema\u010dkoj<br \/>\nNa\u0161i su proizvodi stvoreni da traju: nudimo 2 godine jamstva i do 10 godina servisa za popravke.  <\/p>\n<p>Opis proizvoda:<br \/>\nElektri\u010dni brija\u0107i aparat za mu\u0161karce Braun Series 7 ima glavu koja se prilago\u0111ava za 360\u00b0 kako bi pru\u017eila glatko brijanje, dok tehnologija AutoSense o\u010ditava gusto\u0107u va\u0161e brade i prilago\u0111ava joj svoj rad, uklanjaju\u0107i vi\u0161e dla\u010dica pri svakom brijanju. Litij-ionska baterija pru\u017ea do 3 tjedna brijanja, a 5-minutno brzo punjenje dostatno je za jedno brijanje. Ovaj mu\u0161ki brija\u0107i aparat je 100% vodootporan te prikladan i za mokru i za suhu upotrebu. Kompatibilan je sa sustavom EasyClick. Precizni trimer dolazi s ure\u0111ajem. <\/p>\n<p>Sadr\u017eaj pakiranja:<br \/>\n1x elektri\u010dni brija\u0107i aparat Series 7, srebrni<br \/>\n1x nastavak s preciznim trimerom<br \/>\n1x postolje s punja\u010dem<br \/>\n1x putni etui<br \/>\n1x utika\u010d SmartPlug koji se automatski prilago\u0111ava naponu 100-240 V diljem svijeta<br \/>\n1x \u010detkica za \u010di\u0161\u0107enje<br \/>\n1x meka torbica<\/p>\n","protected":false},"excerpt":{"rendered":"<p>Elektri\u010dni brija\u0107i aparat s 360-stupanjskom prilagodbom za glatko brijanje, \u010dak i na problemati\u010dnim podru\u010djima<br \/>\nLitij-ionska baterija pru\u017ea do 3 tjedna brijanja<br \/>\n100% vodootporni elektri\u010dni brija\u0107i aparat za mokru i suhu upotrebu<\/p>\n","protected":false},"featured_media":40325,"template":"","meta":{"_seopress_robots_primary_cat":"","_seopress_titles_title":"","_seopress_titles_desc":"","_seopress_robots_index":"","iawp_total_views":0},"product_brand":[144],"product_cat":[280,192,279],"product_tag":[],"class_list":{"0":"post-40324","1":"product","2":"type-product","3":"status-publish","4":"has-post-thumbnail","6":"product_brand-braun","7":"product_cat-aparati-za-muskarce-279","8":"product_cat-aparati-za-osobnu-njegu","9":"product_cat-brijanje-i-sisanje-192","11":"first","12":"outofstock","13":"shipping-taxable","14":"purchasable","15":"product-type-simple"},"_links":{"self":[{"href":"https:\/\/singuli.wpress.me\/index.php\/wp-json\/wp\/v2\/product\/40324","targetHints":{"allow":["GET"]}}],"collection":[{"href":"https:\/\/singuli.wpress.me\/index.php\/wp-json\/wp\/v2\/product"}],"about":[{"href":"https:\/\/singuli.wpress.me\/index.php\/wp-json\/wp\/v2\/types\/product"}],"version-history":[{"count":0,"href":"https:\/\/singuli.wpress.me\/index.php\/wp-json\/wp\/v2\/product\/40324\/revisions"}],"wp:featuredmedia":[{"embeddable":true,"href":"https:\/\/singuli.wpress.me\/index.php\/wp-json\/wp\/v2\/media\/40325"}],"wp:attachment":[{"href":"https:\/\/singuli.wpress.me\/index.php\/wp-json\/wp\/v2\/media?parent=40324"}],"wp:term":[{"taxonomy":"product_brand","embeddable":true,"href":"https:\/\/singuli.wpress.me\/index.php\/wp-json\/wp\/v2\/product_brand?post=40324"},{"taxonomy":"product_cat","embeddable":true,"href":"https:\/\/singuli.wpress.me\/index.php\/wp-json\/wp\/v2\/product_cat?post=40324"},{"taxonomy":"product_tag","embeddable":true,"href":"https:\/\/singuli.wpress.me\/index.php\/wp-json\/wp\/v2\/product_tag?post=40324"}],"curies":[{"name":"wp","href":"https:\/\/api.w.org\/{rel}","templated":true}]}}