{"id":40335,"date":"2026-04-19T02:30:40","date_gmt":"2026-04-19T02:30:40","guid":{"rendered":"https:\/\/singuli.wpress.me\/index.php\/proizvod\/old-spice-whitewater-gel-za-tusiranje-400-ml-2\/"},"modified":"2026-04-20T12:33:31","modified_gmt":"2026-04-20T12:33:31","slug":"old-spice-whitewater-gel-za-tusiranje-400-ml-2","status":"publish","type":"product","link":"https:\/\/singuli.wpress.me\/index.php\/proizvod\/old-spice-whitewater-gel-za-tusiranje-400-ml-2\/","title":{"rendered":"OLD SPICE Whitewater, gel za tu\u0161iranje, 400\u00a0ml"},"content":{"rendered":"<p>\u010cesto se mo\u017ee \u010duti da je voda najmo\u0107niji element na Zemlji. Me\u0111utim, to nije ba\u0161 najto\u010dnije jer voda nije element, a nije ni mo\u0107na kao uranij-235. <\/p>\n<p>No, bilo kako bilo, miris Old Spice Whitewater vrlo je svje\u017e miris, tvrde znanstvenici koje okuplja Old Spice. Barem oni koji znaju kako dobro mirisati. <\/p>\n<p>Zato zgrabi gel za tu\u0161iranje Old Spice i doka\u017ei da je njegov osvje\u017eavaju\u0107i miris izgubljena karika prema mu\u017eevnosti.<\/p>\n","protected":false},"excerpt":{"rendered":"<p>Mo\u0107an mu\u017eevan miris<br \/>\nHidratantna formula<br \/>\nIznimna svje\u017eina<\/p>\n","protected":false},"featured_media":40336,"template":"","meta":{"_seopress_robots_primary_cat":"","_seopress_titles_title":"","_seopress_titles_desc":"","_seopress_robots_index":"","iawp_total_views":0},"product_brand":[448],"product_cat":[268,278],"product_tag":[],"class_list":{"0":"post-40335","1":"product","2":"type-product","3":"status-publish","4":"has-post-thumbnail","6":"product_brand-old-spice","7":"product_cat-kozmetika-2","8":"product_cat-njega-tijela-268","10":"first","11":"instock","12":"shipping-taxable","13":"purchasable","14":"product-type-simple"},"_links":{"self":[{"href":"https:\/\/singuli.wpress.me\/index.php\/wp-json\/wp\/v2\/product\/40335","targetHints":{"allow":["GET"]}}],"collection":[{"href":"https:\/\/singuli.wpress.me\/index.php\/wp-json\/wp\/v2\/product"}],"about":[{"href":"https:\/\/singuli.wpress.me\/index.php\/wp-json\/wp\/v2\/types\/product"}],"version-history":[{"count":0,"href":"https:\/\/singuli.wpress.me\/index.php\/wp-json\/wp\/v2\/product\/40335\/revisions"}],"wp:featuredmedia":[{"embeddable":true,"href":"https:\/\/singuli.wpress.me\/index.php\/wp-json\/wp\/v2\/media\/40336"}],"wp:attachment":[{"href":"https:\/\/singuli.wpress.me\/index.php\/wp-json\/wp\/v2\/media?parent=40335"}],"wp:term":[{"taxonomy":"product_brand","embeddable":true,"href":"https:\/\/singuli.wpress.me\/index.php\/wp-json\/wp\/v2\/product_brand?post=40335"},{"taxonomy":"product_cat","embeddable":true,"href":"https:\/\/singuli.wpress.me\/index.php\/wp-json\/wp\/v2\/product_cat?post=40335"},{"taxonomy":"product_tag","embeddable":true,"href":"https:\/\/singuli.wpress.me\/index.php\/wp-json\/wp\/v2\/product_tag?post=40335"}],"curies":[{"name":"wp","href":"https:\/\/api.w.org\/{rel}","templated":true}]}}