{"id":40350,"date":"2026-04-19T02:30:45","date_gmt":"2026-04-19T02:30:45","guid":{"rendered":"https:\/\/singuli.wpress.me\/index.php\/proizvod\/diala-s4-zx-i-transformatorsko-ulje-1000-l\/"},"modified":"2026-04-20T12:33:31","modified_gmt":"2026-04-20T12:33:31","slug":"diala-s4-zx-i-transformatorsko-ulje-1000-l","status":"publish","type":"product","link":"https:\/\/singuli.wpress.me\/index.php\/proizvod\/diala-s4-zx-i-transformatorsko-ulje-1000-l\/","title":{"rendered":"DIALA S4 ZX-I, transformatorsko ulje, 1000\u00a0l"},"content":{"rendered":"<p><p><span style=\"font-weight: bold\">Shell Diala S4 ZX-I<\/span> je novo izolacijsko ulje od Shella formulirano da udovolji zahtjevima najnovijih energetskih transformatora i omogu\u0107ava produljeni \u017eivotni vijek ulja s nula sadr\u017eaja sumpora. <\/p>\n<p>Shell Diala S4 ZX-I proizvedena je od GTL (gas-to-liquid) baznog ulja bez sadr\u017eaja sumpora. Ova bazna ulja nude visoki stupanj kompozicisjke konzistencije i imaju odli\u010dne reakcije s anti-oksidansima. Ovo ulje <span style=\"font-weight: bold\">ne sadr\u017ei PCB, DBDS i pasivizatore<\/span>.<\/p>\n<p><span style=\"font-weight: bold;text-decoration: underline\">Specifikacija:<\/span> IEC 60296 Ed5 :2020; IEC 60296 Ed4:2012<\/p>\n<p><span style=\"font-weight: bold\">Sigurnosno upozorenje:<\/span><\/p>\n<p><img decoding=\"async\" src=\"https:\/\/prod-minio-orbico.nd0.pl\/orbico.ohr\/Piktogrami\/Zdravlje.png\" alt=\"Zdravlje\" style=\"max-width: 10%;height: auto\">\n<\/p>\n<p>&#8211; H304 &#8211;&nbsp;Mo\u017ee biti smrtonosno ako se proguta i u\u0111e u di\u0161ni sustav.<\/p>\n","protected":false},"excerpt":{"rendered":"<p>Izolacijsko ulje<br \/>\nZadovoljava nova industrijska ispitivanja na koroziju bakra<br \/>\nZa\u0161tita transformatora<\/p>\n","protected":false},"featured_media":40351,"template":"","meta":{"_seopress_robots_primary_cat":"","_seopress_titles_title":"","_seopress_titles_desc":"","_seopress_robots_index":"","iawp_total_views":0},"product_brand":[849],"product_cat":[243,276],"product_tag":[],"class_list":{"0":"post-40350","1":"product","2":"type-product","3":"status-publish","4":"has-post-thumbnail","6":"product_brand-diala","7":"product_cat-automobili-i-motori","8":"product_cat-industrijska-i-specijalna-ulja-243","10":"first","11":"outofstock","12":"shipping-taxable","13":"purchasable","14":"product-type-simple"},"_links":{"self":[{"href":"https:\/\/singuli.wpress.me\/index.php\/wp-json\/wp\/v2\/product\/40350","targetHints":{"allow":["GET"]}}],"collection":[{"href":"https:\/\/singuli.wpress.me\/index.php\/wp-json\/wp\/v2\/product"}],"about":[{"href":"https:\/\/singuli.wpress.me\/index.php\/wp-json\/wp\/v2\/types\/product"}],"version-history":[{"count":0,"href":"https:\/\/singuli.wpress.me\/index.php\/wp-json\/wp\/v2\/product\/40350\/revisions"}],"wp:featuredmedia":[{"embeddable":true,"href":"https:\/\/singuli.wpress.me\/index.php\/wp-json\/wp\/v2\/media\/40351"}],"wp:attachment":[{"href":"https:\/\/singuli.wpress.me\/index.php\/wp-json\/wp\/v2\/media?parent=40350"}],"wp:term":[{"taxonomy":"product_brand","embeddable":true,"href":"https:\/\/singuli.wpress.me\/index.php\/wp-json\/wp\/v2\/product_brand?post=40350"},{"taxonomy":"product_cat","embeddable":true,"href":"https:\/\/singuli.wpress.me\/index.php\/wp-json\/wp\/v2\/product_cat?post=40350"},{"taxonomy":"product_tag","embeddable":true,"href":"https:\/\/singuli.wpress.me\/index.php\/wp-json\/wp\/v2\/product_tag?post=40350"}],"curies":[{"name":"wp","href":"https:\/\/api.w.org\/{rel}","templated":true}]}}