{"id":40363,"date":"2026-04-19T02:30:50","date_gmt":"2026-04-19T02:30:50","guid":{"rendered":"https:\/\/singuli.wpress.me\/index.php\/proizvod\/pantene-pro-v-perfect-volume-pjena-za-kosu-200-ml\/"},"modified":"2026-04-21T00:27:03","modified_gmt":"2026-04-21T00:27:03","slug":"pantene-pro-v-perfect-volume-pjena-za-kosu-200-ml","status":"publish","type":"product","link":"https:\/\/singuli.wpress.me\/index.php\/proizvod\/pantene-pro-v-perfect-volume-pjena-za-kosu-200-ml\/","title":{"rendered":"PANTENE Pro-V Perfect Volume, pjena za kosu, 200\u00a0ml"},"content":{"rendered":"<p>Pantene Pro-V Hair Stiffener Perfect Volume je hranjiva pjena za kosu koja \u0107e va\u0161oj frizuri dati gu\u0161\u0107i izgled. <\/p>\n<p>Sastav oboga\u0107en mje\u0161avinom Pro-V preparata i biotina dat \u0107e va\u0161oj kosi fiksaciju uz osje\u0107aj meko\u0107e i neljepljivosti. <\/p>\n<p>Izme\u0111u ostalog, toplinsku za\u0161titu pru\u017eit \u0107e vam regenerator za kosu PANTENE PRO-V Perfect Volume.<\/p>\n","protected":false},"excerpt":{"rendered":"<p>Hranjiva pjena za kosu<br \/>\nSna\u017ena fiksacija bez osje\u0107aja ljepljivosti<br \/>\nToplinska za\u0161tita s biotinom<\/p>\n","protected":false},"featured_media":40364,"template":"","meta":{"_seopress_robots_primary_cat":"","_seopress_titles_title":"","_seopress_titles_desc":"","_seopress_robots_index":"","iawp_total_views":0},"product_brand":[411],"product_cat":[268,300],"product_tag":[],"class_list":{"0":"post-40363","1":"product","2":"type-product","3":"status-publish","4":"has-post-thumbnail","6":"product_brand-pantene","7":"product_cat-kozmetika-2","8":"product_cat-njega-kose-268","10":"first","11":"outofstock","12":"shipping-taxable","13":"purchasable","14":"product-type-simple"},"_links":{"self":[{"href":"https:\/\/singuli.wpress.me\/index.php\/wp-json\/wp\/v2\/product\/40363","targetHints":{"allow":["GET"]}}],"collection":[{"href":"https:\/\/singuli.wpress.me\/index.php\/wp-json\/wp\/v2\/product"}],"about":[{"href":"https:\/\/singuli.wpress.me\/index.php\/wp-json\/wp\/v2\/types\/product"}],"version-history":[{"count":0,"href":"https:\/\/singuli.wpress.me\/index.php\/wp-json\/wp\/v2\/product\/40363\/revisions"}],"wp:featuredmedia":[{"embeddable":true,"href":"https:\/\/singuli.wpress.me\/index.php\/wp-json\/wp\/v2\/media\/40364"}],"wp:attachment":[{"href":"https:\/\/singuli.wpress.me\/index.php\/wp-json\/wp\/v2\/media?parent=40363"}],"wp:term":[{"taxonomy":"product_brand","embeddable":true,"href":"https:\/\/singuli.wpress.me\/index.php\/wp-json\/wp\/v2\/product_brand?post=40363"},{"taxonomy":"product_cat","embeddable":true,"href":"https:\/\/singuli.wpress.me\/index.php\/wp-json\/wp\/v2\/product_cat?post=40363"},{"taxonomy":"product_tag","embeddable":true,"href":"https:\/\/singuli.wpress.me\/index.php\/wp-json\/wp\/v2\/product_tag?post=40363"}],"curies":[{"name":"wp","href":"https:\/\/api.w.org\/{rel}","templated":true}]}}