{"id":40409,"date":"2026-04-19T02:31:07","date_gmt":"2026-04-19T02:31:07","guid":{"rendered":"https:\/\/singuli.wpress.me\/index.php\/proizvod\/tonna-s2-m-68-ulje-za-klizne-staze-209-l\/"},"modified":"2026-04-20T12:33:31","modified_gmt":"2026-04-20T12:33:31","slug":"tonna-s2-m-68-ulje-za-klizne-staze-209-l","status":"publish","type":"product","link":"https:\/\/singuli.wpress.me\/index.php\/proizvod\/tonna-s2-m-68-ulje-za-klizne-staze-209-l\/","title":{"rendered":"TONNA S2 M 68 , Ulje za klizne staze, 209\u00a0l"},"content":{"rendered":"<p>Ulje posebno dizajnirano za podmazivanje kliznih staza, pokretnih stolova i mehanizama za punjenje strojeva za obradu materijala. Karakteriziraju ga brzo odvajanje od emulzija za obradu materijala, dobra adhezivnost na kliznim stazama, dobra za\u0161tita od tro\u0161enja za klizne staze, zup\u010danike, le\u017eajeve i komponente hidrauli\u010dkog sustava, izvanredna za\u0161tita od korozije. <br \/>\nNi\u017ee gradacije viskoziteta namijenjene su podmazivanju horizontalnih kliznih staza (Shell Tonna S2 M 32 ili 68), a za okomite klizne staze koristi se Shell Tonna S2 M 220.<\/p>\n<p><span style=\"font-weight: bold\">Specifikacija:<\/span> Fives Cincinnati P-50 (ISO 220), P-47 (ISO 68), P-53 (ISO 32); ISO 19378\/ISO 6743-13 GA i GB DIN CGLP, CGLP klizna ulja u skladu s DIN 51502. GB 11118.1 L-HG.<\/p>\n","protected":false},"excerpt":{"rendered":"<p>Ulje za klizne staze<br \/>\nBrzo odvajanje od emulzija<br \/>\nKoristi se za podmazivanje horizontalnih kliznih staza<\/p>\n","protected":false},"featured_media":40410,"template":"","meta":{"_seopress_robots_primary_cat":"","_seopress_titles_title":"","_seopress_titles_desc":"","_seopress_robots_index":"","iawp_total_views":0},"product_brand":[827],"product_cat":[243,276],"product_tag":[],"class_list":{"0":"post-40409","1":"product","2":"type-product","3":"status-publish","4":"has-post-thumbnail","6":"product_brand-tonna","7":"product_cat-automobili-i-motori","8":"product_cat-industrijska-i-specijalna-ulja-243","10":"first","11":"instock","12":"shipping-taxable","13":"purchasable","14":"product-type-simple"},"_links":{"self":[{"href":"https:\/\/singuli.wpress.me\/index.php\/wp-json\/wp\/v2\/product\/40409","targetHints":{"allow":["GET"]}}],"collection":[{"href":"https:\/\/singuli.wpress.me\/index.php\/wp-json\/wp\/v2\/product"}],"about":[{"href":"https:\/\/singuli.wpress.me\/index.php\/wp-json\/wp\/v2\/types\/product"}],"version-history":[{"count":0,"href":"https:\/\/singuli.wpress.me\/index.php\/wp-json\/wp\/v2\/product\/40409\/revisions"}],"wp:featuredmedia":[{"embeddable":true,"href":"https:\/\/singuli.wpress.me\/index.php\/wp-json\/wp\/v2\/media\/40410"}],"wp:attachment":[{"href":"https:\/\/singuli.wpress.me\/index.php\/wp-json\/wp\/v2\/media?parent=40409"}],"wp:term":[{"taxonomy":"product_brand","embeddable":true,"href":"https:\/\/singuli.wpress.me\/index.php\/wp-json\/wp\/v2\/product_brand?post=40409"},{"taxonomy":"product_cat","embeddable":true,"href":"https:\/\/singuli.wpress.me\/index.php\/wp-json\/wp\/v2\/product_cat?post=40409"},{"taxonomy":"product_tag","embeddable":true,"href":"https:\/\/singuli.wpress.me\/index.php\/wp-json\/wp\/v2\/product_tag?post=40409"}],"curies":[{"name":"wp","href":"https:\/\/api.w.org\/{rel}","templated":true}]}}