{"id":40443,"date":"2026-04-19T02:31:18","date_gmt":"2026-04-19T02:31:18","guid":{"rendered":"https:\/\/singuli.wpress.me\/index.php\/proizvod\/lipton-fitness-zeleni-caj-20-vrecica\/"},"modified":"2026-04-20T12:33:31","modified_gmt":"2026-04-20T12:33:31","slug":"lipton-fitness-zeleni-caj-20-vrecica","status":"publish","type":"product","link":"https:\/\/singuli.wpress.me\/index.php\/proizvod\/lipton-fitness-zeleni-caj-20-vrecica\/","title":{"rendered":"LIPTON Fitness, zeleni \u010daj, 20 vre\u0107ica"},"content":{"rendered":"<p>Funkcionalni aromatizirani \u010daj sa zelenim \u010dajem i aromati\u010dnim biljem.<\/p>\n<p>Green Tea Fitness kombinira dobrobiti zelenog \u010daja s koprivom i masla\u010dkom, biljkama koje su tradicionalno poznate po tome \u0161to poma\u017eu uravnote\u017eiti razinu vode u tijelu. Dodajte \u0161alicu zelenog \u010daja za fitness svojoj rutini i u\u017eivajte u zdravom na\u010dinu \u017eivota. \u010caj dobiven s planta\u017ea Rainforest Alliance Certified\u2122.<\/p>\n<p>Najbolje upotrijebiti do: vidi dno kutije.<\/p>\n<p>Lot: vidi dno kutije.<\/p>\n<p>Na\u010din \u010duvanja: \u010cuvati na hladnom i suhom mjestu.<\/p>\n<p>Upute za upotrebu: Vre\u0107icu \u010daja preliti s 200 ml kipu\u0107e vode i nakon 4-5 minuta izvaditi.<\/p>\n","protected":false},"excerpt":{"rendered":"<p>Funkcionalni aromatizirani \u010daj<br \/>\nZeleni \u010daj i aromati\u010dno bilje<br \/>\nLipton \u010dajevi jedni su od najprodavanijih \u010dajeva na svijetu<\/p>\n","protected":false},"featured_media":40444,"template":"","meta":{"_seopress_robots_primary_cat":"","_seopress_titles_title":"","_seopress_titles_desc":"","_seopress_robots_index":"","iawp_total_views":0},"product_brand":[361],"product_cat":[261,275],"product_tag":[],"class_list":{"0":"post-40443","1":"product","2":"type-product","3":"status-publish","4":"has-post-thumbnail","6":"product_brand-lipton","7":"product_cat-hrana-i-pice","8":"product_cat-kava-i-cajevi-261","10":"first","11":"outofstock","12":"shipping-taxable","13":"purchasable","14":"product-type-simple"},"_links":{"self":[{"href":"https:\/\/singuli.wpress.me\/index.php\/wp-json\/wp\/v2\/product\/40443","targetHints":{"allow":["GET"]}}],"collection":[{"href":"https:\/\/singuli.wpress.me\/index.php\/wp-json\/wp\/v2\/product"}],"about":[{"href":"https:\/\/singuli.wpress.me\/index.php\/wp-json\/wp\/v2\/types\/product"}],"version-history":[{"count":0,"href":"https:\/\/singuli.wpress.me\/index.php\/wp-json\/wp\/v2\/product\/40443\/revisions"}],"wp:featuredmedia":[{"embeddable":true,"href":"https:\/\/singuli.wpress.me\/index.php\/wp-json\/wp\/v2\/media\/40444"}],"wp:attachment":[{"href":"https:\/\/singuli.wpress.me\/index.php\/wp-json\/wp\/v2\/media?parent=40443"}],"wp:term":[{"taxonomy":"product_brand","embeddable":true,"href":"https:\/\/singuli.wpress.me\/index.php\/wp-json\/wp\/v2\/product_brand?post=40443"},{"taxonomy":"product_cat","embeddable":true,"href":"https:\/\/singuli.wpress.me\/index.php\/wp-json\/wp\/v2\/product_cat?post=40443"},{"taxonomy":"product_tag","embeddable":true,"href":"https:\/\/singuli.wpress.me\/index.php\/wp-json\/wp\/v2\/product_tag?post=40443"}],"curies":[{"name":"wp","href":"https:\/\/api.w.org\/{rel}","templated":true}]}}