{"id":40516,"date":"2026-04-19T02:31:52","date_gmt":"2026-04-19T02:31:52","guid":{"rendered":"https:\/\/singuli.wpress.me\/index.php\/proizvod\/domo-do9194wk-kuhalo-za-vodu\/"},"modified":"2026-04-20T12:33:32","modified_gmt":"2026-04-20T12:33:32","slug":"domo-do9194wk-kuhalo-za-vodu","status":"publish","type":"product","link":"https:\/\/singuli.wpress.me\/index.php\/proizvod\/domo-do9194wk-kuhalo-za-vodu\/","title":{"rendered":"DOMO DO9194WK, kuhalo za vodu"},"content":{"rendered":"<p>Sa kapacitetom od 1,7 litara Domo DO9194WK kuhalo omogu\u0107uje zagrijavanje velike koli\u010dine vode jednim zagrijavanjem. Zahvaljuju\u0107i maksimalnoj snazi \u200b\u200bod 2200 W to \u010dini u samo nekoliko sekundi!<br \/>\nUz pokaziva\u010d razine vode i mjernu ljestvicu sa strane, mo\u017eete to\u010dno predvidjeti koliko vode \u017eelite zagrijati. S bazom od 360\u00b0 imate koristi od optimalnog korisni\u010dkog iskustva jer kuhalo za vodu mo\u017eete jednostavno i brzo postaviti na rotiraju\u0107u bazu.<\/p>\n","protected":false},"excerpt":{"rendered":"<p>Kapacitetom od 1,7 l omogu\u0107uje zagrijavanje velike koli\u010dine vode u jednom potezu.<br \/>\nSvjetlosni indikator upozorit \u0107e vas kada je grija\u010d uklju\u010den<br \/>\nOmogu\u0107uje 360\u00b0 okretanje i automatski se isklju\u010duje kada voda zavrije<\/p>\n","protected":false},"featured_media":40517,"template":"","meta":{"_seopress_robots_primary_cat":"","_seopress_titles_title":"","_seopress_titles_desc":"","_seopress_robots_index":"","iawp_total_views":0},"product_brand":[255],"product_cat":[192,267],"product_tag":[],"class_list":{"0":"post-40516","1":"product","2":"type-product","3":"status-publish","4":"has-post-thumbnail","6":"product_brand-domo","7":"product_cat-aparati-za-osobnu-njegu","8":"product_cat-zdravstveni-uredaji-192","10":"first","11":"instock","12":"shipping-taxable","13":"purchasable","14":"product-type-simple"},"_links":{"self":[{"href":"https:\/\/singuli.wpress.me\/index.php\/wp-json\/wp\/v2\/product\/40516","targetHints":{"allow":["GET"]}}],"collection":[{"href":"https:\/\/singuli.wpress.me\/index.php\/wp-json\/wp\/v2\/product"}],"about":[{"href":"https:\/\/singuli.wpress.me\/index.php\/wp-json\/wp\/v2\/types\/product"}],"version-history":[{"count":0,"href":"https:\/\/singuli.wpress.me\/index.php\/wp-json\/wp\/v2\/product\/40516\/revisions"}],"wp:featuredmedia":[{"embeddable":true,"href":"https:\/\/singuli.wpress.me\/index.php\/wp-json\/wp\/v2\/media\/40517"}],"wp:attachment":[{"href":"https:\/\/singuli.wpress.me\/index.php\/wp-json\/wp\/v2\/media?parent=40516"}],"wp:term":[{"taxonomy":"product_brand","embeddable":true,"href":"https:\/\/singuli.wpress.me\/index.php\/wp-json\/wp\/v2\/product_brand?post=40516"},{"taxonomy":"product_cat","embeddable":true,"href":"https:\/\/singuli.wpress.me\/index.php\/wp-json\/wp\/v2\/product_cat?post=40516"},{"taxonomy":"product_tag","embeddable":true,"href":"https:\/\/singuli.wpress.me\/index.php\/wp-json\/wp\/v2\/product_tag?post=40516"}],"curies":[{"name":"wp","href":"https:\/\/api.w.org\/{rel}","templated":true}]}}