{"id":40524,"date":"2026-04-19T02:31:54","date_gmt":"2026-04-19T02:31:54","guid":{"rendered":"https:\/\/singuli.wpress.me\/index.php\/proizvod\/medex-propolis-vitamin-c-cink-sumece-tablete-2x10kom-20-kom\/"},"modified":"2026-04-20T12:33:32","modified_gmt":"2026-04-20T12:33:32","slug":"medex-propolis-vitamin-c-cink-sumece-tablete-2x10kom-20-kom","status":"publish","type":"product","link":"https:\/\/singuli.wpress.me\/index.php\/proizvod\/medex-propolis-vitamin-c-cink-sumece-tablete-2x10kom-20-kom\/","title":{"rendered":"MEDEX Propolis + vitamin C + cink, \u0161ume\u0107e tablete, 2x10kom, 20\u00a0kom"},"content":{"rendered":"<p>Dodatak prehrani s propolisom, vitaminom C i cinkom sa \u0161e\u0107erom i sladilom okus naran\u010de za imunolo\u0161ki sustav<br \/>\nVitamin C i cink doprinose normalnoj funkciji imunolo\u0161kog sustava i za\u0161titi stanica od oksidativnog stresa.<br \/>\nVitamin C doprinosi smanjenju umora i iscrpljenosti.<\/p>\n<p><span style=\"font-weight: bold\">Upute za upotrebu:<\/span> Preporu\u010dena dnevna doza je jedna \u0161ume\u0107a tableta, otopljena u \u010da\u0161i vode ili druge teku\u0107ine.<\/p>\n<p>U 1 tableti: 500 mg vitamina C (625 % PU), 10 mg cinka (100 % PU), 100 mg propolisa od \u010dega minimalno 25% polifenola 100 mg.<\/p>\n","protected":false},"excerpt":{"rendered":"<p>\u0160ume\u0107e tablete s propolisom<br \/>\nCink i vitamin C doprinose normalnoj funkciji imunolo\u0161kog sustava i za\u0161titi stanica od oksidativnog stresa<br \/>\nVitamin C doprinosi smanjenju umora i iscrpljenosti<\/p>\n","protected":false},"featured_media":40525,"template":"","meta":{"_seopress_robots_primary_cat":"","_seopress_titles_title":"","_seopress_titles_desc":"","_seopress_robots_index":"","iawp_total_views":0},"product_brand":[415],"product_cat":[268,269],"product_tag":[],"class_list":{"0":"post-40524","1":"product","2":"type-product","3":"status-publish","4":"has-post-thumbnail","6":"product_brand-medex","7":"product_cat-kozmetika-2","8":"product_cat-zastita-koze-268","10":"first","11":"outofstock","12":"shipping-taxable","13":"purchasable","14":"product-type-simple"},"_links":{"self":[{"href":"https:\/\/singuli.wpress.me\/index.php\/wp-json\/wp\/v2\/product\/40524","targetHints":{"allow":["GET"]}}],"collection":[{"href":"https:\/\/singuli.wpress.me\/index.php\/wp-json\/wp\/v2\/product"}],"about":[{"href":"https:\/\/singuli.wpress.me\/index.php\/wp-json\/wp\/v2\/types\/product"}],"version-history":[{"count":0,"href":"https:\/\/singuli.wpress.me\/index.php\/wp-json\/wp\/v2\/product\/40524\/revisions"}],"wp:featuredmedia":[{"embeddable":true,"href":"https:\/\/singuli.wpress.me\/index.php\/wp-json\/wp\/v2\/media\/40525"}],"wp:attachment":[{"href":"https:\/\/singuli.wpress.me\/index.php\/wp-json\/wp\/v2\/media?parent=40524"}],"wp:term":[{"taxonomy":"product_brand","embeddable":true,"href":"https:\/\/singuli.wpress.me\/index.php\/wp-json\/wp\/v2\/product_brand?post=40524"},{"taxonomy":"product_cat","embeddable":true,"href":"https:\/\/singuli.wpress.me\/index.php\/wp-json\/wp\/v2\/product_cat?post=40524"},{"taxonomy":"product_tag","embeddable":true,"href":"https:\/\/singuli.wpress.me\/index.php\/wp-json\/wp\/v2\/product_tag?post=40524"}],"curies":[{"name":"wp","href":"https:\/\/api.w.org\/{rel}","templated":true}]}}