{"id":40532,"date":"2026-04-19T02:31:57","date_gmt":"2026-04-19T02:31:57","guid":{"rendered":"https:\/\/singuli.wpress.me\/index.php\/proizvod\/old-spice-lagoon-dezodorans-u-sticku-50-ml\/"},"modified":"2026-04-20T12:33:32","modified_gmt":"2026-04-20T12:33:32","slug":"old-spice-lagoon-dezodorans-u-sticku-50-ml","status":"publish","type":"product","link":"https:\/\/singuli.wpress.me\/index.php\/proizvod\/old-spice-lagoon-dezodorans-u-sticku-50-ml\/","title":{"rendered":"OLD SPICE Lagoon, dezodorans u sticku, 50\u00a0ml"},"content":{"rendered":"<p>Kad mu\u0161karci koriste Old Spice, od njegove se veli\u010danstvene svje\u017eine \u010desto malo pogube. Zato, ako ugleda\u0161 njegovanog mu\u0161karca koji dobro miri\u0161e, ali izgleda pomalo zbunjeno, mo\u017eda je pred tobom novi korisnik dezodoransa u stiku Old Spice Lagoon. No, uvijek postoji i mogu\u0107nost da je izgubio razum iz nekog drugog razloga, zato budi na oprezu. <\/p>\n<p>Old Spice donosi \u0161iroku ponudu mirisa za mu\u0161karce koji \u017eive dinami\u010dnim i nekonvencionalnim \u017eivotom. Izrazito mu\u017eevan miris koji sna\u017ei i osvje\u017eava. <\/p>\n<p>Odaberi ovaj dezodorans za mu\u0161karce i otkrij kako se dobro miri\u0161e uz mo\u0107an miris slobode.<\/p>\n","protected":false},"excerpt":{"rendered":"<p>Tehnologija cjelodnevnog mirisa<br \/>\nMo\u0107no nadja\u010dava neugodne mirise<br \/>\nZa\u0161tita od bijelih i \u017eutih mrlja<\/p>\n","protected":false},"featured_media":40533,"template":"","meta":{"_seopress_robots_primary_cat":"","_seopress_titles_title":"","_seopress_titles_desc":"","_seopress_robots_index":"","iawp_total_views":0},"product_brand":[448],"product_cat":[268,278],"product_tag":[],"class_list":{"0":"post-40532","1":"product","2":"type-product","3":"status-publish","4":"has-post-thumbnail","6":"product_brand-old-spice","7":"product_cat-kozmetika-2","8":"product_cat-njega-tijela-268","10":"first","11":"outofstock","12":"shipping-taxable","13":"purchasable","14":"product-type-simple"},"_links":{"self":[{"href":"https:\/\/singuli.wpress.me\/index.php\/wp-json\/wp\/v2\/product\/40532","targetHints":{"allow":["GET"]}}],"collection":[{"href":"https:\/\/singuli.wpress.me\/index.php\/wp-json\/wp\/v2\/product"}],"about":[{"href":"https:\/\/singuli.wpress.me\/index.php\/wp-json\/wp\/v2\/types\/product"}],"version-history":[{"count":0,"href":"https:\/\/singuli.wpress.me\/index.php\/wp-json\/wp\/v2\/product\/40532\/revisions"}],"wp:featuredmedia":[{"embeddable":true,"href":"https:\/\/singuli.wpress.me\/index.php\/wp-json\/wp\/v2\/media\/40533"}],"wp:attachment":[{"href":"https:\/\/singuli.wpress.me\/index.php\/wp-json\/wp\/v2\/media?parent=40532"}],"wp:term":[{"taxonomy":"product_brand","embeddable":true,"href":"https:\/\/singuli.wpress.me\/index.php\/wp-json\/wp\/v2\/product_brand?post=40532"},{"taxonomy":"product_cat","embeddable":true,"href":"https:\/\/singuli.wpress.me\/index.php\/wp-json\/wp\/v2\/product_cat?post=40532"},{"taxonomy":"product_tag","embeddable":true,"href":"https:\/\/singuli.wpress.me\/index.php\/wp-json\/wp\/v2\/product_tag?post=40532"}],"curies":[{"name":"wp","href":"https:\/\/api.w.org\/{rel}","templated":true}]}}