{"id":40537,"date":"2026-04-19T02:31:59","date_gmt":"2026-04-19T02:31:59","guid":{"rendered":"https:\/\/singuli.wpress.me\/index.php\/proizvod\/always-discreet-ulosci-za-inkotinenciju-24-kom\/"},"modified":"2026-04-21T00:27:03","modified_gmt":"2026-04-21T00:27:03","slug":"always-discreet-ulosci-za-inkotinenciju-24-kom","status":"publish","type":"product","link":"https:\/\/singuli.wpress.me\/index.php\/proizvod\/always-discreet-ulosci-za-inkotinenciju-24-kom\/","title":{"rendered":"ALWAYS Discreet, ulo\u0161ci za inkotinenciju, 24\u00a0kom"},"content":{"rendered":"<p>Tanki ulo\u0161ci Always Discreet Long, 24 komada. Za trenutke kada vam treba malo dodatne za\u0161tite tu su tanki ulo\u0161ci za inkontinenciju Always Discreet. Njihova pouzdana tehnologija Odour Lock pru\u017ea svje\u017einu i daje vam samopouzdanje na koje se mo\u017eete osloniti. U slu\u010daju urinarne inkontinencije isprobajte tanke ulo\u0161ke Always Discreet za slab mjehur. Dostupni su u veli\u010dinama Normal, Long i Long Plus.<\/p>\n","protected":false},"excerpt":{"rendered":"<p>Za osjetljiv mjehur<br \/>\nNeutralizacija neugodnih mirisa.<br \/>\nDermatolo\u0161ki provjereno<\/p>\n","protected":false},"featured_media":40538,"template":"","meta":{"_seopress_robots_primary_cat":"","_seopress_titles_title":"","_seopress_titles_desc":"","_seopress_robots_index":"","iawp_total_views":0},"product_brand":[449],"product_cat":[211,288],"product_tag":[],"class_list":{"0":"post-40537","1":"product","2":"type-product","3":"status-publish","4":"has-post-thumbnail","6":"product_brand-always","7":"product_cat-njega-majke-i-djeteta","8":"product_cat-zenska-higijena-211","10":"first","11":"outofstock","12":"shipping-taxable","13":"purchasable","14":"product-type-simple"},"_links":{"self":[{"href":"https:\/\/singuli.wpress.me\/index.php\/wp-json\/wp\/v2\/product\/40537","targetHints":{"allow":["GET"]}}],"collection":[{"href":"https:\/\/singuli.wpress.me\/index.php\/wp-json\/wp\/v2\/product"}],"about":[{"href":"https:\/\/singuli.wpress.me\/index.php\/wp-json\/wp\/v2\/types\/product"}],"version-history":[{"count":0,"href":"https:\/\/singuli.wpress.me\/index.php\/wp-json\/wp\/v2\/product\/40537\/revisions"}],"wp:featuredmedia":[{"embeddable":true,"href":"https:\/\/singuli.wpress.me\/index.php\/wp-json\/wp\/v2\/media\/40538"}],"wp:attachment":[{"href":"https:\/\/singuli.wpress.me\/index.php\/wp-json\/wp\/v2\/media?parent=40537"}],"wp:term":[{"taxonomy":"product_brand","embeddable":true,"href":"https:\/\/singuli.wpress.me\/index.php\/wp-json\/wp\/v2\/product_brand?post=40537"},{"taxonomy":"product_cat","embeddable":true,"href":"https:\/\/singuli.wpress.me\/index.php\/wp-json\/wp\/v2\/product_cat?post=40537"},{"taxonomy":"product_tag","embeddable":true,"href":"https:\/\/singuli.wpress.me\/index.php\/wp-json\/wp\/v2\/product_tag?post=40537"}],"curies":[{"name":"wp","href":"https:\/\/api.w.org\/{rel}","templated":true}]}}