{"id":40548,"date":"2026-04-19T02:32:06","date_gmt":"2026-04-19T02:32:06","guid":{"rendered":"https:\/\/singuli.wpress.me\/index.php\/proizvod\/shell-sampon-0-5-l\/"},"modified":"2026-04-20T12:33:32","modified_gmt":"2026-04-20T12:33:32","slug":"shell-sampon-0-5-l","status":"publish","type":"product","link":"https:\/\/singuli.wpress.me\/index.php\/proizvod\/shell-sampon-0-5-l\/","title":{"rendered":"SHELL, \u0161ampon, 0.5\u00a0l"},"content":{"rendered":"<p>Wax Shampoo je visoko u\u010dinkovit i koncentriran 3-u-1 \u0161ampon s voskom. Savr\u0161eno \u010disti, daje sjaj i \u0161titi povr\u0161ine (3 u 1). Prikladno za sve vrste boja kao i za metalne, plasti\u010dne i gumene dijelove. U\u010dinkovito uklanja i najtvrdokorniju prljav\u0161tinu, ostatke insekata i korozivne naslage. Ostavlja za\u0161titni sloj voska i sjaj bez tragova i mrlja. Upute za kori\u0161tenje: prije pranja, isperite automobil vodom. Protresite ambala\u017eu. Ulijte 50 ml \u0161ampona (3 \u010depa) u 10 litara tople vode. Operite vozilo mekom spu\u017evom, isperite \u010distom vodom i zatim ga osu\u0161ite krpom od jelenske ko\u017ee ili bilo kojom drugom mekom krpom. Nemojte dopustiti da se pjena osu\u0161i na laku. Nemojte koristiti na vru\u0107im povr\u0161inama ili na punom suncu.<\/p>\n","protected":false},"excerpt":{"rendered":"<p>\u0160ampon s voskom<br \/>\n3-u-1 \u0161ampon s voskom<br \/>\nU\u010dinkovito uklanja i najtvrdokorniju prljav\u0161tinu, ostatke insekata i korozivne naslage<\/p>\n","protected":false},"featured_media":40549,"template":"","meta":{"_seopress_robots_primary_cat":"","_seopress_titles_title":"","_seopress_titles_desc":"","_seopress_robots_index":"","iawp_total_views":0},"product_brand":[326],"product_cat":[243,273],"product_tag":[],"class_list":{"0":"post-40548","1":"product","2":"type-product","3":"status-publish","4":"has-post-thumbnail","6":"product_brand-shell","7":"product_cat-automobili-i-motori","8":"product_cat-njega-vozila-243","10":"first","11":"instock","12":"shipping-taxable","13":"purchasable","14":"product-type-simple"},"_links":{"self":[{"href":"https:\/\/singuli.wpress.me\/index.php\/wp-json\/wp\/v2\/product\/40548","targetHints":{"allow":["GET"]}}],"collection":[{"href":"https:\/\/singuli.wpress.me\/index.php\/wp-json\/wp\/v2\/product"}],"about":[{"href":"https:\/\/singuli.wpress.me\/index.php\/wp-json\/wp\/v2\/types\/product"}],"version-history":[{"count":0,"href":"https:\/\/singuli.wpress.me\/index.php\/wp-json\/wp\/v2\/product\/40548\/revisions"}],"wp:featuredmedia":[{"embeddable":true,"href":"https:\/\/singuli.wpress.me\/index.php\/wp-json\/wp\/v2\/media\/40549"}],"wp:attachment":[{"href":"https:\/\/singuli.wpress.me\/index.php\/wp-json\/wp\/v2\/media?parent=40548"}],"wp:term":[{"taxonomy":"product_brand","embeddable":true,"href":"https:\/\/singuli.wpress.me\/index.php\/wp-json\/wp\/v2\/product_brand?post=40548"},{"taxonomy":"product_cat","embeddable":true,"href":"https:\/\/singuli.wpress.me\/index.php\/wp-json\/wp\/v2\/product_cat?post=40548"},{"taxonomy":"product_tag","embeddable":true,"href":"https:\/\/singuli.wpress.me\/index.php\/wp-json\/wp\/v2\/product_tag?post=40548"}],"curies":[{"name":"wp","href":"https:\/\/api.w.org\/{rel}","templated":true}]}}