{"id":40552,"date":"2026-04-19T02:32:10","date_gmt":"2026-04-19T02:32:10","guid":{"rendered":"https:\/\/singuli.wpress.me\/index.php\/proizvod\/uhu-jumbo-trenutno-ljepilo-12kom-pakiranje\/"},"modified":"2026-04-20T12:33:32","modified_gmt":"2026-04-20T12:33:32","slug":"uhu-jumbo-trenutno-ljepilo-12kom-pakiranje","status":"publish","type":"product","link":"https:\/\/singuli.wpress.me\/index.php\/proizvod\/uhu-jumbo-trenutno-ljepilo-12kom-pakiranje\/","title":{"rendered":"UHU Jumbo, trenutno ljepilo, 12kom pakiranje"},"content":{"rendered":"<p>UHU univerzalno ljepilo je provjereno, teku\u0107e, brzo, kristalno prozirno, sinteti\u010dko ljepilo. Ljepilo ostaje elasti\u010dno. <\/p>\n<p>Dijelove koje lijepimo mogu se kra\u0107e vrijeme pode\u0161avati. Ne gu\u017eva papir.<\/p>\n","protected":false},"excerpt":{"rendered":"<p>Ljepilo ostaje elasti\u010dno<br \/>\nTeku\u0107e, brzo, kristalno prozirno sinteti\u010dko ljepilo<br \/>\nNe gu\u017eva papir<\/p>\n","protected":false},"featured_media":40553,"template":"","meta":{"_seopress_robots_primary_cat":"","_seopress_titles_title":"","_seopress_titles_desc":"","_seopress_robots_index":"","iawp_total_views":0},"product_brand":[445],"product_cat":[264,238],"product_tag":[],"class_list":{"0":"post-40552","1":"product","2":"type-product","3":"status-publish","4":"has-post-thumbnail","6":"product_brand-uhu","7":"product_cat-ljepila-i-brtvila-238","8":"product_cat-sve-za-dom","10":"first","11":"outofstock","12":"shipping-taxable","13":"purchasable","14":"product-type-simple"},"_links":{"self":[{"href":"https:\/\/singuli.wpress.me\/index.php\/wp-json\/wp\/v2\/product\/40552","targetHints":{"allow":["GET"]}}],"collection":[{"href":"https:\/\/singuli.wpress.me\/index.php\/wp-json\/wp\/v2\/product"}],"about":[{"href":"https:\/\/singuli.wpress.me\/index.php\/wp-json\/wp\/v2\/types\/product"}],"version-history":[{"count":0,"href":"https:\/\/singuli.wpress.me\/index.php\/wp-json\/wp\/v2\/product\/40552\/revisions"}],"wp:featuredmedia":[{"embeddable":true,"href":"https:\/\/singuli.wpress.me\/index.php\/wp-json\/wp\/v2\/media\/40553"}],"wp:attachment":[{"href":"https:\/\/singuli.wpress.me\/index.php\/wp-json\/wp\/v2\/media?parent=40552"}],"wp:term":[{"taxonomy":"product_brand","embeddable":true,"href":"https:\/\/singuli.wpress.me\/index.php\/wp-json\/wp\/v2\/product_brand?post=40552"},{"taxonomy":"product_cat","embeddable":true,"href":"https:\/\/singuli.wpress.me\/index.php\/wp-json\/wp\/v2\/product_cat?post=40552"},{"taxonomy":"product_tag","embeddable":true,"href":"https:\/\/singuli.wpress.me\/index.php\/wp-json\/wp\/v2\/product_tag?post=40552"}],"curies":[{"name":"wp","href":"https:\/\/api.w.org\/{rel}","templated":true}]}}