{"id":40558,"date":"2026-04-19T02:32:12","date_gmt":"2026-04-19T02:32:12","guid":{"rendered":"https:\/\/singuli.wpress.me\/index.php\/proizvod\/eraclea-4-tamna-s-chili-papricicama-vruca-cokolada-15x32g-kutija\/"},"modified":"2026-04-20T12:33:32","modified_gmt":"2026-04-20T12:33:32","slug":"eraclea-4-tamna-s-chili-papricicama-vruca-cokolada-15x32g-kutija","status":"publish","type":"product","link":"https:\/\/singuli.wpress.me\/index.php\/proizvod\/eraclea-4-tamna-s-chili-papricicama-vruca-cokolada-15x32g-kutija\/","title":{"rendered":"ERACLEA 4 &#8211; tamna s chili papri\u010dicama, vru\u0107a \u010dokolada, 15x32g\/kutija"},"content":{"rendered":"<p>Eraclea vru\u0107a \u010dokolada &#8211; gusta, bar\u0161unasta i ukusna. Prava talijanska vru\u0107a \u010dokolada.<\/p>\n<p>Eraclea vru\u0107a \u010dokolada i usluge barista najbolje zadovoljavaju ukuse va\u0161ih kupaca i podr\u017eavaju va\u0161e poslovanje u prodaji Eraclea i Lavazza proizvoda.<\/p>\n<p>Eraclea elegantne, prakti\u010dne i ukusne tople \u010dokolade dolaze u pakiranju za jedno poslu\u017eivanje. Uravnote\u017eene slatko\u0107e, puna i obavijaju\u0107a, ovo je klasi\u010dna Eraclea topla \u010dokolada.<\/p>\n<p>Priprema: U lonac ulijte 125 ml mlijeka ili biljnog mlijeka. U mlijeko umije\u0161ajte vre\u0107icu pripravka od tople \u010dokolade. Zagrijte na posudi za paru na aparatu za espresso. Ulijte pi\u0107e u \u0161alicu.                                                                                                                                                                         <\/p>\n","protected":false},"excerpt":{"rendered":"<p>Tamna vru\u0107a \u010dokolada s chili papri\u010dicama<br \/>\nEraclea topla \u010dokolada &#8211; gusta, bar\u0161unasta i ukusna<br \/>\nPakiranje: 15 vre\u0107ica po 32g<\/p>\n","protected":false},"featured_media":40559,"template":"","meta":{"_seopress_robots_primary_cat":"","_seopress_titles_title":"","_seopress_titles_desc":"","_seopress_robots_index":"","iawp_total_views":0},"product_brand":[432],"product_cat":[261,275],"product_tag":[],"class_list":{"0":"post-40558","1":"product","2":"type-product","3":"status-publish","4":"has-post-thumbnail","6":"product_brand-eraclea","7":"product_cat-hrana-i-pice","8":"product_cat-kava-i-cajevi-261","10":"first","11":"instock","12":"shipping-taxable","13":"purchasable","14":"product-type-simple"},"_links":{"self":[{"href":"https:\/\/singuli.wpress.me\/index.php\/wp-json\/wp\/v2\/product\/40558","targetHints":{"allow":["GET"]}}],"collection":[{"href":"https:\/\/singuli.wpress.me\/index.php\/wp-json\/wp\/v2\/product"}],"about":[{"href":"https:\/\/singuli.wpress.me\/index.php\/wp-json\/wp\/v2\/types\/product"}],"version-history":[{"count":0,"href":"https:\/\/singuli.wpress.me\/index.php\/wp-json\/wp\/v2\/product\/40558\/revisions"}],"wp:featuredmedia":[{"embeddable":true,"href":"https:\/\/singuli.wpress.me\/index.php\/wp-json\/wp\/v2\/media\/40559"}],"wp:attachment":[{"href":"https:\/\/singuli.wpress.me\/index.php\/wp-json\/wp\/v2\/media?parent=40558"}],"wp:term":[{"taxonomy":"product_brand","embeddable":true,"href":"https:\/\/singuli.wpress.me\/index.php\/wp-json\/wp\/v2\/product_brand?post=40558"},{"taxonomy":"product_cat","embeddable":true,"href":"https:\/\/singuli.wpress.me\/index.php\/wp-json\/wp\/v2\/product_cat?post=40558"},{"taxonomy":"product_tag","embeddable":true,"href":"https:\/\/singuli.wpress.me\/index.php\/wp-json\/wp\/v2\/product_tag?post=40558"}],"curies":[{"name":"wp","href":"https:\/\/api.w.org\/{rel}","templated":true}]}}