{"id":40581,"date":"2026-04-19T02:32:17","date_gmt":"2026-04-19T02:32:17","guid":{"rendered":"https:\/\/singuli.wpress.me\/index.php\/proizvod\/laica-bi-flux-coffetea-filter\/"},"modified":"2026-04-20T12:33:32","modified_gmt":"2026-04-20T12:33:32","slug":"laica-bi-flux-coffetea-filter","status":"publish","type":"product","link":"https:\/\/singuli.wpress.me\/index.php\/proizvod\/laica-bi-flux-coffetea-filter\/","title":{"rendered":"LAICA Bi-flux Coffe&amp;Tea , filter"},"content":{"rendered":"<p>Laica Bi-flux Coffe&amp;Tea je umetak za filter vr\u010deve s posebnom formulacijom namijenjenoj pripremi \u010daja i kave. Bi-flux Coffe&amp;Tea smanjuje tvrdo\u0107u vode i \u010duva mineralne soli koje su korisne za tijelo. Tako\u0111er smanjuje kemijske zaga\u0111iva\u010de, te\u0161ke metale i klor koji mogu biti prisutni u vodi. Ulo\u017eak tako\u0111er odr\u017eava kontrolirani pH vode za pobolj\u0161anje okusa \u010daja i kave.<\/p>\n","protected":false},"excerpt":{"rendered":"<p>Za dobru kavu potrebna je dobra voda.<br \/>\nUmetak za filter vr\u010deve s posebnom formulacijom namijenjenom za pripremu \u010daja i kave.<br \/>\nSmanjuje tvrdo\u0107u vode i \u010duva mineralne soli.<\/p>\n","protected":false},"featured_media":40582,"template":"","meta":{"_seopress_robots_primary_cat":"","_seopress_titles_title":"","_seopress_titles_desc":"","_seopress_robots_index":"","iawp_total_views":0},"product_brand":[148],"product_cat":[274,238],"product_tag":[],"class_list":{"0":"post-40581","1":"product","2":"type-product","3":"status-publish","4":"has-post-thumbnail","6":"product_brand-laica","7":"product_cat-kucanski-pribor-238","8":"product_cat-sve-za-dom","10":"first","11":"outofstock","12":"shipping-taxable","13":"purchasable","14":"product-type-simple"},"_links":{"self":[{"href":"https:\/\/singuli.wpress.me\/index.php\/wp-json\/wp\/v2\/product\/40581","targetHints":{"allow":["GET"]}}],"collection":[{"href":"https:\/\/singuli.wpress.me\/index.php\/wp-json\/wp\/v2\/product"}],"about":[{"href":"https:\/\/singuli.wpress.me\/index.php\/wp-json\/wp\/v2\/types\/product"}],"version-history":[{"count":0,"href":"https:\/\/singuli.wpress.me\/index.php\/wp-json\/wp\/v2\/product\/40581\/revisions"}],"wp:featuredmedia":[{"embeddable":true,"href":"https:\/\/singuli.wpress.me\/index.php\/wp-json\/wp\/v2\/media\/40582"}],"wp:attachment":[{"href":"https:\/\/singuli.wpress.me\/index.php\/wp-json\/wp\/v2\/media?parent=40581"}],"wp:term":[{"taxonomy":"product_brand","embeddable":true,"href":"https:\/\/singuli.wpress.me\/index.php\/wp-json\/wp\/v2\/product_brand?post=40581"},{"taxonomy":"product_cat","embeddable":true,"href":"https:\/\/singuli.wpress.me\/index.php\/wp-json\/wp\/v2\/product_cat?post=40581"},{"taxonomy":"product_tag","embeddable":true,"href":"https:\/\/singuli.wpress.me\/index.php\/wp-json\/wp\/v2\/product_tag?post=40581"}],"curies":[{"name":"wp","href":"https:\/\/api.w.org\/{rel}","templated":true}]}}