{"id":40674,"date":"2026-04-19T15:17:09","date_gmt":"2026-04-19T15:17:09","guid":{"rendered":"https:\/\/singuli.wpress.me\/index.php\/proizvod\/rotella-dd-40-motorno-ulje-209-l\/"},"modified":"2026-04-20T12:33:32","modified_gmt":"2026-04-20T12:33:32","slug":"rotella-dd-40-motorno-ulje-209-l","status":"publish","type":"product","link":"https:\/\/singuli.wpress.me\/index.php\/proizvod\/rotella-dd-40-motorno-ulje-209-l\/","title":{"rendered":"ROTELLA DD+ 40 , motorno ulje, 209\u00a0l"},"content":{"rendered":"<p>Visokou\u010dinkovito motorno ulje dizajnirano za sve dvotaktne te\u0161ko optere\u0107ene dizelske motore. Smanjen rizik od o\u0161te\u0107enja ventila i nakupljanja naslaga u komori za izgaranje. Posebno odobreno za Detroit Diesel Corporation pod specifikacijom DDC 7SE 270 8810 gdje se tra\u017ei niskopepelno ulje.<\/p>\n<p><span style=\"font-weight: bold\">Specifikacija: <\/span>API Service klasifikacija: CF-II, CF; Detroit Diesel Corporation: 7SE 270 8810 (sulfatni pepeo manje od 0.8%)-sva oprema.<\/p>\n","protected":false},"excerpt":{"rendered":"<p>Motorno ulje za dvotaktne te\u0161ko optere\u0107ene dizelske motore<br \/>\nDizajnirano za dvotaktne te\u0161ko optere\u0107ene  dizelske motore<br \/>\nSmanjen rizik od o\u0161te\u0107enja ventila<\/p>\n","protected":false},"featured_media":40675,"template":"","meta":{"_seopress_robots_primary_cat":"","_seopress_titles_title":"","_seopress_titles_desc":"","_seopress_robots_index":"","iawp_total_views":0},"product_brand":[855],"product_cat":[243,276],"product_tag":[],"class_list":{"0":"post-40674","1":"product","2":"type-product","3":"status-publish","4":"has-post-thumbnail","6":"product_brand-rotella","7":"product_cat-automobili-i-motori","8":"product_cat-industrijska-i-specijalna-ulja-243","10":"first","11":"outofstock","12":"shipping-taxable","13":"purchasable","14":"product-type-simple"},"_links":{"self":[{"href":"https:\/\/singuli.wpress.me\/index.php\/wp-json\/wp\/v2\/product\/40674","targetHints":{"allow":["GET"]}}],"collection":[{"href":"https:\/\/singuli.wpress.me\/index.php\/wp-json\/wp\/v2\/product"}],"about":[{"href":"https:\/\/singuli.wpress.me\/index.php\/wp-json\/wp\/v2\/types\/product"}],"version-history":[{"count":0,"href":"https:\/\/singuli.wpress.me\/index.php\/wp-json\/wp\/v2\/product\/40674\/revisions"}],"wp:featuredmedia":[{"embeddable":true,"href":"https:\/\/singuli.wpress.me\/index.php\/wp-json\/wp\/v2\/media\/40675"}],"wp:attachment":[{"href":"https:\/\/singuli.wpress.me\/index.php\/wp-json\/wp\/v2\/media?parent=40674"}],"wp:term":[{"taxonomy":"product_brand","embeddable":true,"href":"https:\/\/singuli.wpress.me\/index.php\/wp-json\/wp\/v2\/product_brand?post=40674"},{"taxonomy":"product_cat","embeddable":true,"href":"https:\/\/singuli.wpress.me\/index.php\/wp-json\/wp\/v2\/product_cat?post=40674"},{"taxonomy":"product_tag","embeddable":true,"href":"https:\/\/singuli.wpress.me\/index.php\/wp-json\/wp\/v2\/product_tag?post=40674"}],"curies":[{"name":"wp","href":"https:\/\/api.w.org\/{rel}","templated":true}]}}