{"id":40745,"date":"2026-04-19T15:17:40","date_gmt":"2026-04-19T15:17:40","guid":{"rendered":"https:\/\/singuli.wpress.me\/index.php\/proizvod\/wahl-putni-set\/"},"modified":"2026-04-20T12:33:32","modified_gmt":"2026-04-20T12:33:32","slug":"wahl-putni-set","status":"publish","type":"product","link":"https:\/\/singuli.wpress.me\/index.php\/proizvod\/wahl-putni-set\/","title":{"rendered":"WAHL, putni set"},"content":{"rendered":"<p>Komplet za podrezivanje dla\u010dica s torbicom i kompaktnim trimerom. <\/p>\n<p>\u010celi\u010dne o\u0161trice profesionalne kvalitete perive su pod vodom, mogu\u0107nost pode\u0161avanja na 6 duljina.<\/p>\n","protected":false},"excerpt":{"rendered":"<p>\u010celi\u010dne o\u0161trice profesionalne kvalitete perive su pod vodom<br \/>\nTorbica s patentnim zatvara\u010dem za prakti\u010dno i jednostavno spremanje<br \/>\nIma mogu\u0107nost pode\u0161avanja na 6 duljina te dolazi s nizom prakti\u010dnih dodataka za putovanja<\/p>\n","protected":false},"featured_media":40746,"template":"","meta":{"_seopress_robots_primary_cat":"","_seopress_titles_title":"","_seopress_titles_desc":"","_seopress_robots_index":"","iawp_total_views":0},"product_brand":[159],"product_cat":[280,192,279],"product_tag":[],"class_list":{"0":"post-40745","1":"product","2":"type-product","3":"status-publish","4":"has-post-thumbnail","6":"product_brand-wahl","7":"product_cat-aparati-za-muskarce-279","8":"product_cat-aparati-za-osobnu-njegu","9":"product_cat-brijanje-i-sisanje-192","11":"first","12":"outofstock","13":"shipping-taxable","14":"purchasable","15":"product-type-simple"},"_links":{"self":[{"href":"https:\/\/singuli.wpress.me\/index.php\/wp-json\/wp\/v2\/product\/40745","targetHints":{"allow":["GET"]}}],"collection":[{"href":"https:\/\/singuli.wpress.me\/index.php\/wp-json\/wp\/v2\/product"}],"about":[{"href":"https:\/\/singuli.wpress.me\/index.php\/wp-json\/wp\/v2\/types\/product"}],"version-history":[{"count":0,"href":"https:\/\/singuli.wpress.me\/index.php\/wp-json\/wp\/v2\/product\/40745\/revisions"}],"wp:featuredmedia":[{"embeddable":true,"href":"https:\/\/singuli.wpress.me\/index.php\/wp-json\/wp\/v2\/media\/40746"}],"wp:attachment":[{"href":"https:\/\/singuli.wpress.me\/index.php\/wp-json\/wp\/v2\/media?parent=40745"}],"wp:term":[{"taxonomy":"product_brand","embeddable":true,"href":"https:\/\/singuli.wpress.me\/index.php\/wp-json\/wp\/v2\/product_brand?post=40745"},{"taxonomy":"product_cat","embeddable":true,"href":"https:\/\/singuli.wpress.me\/index.php\/wp-json\/wp\/v2\/product_cat?post=40745"},{"taxonomy":"product_tag","embeddable":true,"href":"https:\/\/singuli.wpress.me\/index.php\/wp-json\/wp\/v2\/product_tag?post=40745"}],"curies":[{"name":"wp","href":"https:\/\/api.w.org\/{rel}","templated":true}]}}