{"id":40795,"date":"2026-04-19T15:17:53","date_gmt":"2026-04-19T15:17:53","guid":{"rendered":"https:\/\/singuli.wpress.me\/index.php\/proizvod\/hot-wheels-city-t-rex-set-za-igru\/"},"modified":"2026-04-21T00:27:04","modified_gmt":"2026-04-21T00:27:04","slug":"hot-wheels-city-t-rex-set-za-igru","status":"publish","type":"product","link":"https:\/\/singuli.wpress.me\/index.php\/proizvod\/hot-wheels-city-t-rex-set-za-igru\/","title":{"rendered":"HOT WHEELS City T- Rex, set za igru"},"content":{"rendered":"<p>Sru\u0161i dinosaura i spasi dan u Hot Wheels\u2122 City T-Rex Chomp-Down\u2122 setu za igru!<\/p>\n<p>T-rex napada tvoj omiljeni grad, a na tebi je da ga spasi\u0161! Upotrijebi dovoljno sile da uspije\u0161 nokautirati dinosaura ciljaju\u0107i u metu na repu dinosaura. <\/p>\n<p>Smjesti prilo\u017eeno Hot Wheels\u00ae vozilo u policijsku postaju te pritisni baca\u010d kako bi ga poslao kroz veliku petlju i porazio. Pa\u017eljivo prati kako mu se ljuti pogled \u017eute boje mijenja u nokautirane X-eve! <\/p>\n<p>Hot Wheels\u2122 City T-Rex Chomp-Down\u2122 set za igru povezuje se s drugim setovima, a djeca mogu stvoriti grad pun avantura za svoje Hot Wheels\u00ae automobile.<\/p>\n<p>Uklju\u010deno je jedno Hot Wheels\u00ae vozilo u omjeru 1:64.<\/p>\n<p>Namijenjen je djeci od 4 godine i vi\u0161e. <\/p>\n<p>Boje i dekoracije mogu se razlikovati.<\/p>\n","protected":false},"excerpt":{"rendered":"<p>set za igru povezuje se s drugim setovima<br \/>\nVeli\u010dina 1:64<br \/>\nDob: 4+ god<\/p>\n","protected":false},"featured_media":40796,"template":"","meta":{"_seopress_robots_primary_cat":"","_seopress_titles_title":"","_seopress_titles_desc":"","_seopress_robots_index":"","iawp_total_views":0},"product_brand":[429],"product_cat":[221,291],"product_tag":[],"class_list":{"0":"post-40795","1":"product","2":"type-product","3":"status-publish","4":"has-post-thumbnail","6":"product_brand-hot-wheels","7":"product_cat-igracke","8":"product_cat-igracke-za-djecu-221","10":"first","11":"instock","12":"shipping-taxable","13":"purchasable","14":"product-type-simple"},"_links":{"self":[{"href":"https:\/\/singuli.wpress.me\/index.php\/wp-json\/wp\/v2\/product\/40795","targetHints":{"allow":["GET"]}}],"collection":[{"href":"https:\/\/singuli.wpress.me\/index.php\/wp-json\/wp\/v2\/product"}],"about":[{"href":"https:\/\/singuli.wpress.me\/index.php\/wp-json\/wp\/v2\/types\/product"}],"version-history":[{"count":0,"href":"https:\/\/singuli.wpress.me\/index.php\/wp-json\/wp\/v2\/product\/40795\/revisions"}],"wp:featuredmedia":[{"embeddable":true,"href":"https:\/\/singuli.wpress.me\/index.php\/wp-json\/wp\/v2\/media\/40796"}],"wp:attachment":[{"href":"https:\/\/singuli.wpress.me\/index.php\/wp-json\/wp\/v2\/media?parent=40795"}],"wp:term":[{"taxonomy":"product_brand","embeddable":true,"href":"https:\/\/singuli.wpress.me\/index.php\/wp-json\/wp\/v2\/product_brand?post=40795"},{"taxonomy":"product_cat","embeddable":true,"href":"https:\/\/singuli.wpress.me\/index.php\/wp-json\/wp\/v2\/product_cat?post=40795"},{"taxonomy":"product_tag","embeddable":true,"href":"https:\/\/singuli.wpress.me\/index.php\/wp-json\/wp\/v2\/product_tag?post=40795"}],"curies":[{"name":"wp","href":"https:\/\/api.w.org\/{rel}","templated":true}]}}