{"id":40897,"date":"2026-04-19T15:18:23","date_gmt":"2026-04-19T15:18:23","guid":{"rendered":"https:\/\/singuli.wpress.me\/index.php\/proizvod\/alexia-40-cilindarsko-ulje-1000-l\/"},"modified":"2026-04-20T12:33:33","modified_gmt":"2026-04-20T12:33:33","slug":"alexia-40-cilindarsko-ulje-1000-l","status":"publish","type":"product","link":"https:\/\/singuli.wpress.me\/index.php\/proizvod\/alexia-40-cilindarsko-ulje-1000-l\/","title":{"rendered":"ALEXIA 40, Cilindarsko ulje, 1000\u00a0l"},"content":{"rendered":"<p>Cilindarsko mazivo dizajnirano za uporabu u dvotaktnim dizelskim motorima male brzine koji koriste nisko-sumporna goriva. To je mazivo BN 40 i SAE 50, formulirano dokazanom i pouzdanom tehnologijom. Izvrsna svojstva neutraliziranja kiseline, poma\u017eu\u0107i u za\u0161titi vijeka trajanja komponenti, minimalne naslage na klipovima, klipnom prstenu, prstenastim \u017eljebovima &#8230; Odr\u017eava motore \u010distima.<\/p>\n<p>MAN-ES, WinGD dvotaktni dizajn motora, MHI dvotaktni dizajn motora.<\/p>\n","protected":false},"excerpt":{"rendered":"<p>Ulje za sporohodne dizel motore<br \/>\nKoristi nisko-sumporna goriva<br \/>\nNeutralizira kiseline<\/p>\n","protected":false},"featured_media":0,"template":"","meta":{"_seopress_robots_primary_cat":"","_seopress_titles_title":"","_seopress_titles_desc":"","_seopress_robots_index":"","iawp_total_views":0},"product_brand":[843],"product_cat":[243,276],"product_tag":[],"class_list":{"0":"post-40897","1":"product","2":"type-product","3":"status-publish","5":"product_brand-alexia","6":"product_cat-automobili-i-motori","7":"product_cat-industrijska-i-specijalna-ulja-243","9":"first","10":"outofstock","11":"shipping-taxable","12":"purchasable","13":"product-type-simple"},"_links":{"self":[{"href":"https:\/\/singuli.wpress.me\/index.php\/wp-json\/wp\/v2\/product\/40897","targetHints":{"allow":["GET"]}}],"collection":[{"href":"https:\/\/singuli.wpress.me\/index.php\/wp-json\/wp\/v2\/product"}],"about":[{"href":"https:\/\/singuli.wpress.me\/index.php\/wp-json\/wp\/v2\/types\/product"}],"version-history":[{"count":0,"href":"https:\/\/singuli.wpress.me\/index.php\/wp-json\/wp\/v2\/product\/40897\/revisions"}],"wp:attachment":[{"href":"https:\/\/singuli.wpress.me\/index.php\/wp-json\/wp\/v2\/media?parent=40897"}],"wp:term":[{"taxonomy":"product_brand","embeddable":true,"href":"https:\/\/singuli.wpress.me\/index.php\/wp-json\/wp\/v2\/product_brand?post=40897"},{"taxonomy":"product_cat","embeddable":true,"href":"https:\/\/singuli.wpress.me\/index.php\/wp-json\/wp\/v2\/product_cat?post=40897"},{"taxonomy":"product_tag","embeddable":true,"href":"https:\/\/singuli.wpress.me\/index.php\/wp-json\/wp\/v2\/product_tag?post=40897"}],"curies":[{"name":"wp","href":"https:\/\/api.w.org\/{rel}","templated":true}]}}