{"id":40912,"date":"2026-04-19T15:18:29","date_gmt":"2026-04-19T15:18:29","guid":{"rendered":"https:\/\/singuli.wpress.me\/index.php\/proizvod\/aeroshell-gr-33-mast-1x3kg-3-kg\/"},"modified":"2026-04-21T00:27:05","modified_gmt":"2026-04-21T00:27:05","slug":"aeroshell-gr-33-mast-1x3kg-3-kg","status":"publish","type":"product","link":"https:\/\/singuli.wpress.me\/index.php\/proizvod\/aeroshell-gr-33-mast-1x3kg-3-kg\/","title":{"rendered":"AEROSHELL GR.33, mast, 1x3kg, 3\u00a0kg"},"content":{"rendered":"<p><p><span style=\"font-weight: bold\">Univerzalna sinteti\u010dka mast<\/span> namijenjena za konstrukciju zra\u010dnih letjelica bazirana na litijum kompleks ugu\u0161\u0107iva\u010du koju odlikuju izvrsnaantioksidacijska i antikorozivna svojstva. Ova mast odobrena je i nadma\u0161uje zahtjeve Boeing BMS 3-33 specifikacije te omogu\u0107ava smanjenje broja razli\u010ditih masti u uporabi. Radna temperatura je izme\u0111u -73\u2070C i +121\u2070C.<\/p>\n<p><span style=\"font-weight: bold\">Specifikacija: <\/span>BMS 3-33C, MIL-PRF-23827C (Tip I), AIMS 09-06-002, COMAC QPL-CMS-OL-302, SAE AMS 3052, NATO Code G-354.<\/p>\n<p><span style=\"font-weight: bold\">Sigurnosno upozorenje:<\/span><\/p>\n<p><img decoding=\"async\" src=\"https:\/\/prod-minio-orbico.nd0.pl\/orbico.ohr\/Piktogrami\/Pozor.png\" alt=\"Pozor\" style=\"max-width: 10%;height: auto\"><\/p>\n<p>&nbsp;&#8211; H317 &#8211;&nbsp;Mo\u017ee izazvati alergijsku reakciju na ko\u017ei.<\/p>\n<p>&#8211; H319 &#8211;&nbsp;Uzrokuje jako nadra\u017eivanje oka.<\/p>\n","protected":false},"excerpt":{"rendered":"<p>Vi\u0161enamjenska mast za zrakoplove<br \/>\nNamijenjena za konstrukciju zra\u010dnih letjelica<br \/>\nAntikorozivna svojstva<\/p>\n","protected":false},"featured_media":0,"template":"","meta":{"_seopress_robots_primary_cat":"","_seopress_titles_title":"","_seopress_titles_desc":"","_seopress_robots_index":"","iawp_total_views":0},"product_brand":[482],"product_cat":[221,263],"product_tag":[],"class_list":{"0":"post-40912","1":"product","2":"type-product","3":"status-publish","5":"product_brand-aeroshell","6":"product_cat-igracke","7":"product_cat-tematske-igracke-221","9":"first","10":"instock","11":"shipping-taxable","12":"purchasable","13":"product-type-simple"},"_links":{"self":[{"href":"https:\/\/singuli.wpress.me\/index.php\/wp-json\/wp\/v2\/product\/40912","targetHints":{"allow":["GET"]}}],"collection":[{"href":"https:\/\/singuli.wpress.me\/index.php\/wp-json\/wp\/v2\/product"}],"about":[{"href":"https:\/\/singuli.wpress.me\/index.php\/wp-json\/wp\/v2\/types\/product"}],"version-history":[{"count":0,"href":"https:\/\/singuli.wpress.me\/index.php\/wp-json\/wp\/v2\/product\/40912\/revisions"}],"wp:attachment":[{"href":"https:\/\/singuli.wpress.me\/index.php\/wp-json\/wp\/v2\/media?parent=40912"}],"wp:term":[{"taxonomy":"product_brand","embeddable":true,"href":"https:\/\/singuli.wpress.me\/index.php\/wp-json\/wp\/v2\/product_brand?post=40912"},{"taxonomy":"product_cat","embeddable":true,"href":"https:\/\/singuli.wpress.me\/index.php\/wp-json\/wp\/v2\/product_cat?post=40912"},{"taxonomy":"product_tag","embeddable":true,"href":"https:\/\/singuli.wpress.me\/index.php\/wp-json\/wp\/v2\/product_tag?post=40912"}],"curies":[{"name":"wp","href":"https:\/\/api.w.org\/{rel}","templated":true}]}}