{"id":40923,"date":"2026-04-19T15:18:31","date_gmt":"2026-04-19T15:18:31","guid":{"rendered":"https:\/\/singuli.wpress.me\/index.php\/proizvod\/twistshake-click-mat-mini-tanjur-pastel-sivi\/"},"modified":"2026-04-20T12:33:33","modified_gmt":"2026-04-20T12:33:33","slug":"twistshake-click-mat-mini-tanjur-pastel-sivi","status":"publish","type":"product","link":"https:\/\/singuli.wpress.me\/index.php\/proizvod\/twistshake-click-mat-mini-tanjur-pastel-sivi\/","title":{"rendered":"TWISTSHAKE, Click mat mini + tanjur, pastel sivi"},"content":{"rendered":"<p>Twistshake Mini podloga inovativno je razvijena, \u0161to omogu\u0107uje jo\u0161 jednostavnije i zabavnije hranjenje.<\/p>\n<p>Twistshake tanjuri\u0107 jednostavno pri\u010dvrstite na podlogu samo jednim klikom!<\/p>\n<p>Pametni CLICKMAT \u010dvrsto je pri\u010dvr\u0161\u0107en za stol tako da te\u0161ko mo\u017ee biti odvojen.<\/p>\n<p>Podloga odgovara svim zdjelama i tanjurima marke Twistshake.<\/p>\n<p>Twistshake Podloga Mini savr\u0161ena je za stolove i visoke stolice.<\/p>\n<p>Podlogu jednostavno pri\u010dvrstite na stol samo jednim klikom, zbog \u010dega podlogu skoro pa nije mogu\u0107e pomaknuti.<\/p>\n","protected":false},"excerpt":{"rendered":"<p>Clickmat sustav \u010dvrsto pri\u010dvr\u0161\u0107en za stol<br \/>\nPremium material\u2013 izra\u0111eno od vrhunskog silikonskog materiala<br \/>\nPodloga odgovara svim zdjelama i tanjurima Twistshake<\/p>\n","protected":false},"featured_media":0,"template":"","meta":{"_seopress_robots_primary_cat":"","_seopress_titles_title":"","_seopress_titles_desc":"","_seopress_robots_index":"","iawp_total_views":0},"product_brand":[433],"product_cat":[274,238],"product_tag":[],"class_list":{"0":"post-40923","1":"product","2":"type-product","3":"status-publish","5":"product_brand-twistshake","6":"product_cat-kucanski-pribor-238","7":"product_cat-sve-za-dom","9":"first","10":"instock","11":"shipping-taxable","12":"purchasable","13":"product-type-simple"},"_links":{"self":[{"href":"https:\/\/singuli.wpress.me\/index.php\/wp-json\/wp\/v2\/product\/40923","targetHints":{"allow":["GET"]}}],"collection":[{"href":"https:\/\/singuli.wpress.me\/index.php\/wp-json\/wp\/v2\/product"}],"about":[{"href":"https:\/\/singuli.wpress.me\/index.php\/wp-json\/wp\/v2\/types\/product"}],"version-history":[{"count":0,"href":"https:\/\/singuli.wpress.me\/index.php\/wp-json\/wp\/v2\/product\/40923\/revisions"}],"wp:attachment":[{"href":"https:\/\/singuli.wpress.me\/index.php\/wp-json\/wp\/v2\/media?parent=40923"}],"wp:term":[{"taxonomy":"product_brand","embeddable":true,"href":"https:\/\/singuli.wpress.me\/index.php\/wp-json\/wp\/v2\/product_brand?post=40923"},{"taxonomy":"product_cat","embeddable":true,"href":"https:\/\/singuli.wpress.me\/index.php\/wp-json\/wp\/v2\/product_cat?post=40923"},{"taxonomy":"product_tag","embeddable":true,"href":"https:\/\/singuli.wpress.me\/index.php\/wp-json\/wp\/v2\/product_tag?post=40923"}],"curies":[{"name":"wp","href":"https:\/\/api.w.org\/{rel}","templated":true}]}}