{"id":40934,"date":"2026-04-19T15:18:36","date_gmt":"2026-04-19T15:18:36","guid":{"rendered":"https:\/\/singuli.wpress.me\/index.php\/proizvod\/make-it-real-narukvice-kristalna-tajna\/"},"modified":"2026-04-20T12:33:33","modified_gmt":"2026-04-20T12:33:33","slug":"make-it-real-narukvice-kristalna-tajna","status":"publish","type":"product","link":"https:\/\/singuli.wpress.me\/index.php\/proizvod\/make-it-real-narukvice-kristalna-tajna\/","title":{"rendered":"MAKE IT REAL, narukvice, Kristalna tajna"},"content":{"rendered":"<p>Predivni i neodoljivi proizvodi za djevoj\u010dice i djevojke diljem svijeta. Svaki proizvod kreira do\u017eivljaj koji pru\u017ea mladim djevojkama \u201eprozor\u201d u stvaran svijet dizajna i kreative. <\/p>\n<p>Svako pakiranje sadr\u017ei narukvicu ukra\u0161enu SWAROVSKI kristalom.<\/p>\n<p>SAKUPI IH SVE \u2013 ukupno 8 vrsta za sakupiti!<\/p>\n<p>SADR\u017dAJ: 16 dijelova &#8211;  privjesak sa SWAROVSKI kristalom, kutijica u obliku srca na zaklju\u010davanje, klju\u010di\u0107, modne perlice, vrpca u boji, upute.<\/p>\n<p>Dob: 8+ godine<\/p>\n","protected":false},"excerpt":{"rendered":"<p>Kreativan set<br \/>\nSadr\u017ei vi\u0161e komponenti<br \/>\nDob: 8+god<\/p>\n","protected":false},"featured_media":0,"template":"","meta":{"_seopress_robots_primary_cat":"","_seopress_titles_title":"","_seopress_titles_desc":"","_seopress_robots_index":"","iawp_total_views":0},"product_brand":[441],"product_cat":[221,291],"product_tag":[],"class_list":{"0":"post-40934","1":"product","2":"type-product","3":"status-publish","5":"product_brand-make-it-real","6":"product_cat-igracke","7":"product_cat-igracke-za-djecu-221","9":"first","10":"outofstock","11":"shipping-taxable","12":"purchasable","13":"product-type-simple"},"_links":{"self":[{"href":"https:\/\/singuli.wpress.me\/index.php\/wp-json\/wp\/v2\/product\/40934","targetHints":{"allow":["GET"]}}],"collection":[{"href":"https:\/\/singuli.wpress.me\/index.php\/wp-json\/wp\/v2\/product"}],"about":[{"href":"https:\/\/singuli.wpress.me\/index.php\/wp-json\/wp\/v2\/types\/product"}],"version-history":[{"count":0,"href":"https:\/\/singuli.wpress.me\/index.php\/wp-json\/wp\/v2\/product\/40934\/revisions"}],"wp:attachment":[{"href":"https:\/\/singuli.wpress.me\/index.php\/wp-json\/wp\/v2\/media?parent=40934"}],"wp:term":[{"taxonomy":"product_brand","embeddable":true,"href":"https:\/\/singuli.wpress.me\/index.php\/wp-json\/wp\/v2\/product_brand?post=40934"},{"taxonomy":"product_cat","embeddable":true,"href":"https:\/\/singuli.wpress.me\/index.php\/wp-json\/wp\/v2\/product_cat?post=40934"},{"taxonomy":"product_tag","embeddable":true,"href":"https:\/\/singuli.wpress.me\/index.php\/wp-json\/wp\/v2\/product_tag?post=40934"}],"curies":[{"name":"wp","href":"https:\/\/api.w.org\/{rel}","templated":true}]}}