{"id":40947,"date":"2026-04-19T15:18:40","date_gmt":"2026-04-19T15:18:40","guid":{"rendered":"https:\/\/singuli.wpress.me\/index.php\/proizvod\/gillette-venus-3-dragonfruit-jednokratne-britvice-6-kom\/"},"modified":"2026-04-20T12:33:33","modified_gmt":"2026-04-20T12:33:33","slug":"gillette-venus-3-dragonfruit-jednokratne-britvice-6-kom","status":"publish","type":"product","link":"https:\/\/singuli.wpress.me\/index.php\/proizvod\/gillette-venus-3-dragonfruit-jednokratne-britvice-6-kom\/","title":{"rendered":"GILLETTE Venus 3 Dragonfruit, jednokratne britvice, 6\u00a0kom"},"content":{"rendered":"<p>Jednokratne britvice za \u017eene Gillette Venus 3 Dragonfruit omogu\u0107uju temeljitije brijanje po nevjerojatnoj cijeni. <\/p>\n<p>Ove jednokratne britvice za \u017eene imaju tri o\u0161trice koje prate konture tijela te pokretljivu glavu koja se prilago\u0111ava nje\u017enim dijelovima va\u0161eg tijela. Britvice imaju lubrikantnu trakicu koja se aktivira u dodiru s vodom, za lak\u0161e brijanje nje\u017enim, neprekinutim potezima. Lubrikantna trakica oboga\u0107ena je i s malo vitamina E. <\/p>\n<p>Dolaze u vi\u0161e boja, s dr\u0161kama s mirisom pitaje, kako biste se brijali uz svje\u017e tropski miris.<\/p>\n","protected":false},"excerpt":{"rendered":"<p>Tri o\u0161trice koje prate konture tijela i pokretljiva glava koja se prilago\u0111ava osjetljivim dijelovima tijela<br \/>\nDr\u0161ke u raznim bojama sa svje\u017eim mirisom pitaje<br \/>\nDr\u0161ka omogu\u0107ava igurno dr\u017eanje tako da britvica ne klizi iz ruke pod tu\u0161em<\/p>\n","protected":false},"featured_media":0,"template":"","meta":{"_seopress_robots_primary_cat":"","_seopress_titles_title":"","_seopress_titles_desc":"","_seopress_robots_index":"","iawp_total_views":0},"product_brand":[323],"product_cat":[266,265,160],"product_tag":[],"class_list":{"0":"post-40947","1":"product","2":"type-product","3":"status-publish","5":"product_brand-gillette","6":"product_cat-aparati-za-kuhanje-265","7":"product_cat-kuhinjski-aparati-160","8":"product_cat-mali-kucanski-aparati","10":"first","11":"outofstock","12":"shipping-taxable","13":"purchasable","14":"product-type-simple"},"_links":{"self":[{"href":"https:\/\/singuli.wpress.me\/index.php\/wp-json\/wp\/v2\/product\/40947","targetHints":{"allow":["GET"]}}],"collection":[{"href":"https:\/\/singuli.wpress.me\/index.php\/wp-json\/wp\/v2\/product"}],"about":[{"href":"https:\/\/singuli.wpress.me\/index.php\/wp-json\/wp\/v2\/types\/product"}],"version-history":[{"count":0,"href":"https:\/\/singuli.wpress.me\/index.php\/wp-json\/wp\/v2\/product\/40947\/revisions"}],"wp:attachment":[{"href":"https:\/\/singuli.wpress.me\/index.php\/wp-json\/wp\/v2\/media?parent=40947"}],"wp:term":[{"taxonomy":"product_brand","embeddable":true,"href":"https:\/\/singuli.wpress.me\/index.php\/wp-json\/wp\/v2\/product_brand?post=40947"},{"taxonomy":"product_cat","embeddable":true,"href":"https:\/\/singuli.wpress.me\/index.php\/wp-json\/wp\/v2\/product_cat?post=40947"},{"taxonomy":"product_tag","embeddable":true,"href":"https:\/\/singuli.wpress.me\/index.php\/wp-json\/wp\/v2\/product_tag?post=40947"}],"curies":[{"name":"wp","href":"https:\/\/api.w.org\/{rel}","templated":true}]}}