{"id":40968,"date":"2026-04-19T15:18:45","date_gmt":"2026-04-19T15:18:45","guid":{"rendered":"https:\/\/singuli.wpress.me\/index.php\/proizvod\/fishermans-friend-bomboni-original-mint-tresnja-med-i-limun-spearmint-24x25g-600-g\/"},"modified":"2026-04-20T12:33:34","modified_gmt":"2026-04-20T12:33:34","slug":"fishermans-friend-bomboni-original-mint-tresnja-med-i-limun-spearmint-24x25g-600-g","status":"publish","type":"product","link":"https:\/\/singuli.wpress.me\/index.php\/proizvod\/fishermans-friend-bomboni-original-mint-tresnja-med-i-limun-spearmint-24x25g-600-g\/","title":{"rendered":"FISHERMAN&#8217;S FRIEND, bomboni, Original + Mint + Tre\u0161nja + Med i limun + Spearmint, 24x25g, 600\u00a0g"},"content":{"rendered":"<p><span style=\"font-weight: bold\">Pakiranje kombinacije vi\u0161e okusa:<br \/>\n6 kom Originala<br \/>\n6 kom Minta<br \/>\n6 kom Cherry<br \/>\n3 kom Honey<br \/>\n3 kom Spearmint<\/p>\n<p>Fisherman&#8217; s Friend Original<\/span> bomboni imaju sna\u017ean i intenzivan okus. <br \/>\nSavr\u0161ena, jedinstvena i originalna mje\u0161avina eukaliptusa i mentola osvje\u017eava dah te djeluje blagotvorno na grlo i glasnice. <\/p>\n<p><span style=\"font-weight: bold\">Fisherman&#8217; s Friend Mint<\/span> bomboni imaju sna\u017enu aromu mente s pove\u0107anim sadr\u017eajem mentola. <br \/>\nBomboni osvje\u017eavaju dah te blagotvorno djeluju na grlo i glasnice. <\/p>\n<p><span style=\"font-weight: bold\">Fisherman&#8217; s Friend bomboni tre\u0161nja<\/span> su ba\u0161 ono \u0161to vam treba. <br \/>\nFantasti\u010dan kombinacija okusa tre\u0161nje i hladnog mentola donosi aromati\u010dan i okrepljuju\u0107i okus koji osvje\u017eava dah. <\/p>\n<p><span style=\"font-weight: bold\">Fisherman&#8217; s Friend bomboni med i limun<\/span> dobri su za glas i sna\u017eni za raspolo\u017eenje. <br \/>\nPa\u017eljivo pomije\u0161an sastav arome meda i limuna, zajedno s prirodnim mentolom savr\u0161eno osvje\u017eava dah i blagotvorno djeluje na grlo i glasnice. <\/p>\n<p><span style=\"font-weight: bold\">Fisherman&#8217; s Friend Spearmin<\/span>t bomboni imaju ukusan, intenzivan okus metvice koji nije tako sna\u017ean, ali je iznimno osvje\u017eavaju\u0107i. <\/p>\n","protected":false},"excerpt":{"rendered":"<p>Bez \u0161e\u0107era<br \/>\nOsvje\u017eavaju\u0107i okus<br \/>\nPakiranje je kombinacija svih vrsta okusa<\/p>\n","protected":false},"featured_media":0,"template":"","meta":{"_seopress_robots_primary_cat":"","_seopress_titles_title":"","_seopress_titles_desc":"","_seopress_robots_index":"","iawp_total_views":0},"product_brand":[807],"product_cat":[261,277],"product_tag":[],"class_list":{"0":"post-40968","1":"product","2":"type-product","3":"status-publish","5":"product_brand-fishermans-friend","6":"product_cat-hrana-i-pice","7":"product_cat-slatkisi-i-grickalice-261","9":"first","10":"outofstock","11":"shipping-taxable","12":"purchasable","13":"product-type-simple"},"_links":{"self":[{"href":"https:\/\/singuli.wpress.me\/index.php\/wp-json\/wp\/v2\/product\/40968","targetHints":{"allow":["GET"]}}],"collection":[{"href":"https:\/\/singuli.wpress.me\/index.php\/wp-json\/wp\/v2\/product"}],"about":[{"href":"https:\/\/singuli.wpress.me\/index.php\/wp-json\/wp\/v2\/types\/product"}],"version-history":[{"count":0,"href":"https:\/\/singuli.wpress.me\/index.php\/wp-json\/wp\/v2\/product\/40968\/revisions"}],"wp:attachment":[{"href":"https:\/\/singuli.wpress.me\/index.php\/wp-json\/wp\/v2\/media?parent=40968"}],"wp:term":[{"taxonomy":"product_brand","embeddable":true,"href":"https:\/\/singuli.wpress.me\/index.php\/wp-json\/wp\/v2\/product_brand?post=40968"},{"taxonomy":"product_cat","embeddable":true,"href":"https:\/\/singuli.wpress.me\/index.php\/wp-json\/wp\/v2\/product_cat?post=40968"},{"taxonomy":"product_tag","embeddable":true,"href":"https:\/\/singuli.wpress.me\/index.php\/wp-json\/wp\/v2\/product_tag?post=40968"}],"curies":[{"name":"wp","href":"https:\/\/api.w.org\/{rel}","templated":true}]}}