{"id":40970,"date":"2026-04-19T15:18:46","date_gmt":"2026-04-19T15:18:46","guid":{"rendered":"https:\/\/singuli.wpress.me\/index.php\/proizvod\/twistshake-tour-nastavak-za-mobitel-crna\/"},"modified":"2026-04-20T12:33:34","modified_gmt":"2026-04-20T12:33:34","slug":"twistshake-tour-nastavak-za-mobitel-crna","status":"publish","type":"product","link":"https:\/\/singuli.wpress.me\/index.php\/proizvod\/twistshake-tour-nastavak-za-mobitel-crna\/","title":{"rendered":"TWISTSHAKE Tour, nastavak za mobitel, crna"},"content":{"rendered":"<p>Prakti\u010dan nastavak za mobilni telefon je super izbor, jer tako imate va\u0161 telefon uvijek na dohvat ruke. Mo\u017eete ga pri\u010dvrstiti na ru\u010dke kolica. Za\u0161ti\u0107en je s Velcro trakom koju mo\u017eete jednostavno ukloniti i namjestiti. Telefon je tako samo s jednim jednostavnim klikom pri\u010dvr\u0161\u0107en sa dvije spajalice i mo\u017ee se okretati za 360\u00b0.<br \/>\n<span style=\"font-weight: bold\">Zna\u010dajke:<br \/>\n<\/span>Boja: crna<br \/>\nMaterijal: PP plastika<br \/>\nKompatibilno s dje\u010djim kolicima Twistshake Tour<\/p>\n","protected":false},"excerpt":{"rendered":"<p>Prakti\u010dan nastavak<br \/>\nKompatibilno s dje\u010djim kolicima Twistshake Tour<br \/>\nMaterijal: PP plastika<\/p>\n","protected":false},"featured_media":0,"template":"","meta":{"_seopress_robots_primary_cat":"","_seopress_titles_title":"","_seopress_titles_desc":"","_seopress_robots_index":"","iawp_total_views":0},"product_brand":[433],"product_cat":[211,286,287],"product_tag":[],"class_list":{"0":"post-40970","1":"product","2":"type-product","3":"status-publish","5":"product_brand-twistshake","6":"product_cat-njega-majke-i-djeteta","7":"product_cat-oprema-za-bebe-211","8":"product_cat-za-bebe-286","10":"first","11":"instock","12":"shipping-taxable","13":"purchasable","14":"product-type-simple"},"_links":{"self":[{"href":"https:\/\/singuli.wpress.me\/index.php\/wp-json\/wp\/v2\/product\/40970","targetHints":{"allow":["GET"]}}],"collection":[{"href":"https:\/\/singuli.wpress.me\/index.php\/wp-json\/wp\/v2\/product"}],"about":[{"href":"https:\/\/singuli.wpress.me\/index.php\/wp-json\/wp\/v2\/types\/product"}],"version-history":[{"count":0,"href":"https:\/\/singuli.wpress.me\/index.php\/wp-json\/wp\/v2\/product\/40970\/revisions"}],"wp:attachment":[{"href":"https:\/\/singuli.wpress.me\/index.php\/wp-json\/wp\/v2\/media?parent=40970"}],"wp:term":[{"taxonomy":"product_brand","embeddable":true,"href":"https:\/\/singuli.wpress.me\/index.php\/wp-json\/wp\/v2\/product_brand?post=40970"},{"taxonomy":"product_cat","embeddable":true,"href":"https:\/\/singuli.wpress.me\/index.php\/wp-json\/wp\/v2\/product_cat?post=40970"},{"taxonomy":"product_tag","embeddable":true,"href":"https:\/\/singuli.wpress.me\/index.php\/wp-json\/wp\/v2\/product_tag?post=40970"}],"curies":[{"name":"wp","href":"https:\/\/api.w.org\/{rel}","templated":true}]}}