{"id":40985,"date":"2026-04-19T15:18:52","date_gmt":"2026-04-19T15:18:52","guid":{"rendered":"https:\/\/singuli.wpress.me\/index.php\/proizvod\/barbie-cutie-reveal-igracka-majmun-zec\/"},"modified":"2026-04-20T12:33:34","modified_gmt":"2026-04-20T12:33:34","slug":"barbie-cutie-reveal-igracka-majmun-zec","status":"publish","type":"product","link":"https:\/\/singuli.wpress.me\/index.php\/proizvod\/barbie-cutie-reveal-igracka-majmun-zec\/","title":{"rendered":"BARBIE Cutie Reveal, igra\u010dka majmun\/zec"},"content":{"rendered":"<p>Otkrijte razigranog majmuna ili zeca, skinite pli\u0161ani kostim i prona\u0111ite prelijepu Barbie\u00ae lutku s dugom \u0161arenom kosom i svjetlucavim dekoracijama na licu. <\/p>\n<p>U tubi se nalazi hrpa zanimljivih iznena\u0111enja kao \u0161to su sun\u010dane nao\u010dale, kratke hla\u010de, \u010de\u0161alj, cipele i mini ljubimac koji odgovara kostimu lutke. Glava kostima pretvara se u super-mekani krevet za malog ku\u0107nog ljubimca, pru\u017eaju\u0107i mu savr\u0161eno mjesto za drijemanje i u\u0161u\u0161kavanje. <\/p>\n<p>Barbie\u00ae Cutie Reveal\u2122 lutka savija se u koljenima, kukovima i laktovima za \u0161to bolji do\u017eivljaj igre!<\/p>\n<p>Otka\u010den izgled svakoj Barbie\u00ae Cutie Reveal\u2122 lutki daju efekti promjene boje na o\u010dima i usnama koje mo\u017eete mijenjati po \u017eelji upotrebom ledeno hladne i tople vode! <\/p>\n<p>Djeca \u0107e obo\u017eavati otkrivati sva slatka iznena\u0111enja iz ove kolekcije inspirirane d\u017eunglom!  Set uklju\u010duje lutku u kostimu \u017eivotinje i 10 iznena\u0111enja. <\/p>\n<p>Barbie\u00ae Cutie Reveal\u2122 Jungle Series lutke izvrstan su dar za djecu od 3 do 7 godina, a posebno za onu djecu koja vole otkrivati slatka iznena\u0111enja! <\/p>\n<p>Boje i dekoracije mogu se razlikovati. Igra\u010dka dolazi u vi\u0161e razli\u010ditih modela, a isporuka ovisi o njihovoj trenutnoj raspolo\u017eivosti<\/p>\n","protected":false},"excerpt":{"rendered":"<p>U tubi se nalazi hrpa zanimljivih iznena\u0111enja<br \/>\nSet uklju\u010duje lutku u kostimu \u017eivotinje i 10 iznena\u0111enja<br \/>\nBoje i dekoracije mogu se razlikovati<\/p>\n","protected":false},"featured_media":0,"template":"","meta":{"_seopress_robots_primary_cat":"","_seopress_titles_title":"","_seopress_titles_desc":"","_seopress_robots_index":"","iawp_total_views":0},"product_brand":[324],"product_cat":[221,291],"product_tag":[],"class_list":{"0":"post-40985","1":"product","2":"type-product","3":"status-publish","5":"product_brand-barbie","6":"product_cat-igracke","7":"product_cat-igracke-za-djecu-221","9":"first","10":"outofstock","11":"shipping-taxable","12":"purchasable","13":"product-type-simple"},"_links":{"self":[{"href":"https:\/\/singuli.wpress.me\/index.php\/wp-json\/wp\/v2\/product\/40985","targetHints":{"allow":["GET"]}}],"collection":[{"href":"https:\/\/singuli.wpress.me\/index.php\/wp-json\/wp\/v2\/product"}],"about":[{"href":"https:\/\/singuli.wpress.me\/index.php\/wp-json\/wp\/v2\/types\/product"}],"version-history":[{"count":0,"href":"https:\/\/singuli.wpress.me\/index.php\/wp-json\/wp\/v2\/product\/40985\/revisions"}],"wp:attachment":[{"href":"https:\/\/singuli.wpress.me\/index.php\/wp-json\/wp\/v2\/media?parent=40985"}],"wp:term":[{"taxonomy":"product_brand","embeddable":true,"href":"https:\/\/singuli.wpress.me\/index.php\/wp-json\/wp\/v2\/product_brand?post=40985"},{"taxonomy":"product_cat","embeddable":true,"href":"https:\/\/singuli.wpress.me\/index.php\/wp-json\/wp\/v2\/product_cat?post=40985"},{"taxonomy":"product_tag","embeddable":true,"href":"https:\/\/singuli.wpress.me\/index.php\/wp-json\/wp\/v2\/product_tag?post=40985"}],"curies":[{"name":"wp","href":"https:\/\/api.w.org\/{rel}","templated":true}]}}