{"id":41027,"date":"2026-04-19T15:19:07","date_gmt":"2026-04-19T15:19:07","guid":{"rendered":"https:\/\/singuli.wpress.me\/index.php\/proizvod\/pampers-premium-care-pelene-velicina-1-2-5kg-72-kom-2\/"},"modified":"2026-04-21T00:27:06","modified_gmt":"2026-04-21T00:27:06","slug":"pampers-premium-care-pelene-velicina-1-2-5kg-72-kom-2","status":"publish","type":"product","link":"https:\/\/singuli.wpress.me\/index.php\/proizvod\/pampers-premium-care-pelene-velicina-1-2-5kg-72-kom-2\/","title":{"rendered":"PAMPERS Premium Care, pelene, veli\u010dina 1, 2-5kg, 72\u00a0kom"},"content":{"rendered":"<p>Pampersova najbolja udobnost i za\u0161tita za osjetljivu bebinu ko\u017eu. Dulji kontakt s mokra\u0107om i rijetkom stolicom mo\u017ee utjecati na osjetljivu bebinu ko\u017eu \u0161to bebi mo\u017ee biti neugodno i uznemiriti je.<\/p>\n<p>Pelene Pampers Premium Care posebno su razvijene kako bi pru\u017eile Pampersovu najmek\u0161u i najnje\u017eniju za\u0161titu zahvaljuju\u0107i:<br \/>\n1. Ekskluzivnom sloju DERMA COMFORT s upijaju\u0107im porama koje u trenu odvla\u010de vlagu i rijetku stolicu od ko\u017ee i zadr\u017eavaju ih u peleni. Tako osjetljiva bebina ko\u017ea ostaje suha i za\u0161ti\u0107ena.<br \/>\n2. Probrani materijali meki poput perja za najnje\u017eniji kontakt s bebinom ko\u017eom.<br \/>\n3. Jedinstveni sustav trostruke za\u0161tite koji brzo upija teku\u0107inu i spre\u010dava propu\u0161tanje oko pojasa i nogu.<\/p>\n<p>Pelene Pampers Premium Care preporu\u010duje Skin Health Alliance i 100% su sigurne za ko\u017eu va\u0161e bebe: dermatolo\u0161ki su testirane i ne sadr\u017ee nijedan od 26 mirisnih sastojaka koje je EU izdvojila kao potencijalne uzro\u010dnike alergijske reakcije.<\/p>\n","protected":false},"excerpt":{"rendered":"<p>Pru\u017eaju do 12 sati suho\u0107e<br \/>\nNajmek\u0161e i najudobnije pelene s najboljom za\u0161titom ko\u017ee<br \/>\nIndikator mokre pelene<\/p>\n","protected":false},"featured_media":0,"template":"","meta":{"_seopress_robots_primary_cat":"","_seopress_titles_title":"","_seopress_titles_desc":"","_seopress_robots_index":"","iawp_total_views":0},"product_brand":[444],"product_cat":[211,310],"product_tag":[],"class_list":{"0":"post-41027","1":"product","2":"type-product","3":"status-publish","5":"product_brand-pampers","6":"product_cat-njega-majke-i-djeteta","7":"product_cat-pelene-211","9":"first","10":"outofstock","11":"shipping-taxable","12":"purchasable","13":"product-type-simple"},"_links":{"self":[{"href":"https:\/\/singuli.wpress.me\/index.php\/wp-json\/wp\/v2\/product\/41027","targetHints":{"allow":["GET"]}}],"collection":[{"href":"https:\/\/singuli.wpress.me\/index.php\/wp-json\/wp\/v2\/product"}],"about":[{"href":"https:\/\/singuli.wpress.me\/index.php\/wp-json\/wp\/v2\/types\/product"}],"version-history":[{"count":0,"href":"https:\/\/singuli.wpress.me\/index.php\/wp-json\/wp\/v2\/product\/41027\/revisions"}],"wp:attachment":[{"href":"https:\/\/singuli.wpress.me\/index.php\/wp-json\/wp\/v2\/media?parent=41027"}],"wp:term":[{"taxonomy":"product_brand","embeddable":true,"href":"https:\/\/singuli.wpress.me\/index.php\/wp-json\/wp\/v2\/product_brand?post=41027"},{"taxonomy":"product_cat","embeddable":true,"href":"https:\/\/singuli.wpress.me\/index.php\/wp-json\/wp\/v2\/product_cat?post=41027"},{"taxonomy":"product_tag","embeddable":true,"href":"https:\/\/singuli.wpress.me\/index.php\/wp-json\/wp\/v2\/product_tag?post=41027"}],"curies":[{"name":"wp","href":"https:\/\/api.w.org\/{rel}","templated":true}]}}