{"id":41045,"date":"2026-04-19T15:19:12","date_gmt":"2026-04-19T15:19:12","guid":{"rendered":"https:\/\/singuli.wpress.me\/index.php\/proizvod\/twistshake-mini-bocica-pastel-plava-4m-230-ml\/"},"modified":"2026-04-21T00:27:06","modified_gmt":"2026-04-21T00:27:06","slug":"twistshake-mini-bocica-pastel-plava-4m-230-ml","status":"publish","type":"product","link":"https:\/\/singuli.wpress.me\/index.php\/proizvod\/twistshake-mini-bocica-pastel-plava-4m-230-ml\/","title":{"rendered":"TWISTSHAKE, mini bo\u010dica, pastel plava 4+m, 230\u00a0ml"},"content":{"rendered":"<p>Twistshake Mini Cup je savr\u0161ena odsko\u010dna daska za dijete koje u\u010di piti iz \u0161alice i \u010da\u0161e. Za bezbri\u017eno igranje va\u0161ih malenih, brine posebno oblikovani usnik i Twistshakovo \u00bbeasy to grip\u00ab dr\u017eanje. Revolucionarna patentirana inovacija za mije\u0161anje vo\u0107a omogu\u0107uje pripremu fantasti\u010dnog doma\u0107eg napitka sa okusom omilijenog vo\u0107a. Zapremnina Iznosi 230ml te je prikladno za kori\u0161tenje od \u010detvrtog mjeseca nadalje.<\/p>\n<p>Twistshake Mini Cup je savr\u0161ena odsko\u010dna daska za dijete koje u\u010di piti iz \u0161alice i \u010da\u0161e. Za bezbri\u017eno igranje va\u0161ih malenih, brine posebno oblikovani usnik i Twistshakovo \u00bbeasy to grip\u00ab dr\u017eanje. Revolucionarna patentirana inovacija za mije\u0161anje vo\u0107a omogu\u0107uje pripremu fantasti\u010dnog doma\u0107eg napitka sa okusom omilijenog vo\u0107a. Revolucionarni \u00bbFruit Mixer\u00ab omogo\u010dava pripremju ukusnog, zdravog i osvije\u017eavaju\u0107eg vo\u0107nog pi\u0107a. U vodu dodajte djetetovo omilijeno vo\u0107e, promije\u0161ajte i ve\u0107 imate pripremljenu prirodnu vodu sa okusom koja je puna vitamina i minerala. Posebna mre\u017eica omogu\u010dava da se sastojci u bo\u010dici promije\u0161aju i usnik ne za\u010depi. Svi djelovi bo\u010dice mogu se oprati i rastaviti.<\/p>\n","protected":false},"excerpt":{"rendered":"<p>Sadr\u017ei do 230ml<br \/>\nErgonomski oblik za lak\u0161e kori\u0161tenje<br \/>\n\u0160irok vrat omogu\u010dava jednostavno \u010di\u0161\u010denje i kori\u0161tenje<\/p>\n","protected":false},"featured_media":0,"template":"","meta":{"_seopress_robots_primary_cat":"","_seopress_titles_title":"","_seopress_titles_desc":"","_seopress_robots_index":"","iawp_total_views":0},"product_brand":[433],"product_cat":[211,286,287],"product_tag":[],"class_list":{"0":"post-41045","1":"product","2":"type-product","3":"status-publish","5":"product_brand-twistshake","6":"product_cat-njega-majke-i-djeteta","7":"product_cat-oprema-za-bebe-211","8":"product_cat-za-bebe-286","10":"first","11":"instock","12":"shipping-taxable","13":"purchasable","14":"product-type-simple"},"_links":{"self":[{"href":"https:\/\/singuli.wpress.me\/index.php\/wp-json\/wp\/v2\/product\/41045","targetHints":{"allow":["GET"]}}],"collection":[{"href":"https:\/\/singuli.wpress.me\/index.php\/wp-json\/wp\/v2\/product"}],"about":[{"href":"https:\/\/singuli.wpress.me\/index.php\/wp-json\/wp\/v2\/types\/product"}],"version-history":[{"count":0,"href":"https:\/\/singuli.wpress.me\/index.php\/wp-json\/wp\/v2\/product\/41045\/revisions"}],"wp:attachment":[{"href":"https:\/\/singuli.wpress.me\/index.php\/wp-json\/wp\/v2\/media?parent=41045"}],"wp:term":[{"taxonomy":"product_brand","embeddable":true,"href":"https:\/\/singuli.wpress.me\/index.php\/wp-json\/wp\/v2\/product_brand?post=41045"},{"taxonomy":"product_cat","embeddable":true,"href":"https:\/\/singuli.wpress.me\/index.php\/wp-json\/wp\/v2\/product_cat?post=41045"},{"taxonomy":"product_tag","embeddable":true,"href":"https:\/\/singuli.wpress.me\/index.php\/wp-json\/wp\/v2\/product_tag?post=41045"}],"curies":[{"name":"wp","href":"https:\/\/api.w.org\/{rel}","templated":true}]}}