{"id":41061,"date":"2026-04-19T15:19:23","date_gmt":"2026-04-19T15:19:23","guid":{"rendered":"https:\/\/singuli.wpress.me\/index.php\/proizvod\/twistshake-set-3-zlicica-bijela-4m\/"},"modified":"2026-04-21T00:27:06","modified_gmt":"2026-04-21T00:27:06","slug":"twistshake-set-3-zlicica-bijela-4m","status":"publish","type":"product","link":"https:\/\/singuli.wpress.me\/index.php\/proizvod\/twistshake-set-3-zlicica-bijela-4m\/","title":{"rendered":"TWISTSHAKE, set 3 \u017eli\u010dica, bijela 4+m"},"content":{"rendered":"<p>Twistshake \u017eli\u010dice\u00a0su dizajnirane tako, da se savr\u0161eno uklapaju s Twistshake tanjuricima.\u00a0Soft touch\u00a0obrada je razvijena s anti-kliznim svojstvima, \u0161to osigurava jednakomjerno dr\u017eanje.  Mo\u017ee se umetnuti duboko u staklenke s hranom i jela va\u0161e bebe. Ne sadr\u017ei BPA. Isporu\u010duje se u tri komada u paketu. Namjenjene za djecu od 4. mjeseca nadalje.<\/p>\n","protected":false},"excerpt":{"rendered":"<p>Pakiranje sadr\u017ei 3 \u017eli\u010dice<br \/>\nSoft touch obrada<br \/>\nNe sadr\u017ei BPA<\/p>\n","protected":false},"featured_media":0,"template":"","meta":{"_seopress_robots_primary_cat":"","_seopress_titles_title":"","_seopress_titles_desc":"","_seopress_robots_index":"","iawp_total_views":0},"product_brand":[433],"product_cat":[274,238],"product_tag":[],"class_list":{"0":"post-41061","1":"product","2":"type-product","3":"status-publish","5":"product_brand-twistshake","6":"product_cat-kucanski-pribor-238","7":"product_cat-sve-za-dom","9":"first","10":"outofstock","11":"shipping-taxable","12":"purchasable","13":"product-type-simple"},"_links":{"self":[{"href":"https:\/\/singuli.wpress.me\/index.php\/wp-json\/wp\/v2\/product\/41061","targetHints":{"allow":["GET"]}}],"collection":[{"href":"https:\/\/singuli.wpress.me\/index.php\/wp-json\/wp\/v2\/product"}],"about":[{"href":"https:\/\/singuli.wpress.me\/index.php\/wp-json\/wp\/v2\/types\/product"}],"version-history":[{"count":0,"href":"https:\/\/singuli.wpress.me\/index.php\/wp-json\/wp\/v2\/product\/41061\/revisions"}],"wp:attachment":[{"href":"https:\/\/singuli.wpress.me\/index.php\/wp-json\/wp\/v2\/media?parent=41061"}],"wp:term":[{"taxonomy":"product_brand","embeddable":true,"href":"https:\/\/singuli.wpress.me\/index.php\/wp-json\/wp\/v2\/product_brand?post=41061"},{"taxonomy":"product_cat","embeddable":true,"href":"https:\/\/singuli.wpress.me\/index.php\/wp-json\/wp\/v2\/product_cat?post=41061"},{"taxonomy":"product_tag","embeddable":true,"href":"https:\/\/singuli.wpress.me\/index.php\/wp-json\/wp\/v2\/product_tag?post=41061"}],"curies":[{"name":"wp","href":"https:\/\/api.w.org\/{rel}","templated":true}]}}