{"id":41077,"date":"2026-04-19T15:19:28","date_gmt":"2026-04-19T15:19:28","guid":{"rendered":"https:\/\/singuli.wpress.me\/index.php\/proizvod\/glade-apple-cosy-cider-elektricni-osvjezivac-zraka-20-ml\/"},"modified":"2026-04-20T12:33:34","modified_gmt":"2026-04-20T12:33:34","slug":"glade-apple-cosy-cider-elektricni-osvjezivac-zraka-20-ml","status":"publish","type":"product","link":"https:\/\/singuli.wpress.me\/index.php\/proizvod\/glade-apple-cosy-cider-elektricni-osvjezivac-zraka-20-ml\/","title":{"rendered":"GLADE Apple Cosy Cider, elektri\u010dni osvje\u017eiva\u010d zraka, 20\u00a0ml"},"content":{"rendered":"<p>Glade\u00ae Elektri\u010dni osvje\u017eiva\u010d zraka pru\u017ea do 100 dana svje\u017eine, pri niskom intenzitetu mirisa ukoliko se koristi 12 sati dnevno. <\/p>\n<p>Odaberite \u017eeljeni intenzitet mirisa te stvorite savr\u0161en ambijent u svakoj prostoriji. <\/p>\n<p>Inspirirajte se blagdanskim mirisima zimskih za\u010dina i svje\u017eeg soka od jabuke te pokrenite dugoo\u010dekivanu zabavu u va\u0161em domu.<\/p>\n<p>Upute za kori\u0161tenje:<br \/>\n1. Ako je potrebno, okrenite elektri\u010dni utika\u010d ure\u0111aja.<br \/>\n2. Odvijte \u010dep i umetnite bo\u010dicu u mlaznicu.<br \/>\n3. Umetnite ure\u0111aj u elektri\u010dnu uti\u010dnicu u okomitom polo\u017eaju. Pro\u010ditajte va\u017ene sigurnosne upute.<br \/>\n4. Regulatorom odaberite \u017eeljeni intenzitet mirisa. Operite ruke nakon upotrebe.<\/p>\n","protected":false},"excerpt":{"rendered":"<p>Set sadr\u017ei bazu i punjenje<br \/>\nMirisne note zimskih za\u010dina i svje\u017eeg soka od jabuke<br \/>\nDo 100 dana mirisa<\/p>\n","protected":false},"featured_media":0,"template":"","meta":{"_seopress_robots_primary_cat":"","_seopress_titles_title":"","_seopress_titles_desc":"","_seopress_robots_index":"","iawp_total_views":0},"product_brand":[405],"product_cat":[243,272],"product_tag":[],"class_list":{"0":"post-41077","1":"product","2":"type-product","3":"status-publish","5":"product_brand-glade","6":"product_cat-automobili-i-motori","7":"product_cat-motorna-ulja-243","9":"first","10":"outofstock","11":"shipping-taxable","12":"purchasable","13":"product-type-simple"},"_links":{"self":[{"href":"https:\/\/singuli.wpress.me\/index.php\/wp-json\/wp\/v2\/product\/41077","targetHints":{"allow":["GET"]}}],"collection":[{"href":"https:\/\/singuli.wpress.me\/index.php\/wp-json\/wp\/v2\/product"}],"about":[{"href":"https:\/\/singuli.wpress.me\/index.php\/wp-json\/wp\/v2\/types\/product"}],"version-history":[{"count":0,"href":"https:\/\/singuli.wpress.me\/index.php\/wp-json\/wp\/v2\/product\/41077\/revisions"}],"wp:attachment":[{"href":"https:\/\/singuli.wpress.me\/index.php\/wp-json\/wp\/v2\/media?parent=41077"}],"wp:term":[{"taxonomy":"product_brand","embeddable":true,"href":"https:\/\/singuli.wpress.me\/index.php\/wp-json\/wp\/v2\/product_brand?post=41077"},{"taxonomy":"product_cat","embeddable":true,"href":"https:\/\/singuli.wpress.me\/index.php\/wp-json\/wp\/v2\/product_cat?post=41077"},{"taxonomy":"product_tag","embeddable":true,"href":"https:\/\/singuli.wpress.me\/index.php\/wp-json\/wp\/v2\/product_tag?post=41077"}],"curies":[{"name":"wp","href":"https:\/\/api.w.org\/{rel}","templated":true}]}}