{"id":41084,"date":"2026-04-19T15:19:30","date_gmt":"2026-04-19T15:19:30","guid":{"rendered":"https:\/\/singuli.wpress.me\/index.php\/proizvod\/bison-montagekit-transparent-montazno-ljepilo-310-g\/"},"modified":"2026-04-21T00:27:06","modified_gmt":"2026-04-21T00:27:06","slug":"bison-montagekit-transparent-montazno-ljepilo-310-g","status":"publish","type":"product","link":"https:\/\/singuli.wpress.me\/index.php\/proizvod\/bison-montagekit-transparent-montazno-ljepilo-310-g\/","title":{"rendered":"BISON Montagekit Transparent monta\u017eno, ljepilo, 310\u00a0g"},"content":{"rendered":"<p>Prozirno, sna\u017eno, monta\u017eno ljepilo bez otapala.<\/p>\n<p>Idealno za spajanje svih vrsta (gra\u0111evinskih) materijala, kao \u0161to su drvo, kamen, beton, metal, brojni sinteti\u010dki materijali, gips i polistirenska pjena na (porozne) povr\u0161ine kao \u0161to su beton, kamen, gips, drvo i iverica. Vrlo pogodno za pri\u010dvr\u0161\u0107ivanje, npr. drvenog okvira, lajsni, pragova, prozorskih klup\u010dica, gra\u0111evinskih plo\u010da, obloga, letva, drvenih traka, kanala, plo\u010dica s imenom, ku\u0107nih brojeva, zidnih obloga, plo\u010da, pragova, kerami\u010dkih plo\u010dica, uti\u010dnica i razvodnih kutija. Tako\u0111er vrlo pogodan za ukrasne materijale, poput ukrasa i ukrasnih rubova od gipsa \/ polistirena \/ poliuretana, plo\u010dica s imenima, kukama za ovjes. Tako\u0111er izuzetno pogodan za povr\u0161insko lijepljenje.<\/p>\n<p>Nije prikladno za pri\u010dvr\u0161\u0107ivanje neporoznih materijala na neporozne podloge. Nije prikladno za polietilen (PE), polipropilen (PP), PTFE i bitumen, ogledala, prirodni kamen i za trajno vla\u017ena mjesta.<\/p>\n","protected":false},"excerpt":{"rendered":"<p>100% prozirno (nakon stvrdnjavanja)<br \/>\nLako se nanosi<br \/>\nMo\u017ee se korigirati<\/p>\n","protected":false},"featured_media":0,"template":"","meta":{"_seopress_robots_primary_cat":"","_seopress_titles_title":"","_seopress_titles_desc":"","_seopress_robots_index":"","iawp_total_views":0},"product_brand":[494],"product_cat":[264,238],"product_tag":[],"class_list":{"0":"post-41084","1":"product","2":"type-product","3":"status-publish","5":"product_brand-bison","6":"product_cat-ljepila-i-brtvila-238","7":"product_cat-sve-za-dom","9":"first","10":"instock","11":"shipping-taxable","12":"purchasable","13":"product-type-simple"},"_links":{"self":[{"href":"https:\/\/singuli.wpress.me\/index.php\/wp-json\/wp\/v2\/product\/41084","targetHints":{"allow":["GET"]}}],"collection":[{"href":"https:\/\/singuli.wpress.me\/index.php\/wp-json\/wp\/v2\/product"}],"about":[{"href":"https:\/\/singuli.wpress.me\/index.php\/wp-json\/wp\/v2\/types\/product"}],"version-history":[{"count":0,"href":"https:\/\/singuli.wpress.me\/index.php\/wp-json\/wp\/v2\/product\/41084\/revisions"}],"wp:attachment":[{"href":"https:\/\/singuli.wpress.me\/index.php\/wp-json\/wp\/v2\/media?parent=41084"}],"wp:term":[{"taxonomy":"product_brand","embeddable":true,"href":"https:\/\/singuli.wpress.me\/index.php\/wp-json\/wp\/v2\/product_brand?post=41084"},{"taxonomy":"product_cat","embeddable":true,"href":"https:\/\/singuli.wpress.me\/index.php\/wp-json\/wp\/v2\/product_cat?post=41084"},{"taxonomy":"product_tag","embeddable":true,"href":"https:\/\/singuli.wpress.me\/index.php\/wp-json\/wp\/v2\/product_tag?post=41084"}],"curies":[{"name":"wp","href":"https:\/\/api.w.org\/{rel}","templated":true}]}}