{"id":41113,"date":"2026-04-19T15:19:41","date_gmt":"2026-04-19T15:19:41","guid":{"rendered":"https:\/\/singuli.wpress.me\/index.php\/proizvod\/duck-magic-water-pine-osvjezivac-za-wc-skoljku-40-g\/"},"modified":"2026-04-20T12:33:35","modified_gmt":"2026-04-20T12:33:35","slug":"duck-magic-water-pine-osvjezivac-za-wc-skoljku-40-g","status":"publish","type":"product","link":"https:\/\/singuli.wpress.me\/index.php\/proizvod\/duck-magic-water-pine-osvjezivac-za-wc-skoljku-40-g\/","title":{"rendered":"DUCK Magic Water Pine, osvje\u017eiva\u010d za wc \u0161koljku, 40\u00a0g"},"content":{"rendered":"<p>Duck\u00ae WC osvje\u017eiva\u010d \u010disti sa svakim ispiranjem, stvara aktivnu pjenu te traje do 3 tjedna. <\/p>\n<p><span style=\"font-weight: bold\">Upute za uporabu:<\/span><br \/>\nPobrinite se da je WC \u0161koljka \u010dista.<br \/>\n1. Odmotajte kukicu i pri\u010dvrstite ko\u0161aricu uz rub WC \u0161koljke.<br \/>\n2. Pri\u010dvrstite ko\u0161aricu na mjesto gdje ju mlaz vode mo\u017ee aktivirati.<br \/>\n3. Uklonite proizvod kada je potpuno potro\u0161en.<\/p>\n","protected":false},"excerpt":{"rendered":"<p>\u010cisti sa svakim ispiranjem<br \/>\nStvara aktivnu pjenu<br \/>\nTraje do 3 tjedna<\/p>\n","protected":false},"featured_media":0,"template":"","meta":{"_seopress_robots_primary_cat":"","_seopress_titles_title":"","_seopress_titles_desc":"","_seopress_robots_index":"","iawp_total_views":0},"product_brand":[410],"product_cat":[284,238],"product_tag":[],"class_list":{"0":"post-41113","1":"product","2":"type-product","3":"status-publish","5":"product_brand-duck","6":"product_cat-sredstva-za-ciscenje-238","7":"product_cat-sve-za-dom","9":"first","10":"outofstock","11":"shipping-taxable","12":"purchasable","13":"product-type-simple"},"_links":{"self":[{"href":"https:\/\/singuli.wpress.me\/index.php\/wp-json\/wp\/v2\/product\/41113","targetHints":{"allow":["GET"]}}],"collection":[{"href":"https:\/\/singuli.wpress.me\/index.php\/wp-json\/wp\/v2\/product"}],"about":[{"href":"https:\/\/singuli.wpress.me\/index.php\/wp-json\/wp\/v2\/types\/product"}],"version-history":[{"count":0,"href":"https:\/\/singuli.wpress.me\/index.php\/wp-json\/wp\/v2\/product\/41113\/revisions"}],"wp:attachment":[{"href":"https:\/\/singuli.wpress.me\/index.php\/wp-json\/wp\/v2\/media?parent=41113"}],"wp:term":[{"taxonomy":"product_brand","embeddable":true,"href":"https:\/\/singuli.wpress.me\/index.php\/wp-json\/wp\/v2\/product_brand?post=41113"},{"taxonomy":"product_cat","embeddable":true,"href":"https:\/\/singuli.wpress.me\/index.php\/wp-json\/wp\/v2\/product_cat?post=41113"},{"taxonomy":"product_tag","embeddable":true,"href":"https:\/\/singuli.wpress.me\/index.php\/wp-json\/wp\/v2\/product_tag?post=41113"}],"curies":[{"name":"wp","href":"https:\/\/api.w.org\/{rel}","templated":true}]}}