{"id":41115,"date":"2026-04-19T15:19:41","date_gmt":"2026-04-19T15:19:41","guid":{"rendered":"https:\/\/singuli.wpress.me\/index.php\/proizvod\/tomy-igracka-pingvin\/"},"modified":"2026-04-20T12:33:35","modified_gmt":"2026-04-20T12:33:35","slug":"tomy-igracka-pingvin","status":"publish","type":"product","link":"https:\/\/singuli.wpress.me\/index.php\/proizvod\/tomy-igracka-pingvin\/","title":{"rendered":"TOMY, igra\u010dka, pingvin"},"content":{"rendered":"<p>Neka igra u kadi bude zabavnija s veselim pinvinom koji pjeva!<\/p>\n<p>Sa svojim velikim o\u010dima i \u017eutim kljunom, pravi je prijatelj za igru za vrijeme kupanja.<\/p>\n<p>Potopite veselog pingvina u vodu kako bi ga \u010duli kako pjeva, a vidjeti \u0107ete i kako pu\u0161e balon\u010di\u0107e!<\/p>\n<p>Za rad nisu potrebne baterije.<\/p>\n<p>Dob: 12 mjeseci +<\/p>\n","protected":false},"excerpt":{"rendered":"<p>Zabavna igra za kadu i kupanje<br \/>\nZa rad nisu potrebne baterije<br \/>\nDob: 12 mjeseci+<\/p>\n","protected":false},"featured_media":0,"template":"","meta":{"_seopress_robots_primary_cat":"","_seopress_titles_title":"","_seopress_titles_desc":"","_seopress_robots_index":"","iawp_total_views":0},"product_brand":[487],"product_cat":[221,291],"product_tag":[],"class_list":{"0":"post-41115","1":"product","2":"type-product","3":"status-publish","5":"product_brand-tomy","6":"product_cat-igracke","7":"product_cat-igracke-za-djecu-221","9":"first","10":"outofstock","11":"shipping-taxable","12":"purchasable","13":"product-type-simple"},"_links":{"self":[{"href":"https:\/\/singuli.wpress.me\/index.php\/wp-json\/wp\/v2\/product\/41115","targetHints":{"allow":["GET"]}}],"collection":[{"href":"https:\/\/singuli.wpress.me\/index.php\/wp-json\/wp\/v2\/product"}],"about":[{"href":"https:\/\/singuli.wpress.me\/index.php\/wp-json\/wp\/v2\/types\/product"}],"version-history":[{"count":0,"href":"https:\/\/singuli.wpress.me\/index.php\/wp-json\/wp\/v2\/product\/41115\/revisions"}],"wp:attachment":[{"href":"https:\/\/singuli.wpress.me\/index.php\/wp-json\/wp\/v2\/media?parent=41115"}],"wp:term":[{"taxonomy":"product_brand","embeddable":true,"href":"https:\/\/singuli.wpress.me\/index.php\/wp-json\/wp\/v2\/product_brand?post=41115"},{"taxonomy":"product_cat","embeddable":true,"href":"https:\/\/singuli.wpress.me\/index.php\/wp-json\/wp\/v2\/product_cat?post=41115"},{"taxonomy":"product_tag","embeddable":true,"href":"https:\/\/singuli.wpress.me\/index.php\/wp-json\/wp\/v2\/product_tag?post=41115"}],"curies":[{"name":"wp","href":"https:\/\/api.w.org\/{rel}","templated":true}]}}