{"id":41154,"date":"2026-04-19T15:19:58","date_gmt":"2026-04-19T15:19:58","guid":{"rendered":"https:\/\/singuli.wpress.me\/index.php\/proizvod\/mr-proper-professional-gel-za-ciscenje-wc-skoljke-i-pisoara-12x750ml\/"},"modified":"2026-04-20T12:33:35","modified_gmt":"2026-04-20T12:33:35","slug":"mr-proper-professional-gel-za-ciscenje-wc-skoljke-i-pisoara-12x750ml","status":"publish","type":"product","link":"https:\/\/singuli.wpress.me\/index.php\/proizvod\/mr-proper-professional-gel-za-ciscenje-wc-skoljke-i-pisoara-12x750ml\/","title":{"rendered":"MR. PROPER PROFESSIONAL, gel za \u010di\u0161\u0107enje wc \u0161koljke i pisoara, 12x750ml"},"content":{"rendered":"<p>Higijenski gel za \u010di\u0161\u0107enje WC \u0161koljki i pisoara.<\/p>\n<p>Ima 4 efekta: donosi dugotrajan sjaj, ostavlja svje\u017e miris, pru\u017ea higijensko \u010di\u0161\u0107enje i poma\u017ee ukloniti kamenac.<\/p>\n<p>Za tvrdokorne mrlje ostaviti da djeluje do 15 minuta, a onda isprati.<\/p>\n","protected":false},"excerpt":{"rendered":"<p>Donosi dugotrajan sjaj<br \/>\nOstavlja svje\u017e miris<br \/>\nPru\u017ea higijensko \u010di\u0161\u0107enje<\/p>\n","protected":false},"featured_media":0,"template":"","meta":{"_seopress_robots_primary_cat":"","_seopress_titles_title":"","_seopress_titles_desc":"","_seopress_robots_index":"","iawp_total_views":0},"product_brand":[468],"product_cat":[284,238],"product_tag":[],"class_list":{"0":"post-41154","1":"product","2":"type-product","3":"status-publish","5":"product_brand-mr-proper-professional","6":"product_cat-sredstva-za-ciscenje-238","7":"product_cat-sve-za-dom","9":"first","10":"instock","11":"shipping-taxable","12":"purchasable","13":"product-type-simple"},"_links":{"self":[{"href":"https:\/\/singuli.wpress.me\/index.php\/wp-json\/wp\/v2\/product\/41154","targetHints":{"allow":["GET"]}}],"collection":[{"href":"https:\/\/singuli.wpress.me\/index.php\/wp-json\/wp\/v2\/product"}],"about":[{"href":"https:\/\/singuli.wpress.me\/index.php\/wp-json\/wp\/v2\/types\/product"}],"version-history":[{"count":0,"href":"https:\/\/singuli.wpress.me\/index.php\/wp-json\/wp\/v2\/product\/41154\/revisions"}],"wp:attachment":[{"href":"https:\/\/singuli.wpress.me\/index.php\/wp-json\/wp\/v2\/media?parent=41154"}],"wp:term":[{"taxonomy":"product_brand","embeddable":true,"href":"https:\/\/singuli.wpress.me\/index.php\/wp-json\/wp\/v2\/product_brand?post=41154"},{"taxonomy":"product_cat","embeddable":true,"href":"https:\/\/singuli.wpress.me\/index.php\/wp-json\/wp\/v2\/product_cat?post=41154"},{"taxonomy":"product_tag","embeddable":true,"href":"https:\/\/singuli.wpress.me\/index.php\/wp-json\/wp\/v2\/product_tag?post=41154"}],"curies":[{"name":"wp","href":"https:\/\/api.w.org\/{rel}","templated":true}]}}